{"id":19,"date":"2016-04-18T10:47:44","date_gmt":"2016-04-18T08:47:44","guid":{"rendered":"http:\/\/lab.zpirit.no\/sk-arsmelding\/?page_id=19"},"modified":"2016-04-18T10:47:44","modified_gmt":"2016-04-18T08:47:44","slug":"utvikling-tal-arsverk-tal-tilsette","status":"publish","type":"page","link":"https:\/\/sk-dokument.no\/arsmelding-2015\/?page_id=19","title":{"rendered":"Utvikling tal \u00e5rsverk\/ tal tilsette"},"content":{"rendered":"<table>\n<thead>\n<tr>\n<th>\u00c5r<\/th>\n<th>2015<\/th>\n<th>2014<\/th>\n<th>2013<\/th>\n<th>2012<\/th>\n<th>2011<\/th>\n<th>2010<\/th>\n<th>2009<\/th>\n<th>2008<\/th>\n<\/tr>\n<\/thead>\n<tbody>\n<tr>\n<td>\u00c5rsverk<\/td>\n<td style=\"text-align: right\">938<\/td>\n<td style=\"text-align: right\">923<\/td>\n<td style=\"text-align: right\">925<\/td>\n<td style=\"text-align: right\">912<\/td>\n<td style=\"text-align: right\">947<\/td>\n<td style=\"text-align: right\">940<\/td>\n<td style=\"text-align: right\">952<\/td>\n<td style=\"text-align: right\">971<\/td>\n<\/tr>\n<tr>\n<td>Tilsette<\/td>\n<td style=\"text-align: right\">1240<\/td>\n<td style=\"text-align: right\">1203<\/td>\n<td style=\"text-align: right\">1227<\/td>\n<td style=\"text-align: right\">1231<\/td>\n<td style=\"text-align: right\">1302<\/td>\n<td style=\"text-align: right\">1318<\/td>\n<td style=\"text-align: right\">1307<\/td>\n<td style=\"text-align: right\">1304<\/td>\n<\/tr>\n<\/tbody>\n<\/table>\n<p>Stord kommune hadde ved utgangen av \u00e5ret 938 faste \u00e5rsverk fordelt p\u00e5 totalt 1240 tilsette. Her er ikkje stillingar i Interkommunalt innkj\u00f8p og kommunale f\u00f8retak medrekna. B\u00e5de tal \u00e5rsverk og tal tilsette har auka i l\u00f8pet av 2015.<\/p>\n<p>Heimebaserte tenester har i 2015 oppretta ny avdeling for vikarpool og soleis auka eininga med \u00e5tte \u00e5rsverk. Veg, trafikk og parkering vart overf\u00f8rt til basisorganisasjonen januar 2015 med sine fem \u00e5rsverk. Dette er i hovudsak \u00e5rsaka til auken. Tal \u00e5rsverk har elles vert jamt over stabile.<\/p>\n<p>Ogs\u00e5 i 2015 har den partsamansette stillingsgruppa vore aktiv. Stillingsgruppa vurderer alle stillingar som vert ledige i h\u00f8ve \u00e5 trekkja dei inn, f\u00f8r dei eventuelt vert lyste ut for nytilsetjing. Stillingsgruppa har i 2015 ikkje hatt innsparing p\u00e5 nokon stillingar og dermed ikkje klart budsjettm\u00e5let som var p\u00e5 1,5 millionar kroner.<\/p>\n","protected":false},"excerpt":{"rendered":"<p>\u00c5r 2015 2014 2013 2012 2011 2010 2009 2008 \u00c5rsverk 938 923 925 912 947 940 952 971 Tilsette 1240 1203 1227 1231 1302 1318 1307 1304 Stord kommune hadde ved utgangen av \u00e5ret 938 faste \u00e5rsverk fordelt p\u00e5 totalt 1240 tilsette. Her er ikkje stillingar i Interkommunalt innkj\u00f8p og kommunale f\u00f8retak medrekna. B\u00e5de tal<\/p>\n","protected":false},"author":2,"featured_media":0,"parent":13,"menu_order":3,"comment_status":"closed","ping_status":"closed","template":"","meta":{"footnotes":""},"jetpack_sharing_enabled":true,"_links":{"self":[{"href":"https:\/\/sk-dokument.no\/arsmelding-2015\/index.php?rest_route=\/wp\/v2\/pages\/19"}],"collection":[{"href":"https:\/\/sk-dokument.no\/arsmelding-2015\/index.php?rest_route=\/wp\/v2\/pages"}],"about":[{"href":"https:\/\/sk-dokument.no\/arsmelding-2015\/index.php?rest_route=\/wp\/v2\/types\/page"}],"author":[{"embeddable":true,"href":"https:\/\/sk-dokument.no\/arsmelding-2015\/index.php?rest_route=\/wp\/v2\/users\/2"}],"replies":[{"embeddable":true,"href":"https:\/\/sk-dokument.no\/arsmelding-2015\/index.php?rest_route=%2Fwp%2Fv2%2Fcomments&post=19"}],"version-history":[{"count":0,"href":"https:\/\/sk-dokument.no\/arsmelding-2015\/index.php?rest_route=\/wp\/v2\/pages\/19\/revisions"}],"up":[{"embeddable":true,"href":"https:\/\/sk-dokument.no\/arsmelding-2015\/index.php?rest_route=\/wp\/v2\/pages\/13"}],"wp:attachment":[{"href":"https:\/\/sk-dokument.no\/arsmelding-2015\/index.php?rest_route=%2Fwp%2Fv2%2Fmedia&parent=19"}],"curies":[{"name":"wp","href":"https:\/\/api.w.org\/{rel}","templated":true}]}}