{"id":31,"date":"2016-04-18T10:49:22","date_gmt":"2016-04-18T08:49:22","guid":{"rendered":"http:\/\/lab.zpirit.no\/sk-arsmelding\/?page_id=31"},"modified":"2016-09-28T10:33:32","modified_gmt":"2016-09-28T08:33:32","slug":"beredskap-og-samfunnstryggleik","status":"publish","type":"page","link":"https:\/\/sk-dokument.no\/arsmelding-2015\/?page_id=31","title":{"rendered":"Beredskap og samfunnstryggleik"},"content":{"rendered":"<p>Kommunane skal vera i stand til \u00e5 halda oppe viktige samfunnsfunksjonar og ta vare p\u00e5 folk sine liv og grunnleggjande behov under ulike former for p\u00e5kjenning.\u00a0 Forskrift om kommunal beredskapsplikt krev heilskapleg og samordna arbeid for \u00e5 f\u00f8rebyggja kriser og redusera konsekvensar av svikt i viktige samfunnsfunksjonar. Det har vore fleire d\u00f8ger med sterk vind og mykje nedb\u00f8r med trong for\u00a0 internt\u00a0 samarbeid og samordna innsats med private akt\u00f8rar for \u00e5 redusera skadeverknader.<\/p>\n<p>Varslingssystem er sett i verk og kommunikasjon med beredskapsavdelinga hj\u00e5 Fylkesmannen fungerer greitt. Det har ikkje vore aksjonar som har kravd ressursar utover det som har vore mogeleg \u00e5 f\u00e5 tak i. Mangelfulle vaktordningar gjev uvisse i h\u00f8ve kven som er tilgjengelege ved hendingar. Kriseteamet for psykososial st\u00f8tte har vore aktivert fleire gonger, men det har ikkje vore trong for lengrevarande innsats. Den interkommunale legevakta har planar for styrking ved ei st\u00f8rre hending som krev ressursar utover det daglege. Nytt naudnett er teke i bruk med teknisk kvalitetsheving og auka dekningsgrad, men og auka kostnader for kommunen<\/p>\n","protected":false},"excerpt":{"rendered":"<p>Kommunane skal vera i stand til \u00e5 halda oppe viktige samfunnsfunksjonar og ta vare p\u00e5 folk sine liv og grunnleggjande behov under ulike former for p\u00e5kjenning.\u00a0 Forskrift om kommunal beredskapsplikt krev heilskapleg og samordna arbeid for \u00e5 f\u00f8rebyggja kriser og redusera konsekvensar av svikt i viktige samfunnsfunksjonar. Det har vore fleire d\u00f8ger med sterk vind<\/p>\n","protected":false},"author":2,"featured_media":0,"parent":13,"menu_order":9,"comment_status":"closed","ping_status":"closed","template":"","meta":{"footnotes":""},"jetpack_sharing_enabled":true,"_links":{"self":[{"href":"https:\/\/sk-dokument.no\/arsmelding-2015\/index.php?rest_route=\/wp\/v2\/pages\/31"}],"collection":[{"href":"https:\/\/sk-dokument.no\/arsmelding-2015\/index.php?rest_route=\/wp\/v2\/pages"}],"about":[{"href":"https:\/\/sk-dokument.no\/arsmelding-2015\/index.php?rest_route=\/wp\/v2\/types\/page"}],"author":[{"embeddable":true,"href":"https:\/\/sk-dokument.no\/arsmelding-2015\/index.php?rest_route=\/wp\/v2\/users\/2"}],"replies":[{"embeddable":true,"href":"https:\/\/sk-dokument.no\/arsmelding-2015\/index.php?rest_route=%2Fwp%2Fv2%2Fcomments&post=31"}],"version-history":[{"count":1,"href":"https:\/\/sk-dokument.no\/arsmelding-2015\/index.php?rest_route=\/wp\/v2\/pages\/31\/revisions"}],"predecessor-version":[{"id":603,"href":"https:\/\/sk-dokument.no\/arsmelding-2015\/index.php?rest_route=\/wp\/v2\/pages\/31\/revisions\/603"}],"up":[{"embeddable":true,"href":"https:\/\/sk-dokument.no\/arsmelding-2015\/index.php?rest_route=\/wp\/v2\/pages\/13"}],"wp:attachment":[{"href":"https:\/\/sk-dokument.no\/arsmelding-2015\/index.php?rest_route=%2Fwp%2Fv2%2Fmedia&parent=31"}],"curies":[{"name":"wp","href":"https:\/\/api.w.org\/{rel}","templated":true}]}}