{"id":47,"date":"2016-04-18T12:08:52","date_gmt":"2016-04-18T10:08:52","guid":{"rendered":"http:\/\/lab.zpirit.no\/sk-arsmelding\/?page_id=47"},"modified":"2016-04-18T12:08:52","modified_gmt":"2016-04-18T10:08:52","slug":"veg-trafikk-og-parkering","status":"publish","type":"page","link":"https:\/\/sk-dokument.no\/arsmelding-2015\/?page_id=47","title":{"rendered":"Veg, trafikk og parkering"},"content":{"rendered":"<p>VTP har i 2015 sysselsett sju personar, i alt 4,8 \u00e5rsverk.<\/p>\n<p>I tillegg til dei l\u00f8ypande drifts-, vedlikehald-, plan- og forvaltningsoppg\u00e5vene har VTP f\u00e5tt gjennomf\u00f8rt\/starta opp f\u00f8lgjande prosjekt i 2015.<\/p>\n<ul>\n<li>Trafikksikringsarbeid med oppgradering av Langelandsvegen<\/li>\n<li>Trafikksikringsarbeid med etablering av rundk\u00f8yring , Sagv\u00e5g skule<\/li>\n<li>Etablering av profilst\u00f8ypt vegrekkverk, K\u00e5reviksvingen<\/li>\n<li>Lyssetting del av Fjellgardsvegen \u2013 samarbeidsprosjekt med SKL AS<\/li>\n<li>Oppgradering av Grovavegen (asfaltering v\u00e5ren 2016) &#8211; samarbeidprosjekt med SKL AS<\/li>\n<li>Oppgradering av del av Nordsj\u00f8l\u00f8ypa, L\u00f8nningsdalen<\/li>\n<li>Vegljos (LED) langs Vikastemmo \u2013 samarbeidsprosjekt med SVA<\/li>\n<li>Ny parkeringsordning, Leirvik sentrum<\/li>\n<li>Oppgradering av gang\/ sykkelveg H\u00f8g\u00e5sen til Grunnav\u00e5g- samarbeidprosjekt med SKL AS<\/li>\n<\/ul>\n<p>Det er laga forstudierapport for ny alternativ tilkomstveg til Grunnav\u00e5g n\u00e6ringsomr\u00e5de, Sagv\u00e5g. Det er og gjennomf\u00f8rt inspeksjon av kommunale bruer m.v. Etter s\u00f8knad fr\u00e5 Stord kommune v\/ VTP har Statens vegvesen gjeve positivt tilsagn om 570\u00a0000 kroner til fortau\/sykkelveg langs K\u00e5revikvegen.<\/p>\n<p>Grunnen til at VTP har eit underforbruk p\u00e5 budsjettet for 2015 skuldast eit forseinka asfalteringsprogram.<\/p>\n","protected":false},"excerpt":{"rendered":"<p>VTP har i 2015 sysselsett sju personar, i alt 4,8 \u00e5rsverk. I tillegg til dei l\u00f8ypande drifts-, vedlikehald-, plan- og forvaltningsoppg\u00e5vene har VTP f\u00e5tt gjennomf\u00f8rt\/starta opp f\u00f8lgjande prosjekt i 2015. Trafikksikringsarbeid med oppgradering av Langelandsvegen Trafikksikringsarbeid med etablering av rundk\u00f8yring , Sagv\u00e5g skule Etablering av profilst\u00f8ypt vegrekkverk, K\u00e5reviksvingen Lyssetting del av Fjellgardsvegen \u2013 samarbeidsprosjekt med<\/p>\n","protected":false},"author":2,"featured_media":0,"parent":43,"menu_order":7,"comment_status":"closed","ping_status":"closed","template":"","meta":{"footnotes":""},"jetpack_sharing_enabled":true,"_links":{"self":[{"href":"https:\/\/sk-dokument.no\/arsmelding-2015\/index.php?rest_route=\/wp\/v2\/pages\/47"}],"collection":[{"href":"https:\/\/sk-dokument.no\/arsmelding-2015\/index.php?rest_route=\/wp\/v2\/pages"}],"about":[{"href":"https:\/\/sk-dokument.no\/arsmelding-2015\/index.php?rest_route=\/wp\/v2\/types\/page"}],"author":[{"embeddable":true,"href":"https:\/\/sk-dokument.no\/arsmelding-2015\/index.php?rest_route=\/wp\/v2\/users\/2"}],"replies":[{"embeddable":true,"href":"https:\/\/sk-dokument.no\/arsmelding-2015\/index.php?rest_route=%2Fwp%2Fv2%2Fcomments&post=47"}],"version-history":[{"count":0,"href":"https:\/\/sk-dokument.no\/arsmelding-2015\/index.php?rest_route=\/wp\/v2\/pages\/47\/revisions"}],"up":[{"embeddable":true,"href":"https:\/\/sk-dokument.no\/arsmelding-2015\/index.php?rest_route=\/wp\/v2\/pages\/43"}],"wp:attachment":[{"href":"https:\/\/sk-dokument.no\/arsmelding-2015\/index.php?rest_route=%2Fwp%2Fv2%2Fmedia&parent=47"}],"curies":[{"name":"wp","href":"https:\/\/api.w.org\/{rel}","templated":true}]}}