{"id":58,"date":"2016-04-18T12:08:27","date_gmt":"2016-04-18T10:08:27","guid":{"rendered":"http:\/\/lab.zpirit.no\/sk-arsmelding\/?page_id=58"},"modified":"2016-04-18T12:08:27","modified_gmt":"2016-04-18T10:08:27","slug":"plan-og-byggesaker","status":"publish","type":"page","link":"https:\/\/sk-dokument.no\/arsmelding-2015\/?page_id=58","title":{"rendered":"Plan og byggesaker"},"content":{"rendered":"<p>Aktiviteten innan plan, byggjesak og oppm\u00e5ling har jamt over vore h\u00f8gare i 2015 enn i 2014. S\u00e6rleg var det f\u00e5 private plansaker til handsaming i 2014 ved at berre \u00e9in privat reguleringsplan vart f\u00f8rt fram til vedtak i Kommunestyret. Dette har auka til seks planar i 2015, og det ser ut som at talet private plansaker framleis er p\u00e5 stigande. Det er ogs\u00e5 slik at talet p\u00e5 private planframlegg i strid med overordna kommuneplan er stigande. Dette aukar sakshandsamingstida p\u00e5 private planframlegg, og gjer at kostnaden ved utarbeiding av planar for private akt\u00f8rar vert auka. Det vert vurdert som sv\u00e6rt viktig \u00e5 kome godt i gang med revisjon av overordna kommuneplan i 2016.<\/p>\n<p>For oppm\u00e5lingsavdelinga har tilfanget av delingssaker og anna oppm\u00e5lingsarbeid framleis vore l\u00e5gt. Ekstra kapasitet ved avdelinga har blitt nytta til ajourhald av kartbasar og hjelp mot Stord kommunale eigedom KF og vegavdelinga ved opprydding i eldre avtalar og eigarstrukturar.<\/p>\n<p>Byggjesaksavdelinga har hatt moderat aktivitet. Nye byggjesaksreglar vart innf\u00f8rt f.o.m. 1. juli 2015, og avdelinga har hatt forholdsvis stor p\u00e5gang i h\u00f8ve rettleiing med omsyn til nytt regelverk.\u00a0 Byggjesaksavdelinga er fullt bemanna med god, kompletterande kompetanse. Nytt er at vi ogs\u00e5 har f\u00e5tt tilsett juridisk kompetanse. Dette er dels grunna stadig aukande tal klagesaker, noko som er ein trend i heile bransjen.<\/p>\n<p>Den gjennomsnittlege handsamingstida for alle typar saker er eit resultat av talet p\u00e5 saker, type saker, kvaliteten p\u00e5 s\u00f8knadene og sakshandsamingskapasiteten. Det er framleis mange s\u00f8knader med feil og manglar som dreg den gjennomsnittlege handsamingstida opp.<\/p>\n<p>Byggjesaksavdelinga tok i 2015 i mot totalt 287 nye s\u00f8knader (259 i 2014); det vart fatta vedtak p\u00e5 totalt 259 s\u00f8knader (326 i 2014), og det vart utferda mangelbrev\/ etterspurt tilleggsinformasjon i totalt 214 saker (106 saker i 2014). Delen av mangelfulle saker er sv\u00e6rt h\u00f8g, og har vore aukande.<\/p>\n<p>Sj\u00f8lvkostprinsippet gjeld for tenesteomr\u00e5det byggjesak og for dei delane av tenesteomr\u00e5da plan og oppm\u00e5ling som etter lova kan sj\u00f8lvkostfinansierast. F\u00f8religgjande tal viser at byggjesaksavdelinga ogs\u00e5 i 2015 gjekk med positivt overskot. Dette vert avsett til bunde sj\u00f8lvkostfond, og gjer at vi trass forventa bortfall av gebyrinntekter som fylgje av nye byggjesaksreglar f.o.m. 1\/7-2015 samt bortfall av lokal godkjenning av ansvarsrettar fr\u00e5 1\/1-16, har valt \u00e5 halde byggjesaksgebyra stabile. P\u00e5 oppm\u00e5ling og plan viser f\u00f8religgjande tal underskot for 2015. Desse omr\u00e5da viser det seg p\u00e5 landsbasis \u00e5 vere vanskelege \u00e5 dekke inn ved sj\u00f8lvkost, men vi arbeider kontinuerleg for \u00e5 finne rett gebyrniv\u00e5 og effektive tenester.<\/p>\n<p>Eininga har i 2015 hatt fokus p\u00e5 \u00e5 arbeide ut\/ oppdatere rutinar og prosedyrar for all sakshandsaming. Dette er no p\u00e5 plass i Compilo. I 2016 vil arbeidet fortsetje med \u00e5 oppdatere alle malar, vi vil utarbeide plan for tilsyn i samsvar med lovverket, og det vert starta arbeid med digitalisering av byggjesaksarkivet. Me vil ogs\u00e5 prioritere \u00e5 f\u00e5 betre rapporterings- og saksstyringssystem. Sakshandsamingssystemet ePhorte gir ikkje tilstrekkeleg grunnlagsrapportering for KOSTRA, slik at all kostrarapportering m\u00e5 gjerast gjennom manuell teljing. Dette er sv\u00e6rt tidkrevjande, og har mange feilkjelder. Tala gir i beste fall berre trendar. Sakshandsamingssystemet ePhorte gir oss heller ikkje tilstrekkeleg saksstyring. For betre rapporteringssystem og betre saksstyring m.o.t. tidsfristar og kontinuerleg sakshandsaming, vil dette bli prioritert for 2016.<\/p>\n<p>Eininga har hatt full bemanning og hatt lite sjukefr\u00e5ver i 2015.<\/p>\n","protected":false},"excerpt":{"rendered":"<p>Aktiviteten innan plan, byggjesak og oppm\u00e5ling har jamt over vore h\u00f8gare i 2015 enn i 2014. S\u00e6rleg var det f\u00e5 private plansaker til handsaming i 2014 ved at berre \u00e9in privat reguleringsplan vart f\u00f8rt fram til vedtak i Kommunestyret. Dette har auka til seks planar i 2015, og det ser ut som at talet private<\/p>\n","protected":false},"author":2,"featured_media":0,"parent":56,"menu_order":0,"comment_status":"closed","ping_status":"closed","template":"","meta":{"footnotes":""},"jetpack_sharing_enabled":true,"_links":{"self":[{"href":"https:\/\/sk-dokument.no\/arsmelding-2015\/index.php?rest_route=\/wp\/v2\/pages\/58"}],"collection":[{"href":"https:\/\/sk-dokument.no\/arsmelding-2015\/index.php?rest_route=\/wp\/v2\/pages"}],"about":[{"href":"https:\/\/sk-dokument.no\/arsmelding-2015\/index.php?rest_route=\/wp\/v2\/types\/page"}],"author":[{"embeddable":true,"href":"https:\/\/sk-dokument.no\/arsmelding-2015\/index.php?rest_route=\/wp\/v2\/users\/2"}],"replies":[{"embeddable":true,"href":"https:\/\/sk-dokument.no\/arsmelding-2015\/index.php?rest_route=%2Fwp%2Fv2%2Fcomments&post=58"}],"version-history":[{"count":0,"href":"https:\/\/sk-dokument.no\/arsmelding-2015\/index.php?rest_route=\/wp\/v2\/pages\/58\/revisions"}],"up":[{"embeddable":true,"href":"https:\/\/sk-dokument.no\/arsmelding-2015\/index.php?rest_route=\/wp\/v2\/pages\/56"}],"wp:attachment":[{"href":"https:\/\/sk-dokument.no\/arsmelding-2015\/index.php?rest_route=%2Fwp%2Fv2%2Fmedia&parent=58"}],"curies":[{"name":"wp","href":"https:\/\/api.w.org\/{rel}","templated":true}]}}