{"id":67,"date":"2016-04-18T12:08:39","date_gmt":"2016-04-18T10:08:39","guid":{"rendered":"http:\/\/lab.zpirit.no\/sk-arsmelding\/?page_id=67"},"modified":"2016-04-18T12:08:39","modified_gmt":"2016-04-18T10:08:39","slug":"skule-og-helsestasjonstenesta","status":"publish","type":"page","link":"https:\/\/sk-dokument.no\/arsmelding-2015\/?page_id=67","title":{"rendered":"Skule- og helsestasjonstenesta"},"content":{"rendered":"<p>Helsestasjons- og skulehelsetenesta skal ivareta eit heilskaplege, f\u00f8rebyggjande og helsefremjande arbeidet retta mot gravide, barn og unge i alderen 0-20 \u00e5r. Dette ved \u00e5 f\u00f8rebyggja sjukdom og skade, samt fremja god fysisk og psykisk helse. Stord kommune har i dag ein helsestasjon i kvar bydel,\u00a0skulehelseteneste knytt til alle dei ti grunnskulane, samt vidareg\u00e5ande skule, helseteneste til flyktningar, helsestasjon for ungdom (HFU), smittevern (tuberkulosearbeid og vaksinasjon av risikogrupper) og reisevaksinasjon\/reisemedisinsk r\u00e5dgjeving. I tenesta inng\u00e5r jordmorteneste og fysioterapiteneste til barn og ungdom.<\/p>\n<p>F\u00f8rebyggjande helsetenester har\u00a0 i 2015 hatt fokus p\u00e5 betre tverrfagleg innsats(BTI). Tenesta har, i samarbeid med Fitjar kommune, ei betydeleg satsing p\u00e5 oppl\u00e6ring og implementering av verkt\u00f8y for tidleg avdekking av vold, rus og psykiske vanskar hj\u00e5 gravide og sm\u00e5barnsm\u00f8dre (Tidleg Inn). Tverretatleg og tverrfagleg samarbeid st\u00e5r sentralt i implementering av Tidleg Inn, ettersom oppf\u00f8lging av s\u00e5rbare familiar krev heilskapleg og koordinert samhandling. Oppl\u00e6ringsprogrammet fortsett i 2016. F\u00f8rebyggjande helsetenester har i siste del av 2015 vore prega av auka mengd flyktningar i kommunen, med auka innsats i h\u00f8ve til behov hj\u00e5 ulike grupper av flyktningar, s\u00e6rleg familiar med born og einslege mindre\u00e5rige i mottak.<\/p>\n","protected":false},"excerpt":{"rendered":"<p>Helsestasjons- og skulehelsetenesta skal ivareta eit heilskaplege, f\u00f8rebyggjande og helsefremjande arbeidet retta mot gravide, barn og unge i alderen 0-20 \u00e5r. Dette ved \u00e5 f\u00f8rebyggja sjukdom og skade, samt fremja god fysisk og psykisk helse. Stord kommune har i dag ein helsestasjon i kvar bydel,\u00a0skulehelseteneste knytt til alle dei ti grunnskulane, samt vidareg\u00e5ande skule, helseteneste<\/p>\n","protected":false},"author":2,"featured_media":0,"parent":59,"menu_order":14,"comment_status":"closed","ping_status":"closed","template":"","meta":{"footnotes":""},"jetpack_sharing_enabled":true,"_links":{"self":[{"href":"https:\/\/sk-dokument.no\/arsmelding-2015\/index.php?rest_route=\/wp\/v2\/pages\/67"}],"collection":[{"href":"https:\/\/sk-dokument.no\/arsmelding-2015\/index.php?rest_route=\/wp\/v2\/pages"}],"about":[{"href":"https:\/\/sk-dokument.no\/arsmelding-2015\/index.php?rest_route=\/wp\/v2\/types\/page"}],"author":[{"embeddable":true,"href":"https:\/\/sk-dokument.no\/arsmelding-2015\/index.php?rest_route=\/wp\/v2\/users\/2"}],"replies":[{"embeddable":true,"href":"https:\/\/sk-dokument.no\/arsmelding-2015\/index.php?rest_route=%2Fwp%2Fv2%2Fcomments&post=67"}],"version-history":[{"count":0,"href":"https:\/\/sk-dokument.no\/arsmelding-2015\/index.php?rest_route=\/wp\/v2\/pages\/67\/revisions"}],"up":[{"embeddable":true,"href":"https:\/\/sk-dokument.no\/arsmelding-2015\/index.php?rest_route=\/wp\/v2\/pages\/59"}],"wp:attachment":[{"href":"https:\/\/sk-dokument.no\/arsmelding-2015\/index.php?rest_route=%2Fwp%2Fv2%2Fmedia&parent=67"}],"curies":[{"name":"wp","href":"https:\/\/api.w.org\/{rel}","templated":true}]}}