{"id":82,"date":"2016-04-18T12:08:27","date_gmt":"2016-04-18T10:08:27","guid":{"rendered":"http:\/\/lab.zpirit.no\/sk-arsmelding\/?page_id=82"},"modified":"2016-04-18T12:08:27","modified_gmt":"2016-04-18T10:08:27","slug":"reportasje-flyktningtenesta-flyktningane-trivst-veldig-bra-pa-stord","status":"publish","type":"page","link":"https:\/\/sk-dokument.no\/arsmelding-2015\/?page_id=82","title":{"rendered":"&#8211; Flyktningane trivst veldig bra p\u00e5 Stord"},"content":{"rendered":"<p><strong>NAV Stord s\u00f8rgjer for at alle brikkene kjem p\u00e5 plass slik at flyktningane som kjem til Stord kan skape seg eit liv og ei framtid. Det lukkast dei bra med, men oppmodar fleire verksemder til \u00e5 ta i mot praksisplassar.<\/strong><\/p>\n<figure id=\"attachment_527\" aria-describedby=\"caption-attachment-527\" style=\"width: 192px\" class=\"wp-caption alignright\"><img loading=\"lazy\" decoding=\"async\" class=\"wp-image-527\" src=\"http:\/\/sk-dokument.no\/arsmelding-2015\/wp-content\/uploads\/sites\/2\/2016\/04\/Tom-Haugan-small-crop-300x456.jpg\" alt=\"Tom Haugan\" width=\"192\" height=\"294\" \/><figcaption id=\"caption-attachment-527\" class=\"wp-caption-text\">Tom Haugan<\/figcaption><\/figure>\n<p>Den moderne historie til Stord er historia om eit samfunn som tek i mot folk utanfr\u00e5. Med gruvedrifta p\u00e5 Litlab\u00f8 og industrieventyret p\u00e5 Eld\u00f8yane har tusenvis av tilflyttarar, b\u00e5de fr\u00e5 andre stadar i Norge og fr\u00e5 utlandet, sl\u00e5tt seg ned p\u00e5 Stord i kortare og lengre periodar. H\u00f8gskulen p\u00e5 Rommetveit har ogs\u00e5 f\u00f8rt studentar fr\u00e5 fjern og n\u00e6r til Stord. P\u00e5 Heiane har det vore asylmottak i mange \u00e5r, og kommunen har i mange \u00e5r teke i mot eit jamt tal p\u00e5 flyktningar. Dette har f\u00f8rt til at Stord er blitt kjend for \u00e5 vera ein sv\u00e6rt internasjonal stad, der nasjonalitetar fr\u00e5 heile verda er representert.<\/p>\n<p>I l\u00f8pet av 2015 hald denne utviklinga fram, d\u00e5 nytt asylmottak for mindre\u00e5rige vart etablert p\u00e5 Litlab\u00f8 p\u00e5 Stord. Samtidig busette kommunen 37 flyktningar. Kommunen gjer ein stor innsats i arbeidet med \u00e5 integrera alle dei nye stordabuane. Det er den kommunale delen av NAV som driv flyktningtenesta i Stord kommune, og har snart 30 \u00e5rs erfaring med dette arbeidet. Dei har ansvar for \u00e5 busetja personar som har f\u00e5tt innvilga flyktningstatus, har opphald p\u00e5 humanit\u00e6rt grunnlag eller er definerte som overf\u00f8ringsflyktningar.<\/p>\n<p>&#8211; Det startar med at me finn hus, og s\u00e5 kontaktar me IMDi, og s\u00e5 finn dei folk som passar til den aktuelle bustaden. Deretter g\u00e5r det nokre veker medan me f\u00f8rebur hus og m\u00f8blement, fortel Tom Haugan som er leiar for Flyktningtenesta ved NAV Stord.<\/p>\n<p>&#8211; N\u00e5r flyktningane s\u00e5 kjem er det f\u00f8rste me gjer \u00e5 s\u00f8rgje for at dei f\u00e5r ein \u00f8konomi dei klarar seg med, gjennom sosialhjelp. S\u00e5 g\u00e5r dei over p\u00e5 eit to\u00e5rig introduksjonsprogram og introduksjonsl\u00f8n. Programmet omfattar norskkurs, spr\u00e5ktreningsplass og helsefremjande tiltak som til d\u00f8mes trening.<\/p>\n<p>Flyktningtenesta har seks tilsette, der alle jobbar med busetting. To har hovudansvaret for bustadsosialt arbeid og to har hovudansvar for Jobbsenteret \u2013 eit heilt nytt tiltak.<\/p>\n<p>&#8211; Form\u00e5let med Jobbsenteret er \u00e5 gi arbeidslivskunnskap som CV-skriving, \u00f8ving p\u00e5 jobbintervju og ting som handlar om \u00f8konomi. Det handlar om \u00e5 stake ut kursen s\u00e5 tidleg som mogleg, seier Haugan.<\/p>\n<p>Ein viktig del av Introduksjonsprogrammet er praksisplassar b\u00e5de for spr\u00e5ktrening og arbeidslivstrening. Her skulle NAV \u00f8nskt at det var meir varierte plassar \u00e5 f\u00e5 tak i.<\/p>\n<p>&#8211; Det g\u00e5r veldig greitt med praksis i sm\u00e5 verksemder, men det er verre i store verksemder som har eit s\u00e5 stort system der det er vanskeleg \u00e5 f\u00e5 innpass i. Me pr\u00f8ver heile tida \u00e5 opparbeide oss fleire, og me saknar fleire kommunale og varierte praksisplassar.<\/p>\n<p>Haugan fortel at dei er veldig interesserte i \u00e5 fleire spr\u00e5ktreningsplassar, der flyktningane ein eller to dagar i veka kan vere med i ei verksemd for \u00e5 observere og h\u00f8yre norsk spr\u00e5k. Dette har dei tidlegare hatt i barnehagar, sjukeheimsplassar og skular.<\/p>\n<p><em>&#8211; Korleis merkar flyktningane dei d\u00e5rlege tidene i arbeidslivet p\u00e5 Vestlandet?<\/em><\/p>\n<p>&#8211; Det er minst like krevjande for dei som for alle andre som s\u00f8kjer jobb. Det er ei utfordring av ein del av flyktningane slit med norskkunnskapar, som f\u00f8rer til at dei kjem bakarst eller lengst ned p\u00e5 lista. Men det positive er at mange \u00f8nskjer seg inn i helsearbeid. Og her kjem det til \u00e5 bli eit stort behov for arbeidskraft.<\/p>\n<p>Haugan fortel at han oppfattar Stord-samfunnet som ein veldig positiv stad \u00e5 koma til som flyktning.<\/p>\n<p>&#8211; Stord er ikkje veldig liten og ikkje veldig stor, men veldig oversikteleg. Ein del av dei som har flytta vekk fordi dei trudde livet var s\u00e5 mykje betre i til d\u00f8mes Oslo, dei kjem tilbake. Dei trivst mykje betre p\u00e5 Stord. Det har mellom anna med gode tilh\u00f8ve for barn og unge og gode fridtidsaktivitetar.<\/p>\n<p>&#8211; Det er nok lettare \u00e5 integrera seg i ein mellomstor kommune i Norge, trur Haugan.<\/p>\n<p>Stord tok i 2015 mot flyktningar fr\u00e5 Irak, Iran, Syria, Eritrea, Turkmenistan, Etiopia, Somalia og Nigeria. Den yngste var 1 \u00e5r, og den eldste 62 \u00e5r.<\/p>\n<p>No skal Stord busetja 60 ordin\u00e6re flyktningar kvart \u00e5r i perioden 2016 til 2018, i tillegg til familiesameiningar. Sj\u00f8lv om talet har g\u00e5tt opp har flyktningtenesta f\u00f8rebels ikkje behov for fleire private bustader. Grunna bustadsituasjonen p\u00e5 Stord kjem det flest familiar hit, fordi det er d\u00e5rleg tilgang p\u00e5 rimelege leilegheiter for einslege.<\/p>\n<p>&#8211; P\u00e5 Stord kjem det mange familiar og ikkje s\u00e5 mange einslege, fordi leilegheiter er veldig dyre her, men ogs\u00e5 at det er meir tilgang p\u00e5 familiebustadar. Men grunna den auka tilstr\u00f8yminga av einslege s\u00e5 er me klar for fleire bukollektiv.<\/p>\n<p>Flyktningtenesta p\u00e5 Stord har f\u00e5tt s\u00e5 mykje \u00e5 gjere at dei no lyser ut ein ekstra stilling. Haugan fortel om ein spennande arbeidskvardag med mykje variasjon.<\/p>\n<p>&#8211; Spennet i arbeidet v\u00e5rt g\u00e5r fr\u00e5 \u00e5 setje opp postkassar til flyktningane til \u00e5 st\u00e5 framf\u00f8re kommunestyret og informere politikarane, fortel Haugan.<\/p>\n","protected":false},"excerpt":{"rendered":"<p>NAV Stord s\u00f8rgjer for at alle brikkene kjem p\u00e5 plass slik at flyktningane som kjem til Stord kan skape seg eit liv og ei framtid. Det lukkast dei bra med, men oppmodar fleire verksemder til \u00e5 ta i mot praksisplassar. Den moderne historie til Stord er historia om eit samfunn som tek i mot folk<\/p>\n","protected":false},"author":2,"featured_media":0,"parent":77,"menu_order":5,"comment_status":"closed","ping_status":"closed","template":"","meta":{"footnotes":""},"jetpack_sharing_enabled":true,"_links":{"self":[{"href":"https:\/\/sk-dokument.no\/arsmelding-2015\/index.php?rest_route=\/wp\/v2\/pages\/82"}],"collection":[{"href":"https:\/\/sk-dokument.no\/arsmelding-2015\/index.php?rest_route=\/wp\/v2\/pages"}],"about":[{"href":"https:\/\/sk-dokument.no\/arsmelding-2015\/index.php?rest_route=\/wp\/v2\/types\/page"}],"author":[{"embeddable":true,"href":"https:\/\/sk-dokument.no\/arsmelding-2015\/index.php?rest_route=\/wp\/v2\/users\/2"}],"replies":[{"embeddable":true,"href":"https:\/\/sk-dokument.no\/arsmelding-2015\/index.php?rest_route=%2Fwp%2Fv2%2Fcomments&post=82"}],"version-history":[{"count":0,"href":"https:\/\/sk-dokument.no\/arsmelding-2015\/index.php?rest_route=\/wp\/v2\/pages\/82\/revisions"}],"up":[{"embeddable":true,"href":"https:\/\/sk-dokument.no\/arsmelding-2015\/index.php?rest_route=\/wp\/v2\/pages\/77"}],"wp:attachment":[{"href":"https:\/\/sk-dokument.no\/arsmelding-2015\/index.php?rest_route=%2Fwp%2Fv2%2Fmedia&parent=82"}],"curies":[{"name":"wp","href":"https:\/\/api.w.org\/{rel}","templated":true}]}}