{"id":86,"date":"2016-04-18T12:08:51","date_gmt":"2016-04-18T10:08:51","guid":{"rendered":"http:\/\/lab.zpirit.no\/sk-arsmelding\/?page_id=86"},"modified":"2016-09-28T10:33:51","modified_gmt":"2016-09-28T08:33:51","slug":"kommuneokonomien","status":"publish","type":"page","link":"https:\/\/sk-dokument.no\/arsmelding-2015\/?page_id=86","title":{"rendered":"KOMMUNE\u00d8KONOMIEN"},"content":{"rendered":"<p>\u00c5rsrekneskapen for Stord kommune vart i 2015 gjort opp med eit overskot p\u00e5 kroner 37,9 millionar.<\/p>\n<p>Stord kommunale eigedom gjekk med n\u00e6r 1,5 mill. kr i overskot, slik at samla overskot i konsernet er p\u00e5 39,4 millionar kroner.<\/p>\n","protected":false},"excerpt":{"rendered":"<p>\u00c5rsrekneskapen for Stord kommune vart i 2015 gjort opp med eit overskot p\u00e5 kroner 37,9 millionar. Stord kommunale eigedom gjekk med n\u00e6r 1,5 mill. kr i overskot, slik at samla overskot i konsernet er p\u00e5 39,4 millionar kroner.<\/p>\n","protected":false},"author":2,"featured_media":0,"parent":0,"menu_order":7,"comment_status":"closed","ping_status":"closed","template":"","meta":{"footnotes":""},"jetpack_sharing_enabled":true,"_links":{"self":[{"href":"https:\/\/sk-dokument.no\/arsmelding-2015\/index.php?rest_route=\/wp\/v2\/pages\/86"}],"collection":[{"href":"https:\/\/sk-dokument.no\/arsmelding-2015\/index.php?rest_route=\/wp\/v2\/pages"}],"about":[{"href":"https:\/\/sk-dokument.no\/arsmelding-2015\/index.php?rest_route=\/wp\/v2\/types\/page"}],"author":[{"embeddable":true,"href":"https:\/\/sk-dokument.no\/arsmelding-2015\/index.php?rest_route=\/wp\/v2\/users\/2"}],"replies":[{"embeddable":true,"href":"https:\/\/sk-dokument.no\/arsmelding-2015\/index.php?rest_route=%2Fwp%2Fv2%2Fcomments&post=86"}],"version-history":[{"count":1,"href":"https:\/\/sk-dokument.no\/arsmelding-2015\/index.php?rest_route=\/wp\/v2\/pages\/86\/revisions"}],"predecessor-version":[{"id":611,"href":"https:\/\/sk-dokument.no\/arsmelding-2015\/index.php?rest_route=\/wp\/v2\/pages\/86\/revisions\/611"}],"wp:attachment":[{"href":"https:\/\/sk-dokument.no\/arsmelding-2015\/index.php?rest_route=%2Fwp%2Fv2%2Fmedia&parent=86"}],"curies":[{"name":"wp","href":"https:\/\/api.w.org\/{rel}","templated":true}]}}