{"id":90,"date":"2016-04-18T12:08:51","date_gmt":"2016-04-18T10:08:51","guid":{"rendered":"http:\/\/lab.zpirit.no\/sk-arsmelding\/?page_id=90"},"modified":"2016-04-18T12:08:51","modified_gmt":"2016-04-18T10:08:51","slug":"frie-inntekter","status":"publish","type":"page","link":"https:\/\/sk-dokument.no\/arsmelding-2015\/?page_id=90","title":{"rendered":"Frie inntekter"},"content":{"rendered":"<p>Frie inntekter best\u00e5r av rammetilskot, skatteinntekter og andre ikkje-\u00f8yremerka statlege tilskot. Desse inntektene utgjer den viktigaste finansieringskjelda til kommunen. Den demografiske utviklinga og samansetninga har innverknad p\u00e5 niv\u00e5et p\u00e5 dei statlege overf\u00f8ringane. Rammetilskotet skal reflektera kostnadene med \u00e5 yta tenester til dei ulike aldersgruppene m.m.<\/p>\n<p>Stord kommune sitt skatteniv\u00e5 i 2015 var 98,0 prosent av landsgjennomsnittet. Dette var ein auke fr\u00e5 2014, d\u00e5 skatteniv\u00e5et i Stord kommune var 97,4 prosent av landsgjennomsnittet.\u00a0 I 2011 vart overf\u00f8ringar til private barnehagar innlemma i rammetilskotet, dette forklarer den store auken i rammetilskot i 2011. I 2012 vart samhandlingsreforma innf\u00f8rt, noko som forklarer auken i rammetilskot fr\u00e5 2011 til 2012.<\/p>\n<table>\n<thead>\n<tr>\n<th>Utviklinga i frie inntekter (1000 kr)<\/th>\n<th style=\"text-align: center\">2011<\/th>\n<th style=\"text-align: center\">2012<\/th>\n<th style=\"text-align: center\">2013<\/th>\n<th style=\"text-align: center\">2014<\/th>\n<th style=\"text-align: center\">2015<\/th>\n<\/tr>\n<\/thead>\n<tbody>\n<tr>\n<td>Frie inntekter eks momskompensasjon<\/td>\n<td style=\"text-align: right\">733 624<\/td>\n<td style=\"text-align: right\">796 311<\/td>\n<td style=\"text-align: right\">833 721<\/td>\n<td style=\"text-align: right\">861 229<\/td>\n<td style=\"text-align: right\">904 064<\/td>\n<\/tr>\n<tr>\n<td>&#8211; skatt<\/td>\n<td style=\"text-align: right\">419 143<\/td>\n<td style=\"text-align: right\">427 160<\/td>\n<td style=\"text-align: right\">442 092<\/td>\n<td style=\"text-align: right\">450 121<\/td>\n<td style=\"text-align: right\">484 244<\/td>\n<\/tr>\n<tr>\n<td>&#8211; rammetilskot<\/td>\n<td style=\"text-align: right\">314 521<\/td>\n<td style=\"text-align: right\">366 201<\/td>\n<td style=\"text-align: right\">391 629<\/td>\n<td style=\"text-align: right\">411 108<\/td>\n<td style=\"text-align: right\">419 820<\/td>\n<\/tr>\n<tr>\n<td>Frie inntekter pr. innbyggjar<\/td>\n<td style=\"text-align: right\">40 860<\/td>\n<td style=\"text-align: right\">43 685<\/td>\n<td style=\"text-align: right\">45 304<\/td>\n<td style=\"text-align: right\">46 092<\/td>\n<td style=\"text-align: right\">48 153<\/td>\n<\/tr>\n<tr>\n<td>Auke frie inntekter i prosent<\/td>\n<td style=\"text-align: right\">27,9<\/td>\n<td style=\"text-align: right\">6,9<\/td>\n<td style=\"text-align: right\">3,7<\/td>\n<td style=\"text-align: right\">1,7<\/td>\n<td style=\"text-align: right\">4,5<\/td>\n<\/tr>\n<tr>\n<td colspan=\"6\"><\/td>\n<\/tr>\n<tr>\n<td>Momskompensasjon<\/td>\n<td style=\"text-align: right\">14 097<\/td>\n<td style=\"text-align: right\">13 624<\/td>\n<td style=\"text-align: right\">16 345<\/td>\n<td style=\"text-align: right\">15 081<\/td>\n<td style=\"text-align: right\">22 755<\/td>\n<\/tr>\n<tr>\n<td>av dette investering<\/td>\n<td style=\"text-align: right\">1 587<\/td>\n<td style=\"text-align: right\">2 411<\/td>\n<td style=\"text-align: right\">3 144<\/td>\n<td style=\"text-align: right\">2 506<\/td>\n<td style=\"text-align: right\">5 495<\/td>\n<\/tr>\n<tr>\n<td>av dette drift<\/td>\n<td style=\"text-align: right\">12 506<\/td>\n<td style=\"text-align: right\">11 213<\/td>\n<td style=\"text-align: right\">13 201<\/td>\n<td style=\"text-align: right\">12 575<\/td>\n<td style=\"text-align: right\">17 260<\/td>\n<\/tr>\n<\/tbody>\n<\/table>\n<p>&nbsp;<\/p>\n<p>Dei frie inntektene til Stord kommune vart i 2015 kr. 7,9 millionar kroner h\u00f8gare enn budsjettert.<\/p>\n","protected":false},"excerpt":{"rendered":"<p>Frie inntekter best\u00e5r av rammetilskot, skatteinntekter og andre ikkje-\u00f8yremerka statlege tilskot. Desse inntektene utgjer den viktigaste finansieringskjelda til kommunen. Den demografiske utviklinga og samansetninga har innverknad p\u00e5 niv\u00e5et p\u00e5 dei statlege overf\u00f8ringane. Rammetilskotet skal reflektera kostnadene med \u00e5 yta tenester til dei ulike aldersgruppene m.m. Stord kommune sitt skatteniv\u00e5 i 2015 var 98,0 prosent av<\/p>\n","protected":false},"author":2,"featured_media":0,"parent":86,"menu_order":11,"comment_status":"closed","ping_status":"closed","template":"","meta":{"footnotes":""},"jetpack_sharing_enabled":true,"_links":{"self":[{"href":"https:\/\/sk-dokument.no\/arsmelding-2015\/index.php?rest_route=\/wp\/v2\/pages\/90"}],"collection":[{"href":"https:\/\/sk-dokument.no\/arsmelding-2015\/index.php?rest_route=\/wp\/v2\/pages"}],"about":[{"href":"https:\/\/sk-dokument.no\/arsmelding-2015\/index.php?rest_route=\/wp\/v2\/types\/page"}],"author":[{"embeddable":true,"href":"https:\/\/sk-dokument.no\/arsmelding-2015\/index.php?rest_route=\/wp\/v2\/users\/2"}],"replies":[{"embeddable":true,"href":"https:\/\/sk-dokument.no\/arsmelding-2015\/index.php?rest_route=%2Fwp%2Fv2%2Fcomments&post=90"}],"version-history":[{"count":0,"href":"https:\/\/sk-dokument.no\/arsmelding-2015\/index.php?rest_route=\/wp\/v2\/pages\/90\/revisions"}],"up":[{"embeddable":true,"href":"https:\/\/sk-dokument.no\/arsmelding-2015\/index.php?rest_route=\/wp\/v2\/pages\/86"}],"wp:attachment":[{"href":"https:\/\/sk-dokument.no\/arsmelding-2015\/index.php?rest_route=%2Fwp%2Fv2%2Fmedia&parent=90"}],"curies":[{"name":"wp","href":"https:\/\/api.w.org\/{rel}","templated":true}]}}