{"id":35,"date":"2016-04-18T10:49:56","date_gmt":"2016-04-18T08:49:56","guid":{"rendered":"http:\/\/lab.zpirit.no\/sk-arsmelding\/?page_id=35"},"modified":"2017-04-25T20:12:36","modified_gmt":"2017-04-25T18:12:36","slug":"interkommunalt-innkjopssamarbeid","status":"publish","type":"page","link":"https:\/\/sk-dokument.no\/arsmelding-2016\/?page_id=35","title":{"rendered":"2.12 Interkommunalt innkj\u00f8pssamarbeid"},"content":{"rendered":"<p>Stord kommune er vertskommune for Sunnhordland interkommunale innkj\u00f8psforum med kommunane B\u00f8mlo, Fitjar, Kvinnherad, Stord og Tysnes. Innkj\u00f8psforumet har etablert samarbeid om felles anbodskonkurransar om rammeavtalar og e-handel med Haugalandet, Hardanger, Voss kommune og Hordaland fylkeskommune.<\/p>\n<p>Kommunane er gjennom lov og forskrifter p\u00e5lagt \u00e5 gjennomf\u00f8re alle anskaffingar av varer, tenester, bygg og anlegg etter konkurranse. Innkj\u00f8psprosessane er tid- og arbeidskrevjande, men fremmer meir effektiv bruk av kommunen sine ressursar gjennom betre prisar og vilk\u00e5r. Innkj\u00f8pssamarbeidet administrerer rundt 80 rammeavtalar med ulike leverand\u00f8rar, til ein samla verdi p\u00e5 ca. 1 milliard kr.<\/p>\n<p>Det m\u00e5lbevisste arbeidet med vidareutvikling av elektronisk handel har halde fram i 2016. Fleire av innkj\u00f8psavtalane byggjer no p\u00e5 e-handel.\u00a0Kommunane har og teke i bruk\u00a0verkt\u00f8y for \u00e5 digitalisera\u00a0anbodsprosessar p\u00e5 nybygg og anlegg. Fagsystemet sikrar dokumentasjon av alle aktivitetar og hendingar i konkurransegjennomf\u00f8ring fr\u00e5 kunngjering til kontrakt.<\/p>\n<p>Bruk av dei elektroniske verkt\u00f8ya er arbeidssparande og bidreg til \u00e5 kvalitetssikre prosessane p\u00e5 kommunale innkj\u00f8p. Ved alle utlysingar vert det no sett krav om at det skal etablerast elektronisk handel via e-handelsportalen og at elektronisk faktura skal nyttast.<\/p>\n","protected":false},"excerpt":{"rendered":"<p>Stord kommune er vertskommune for Sunnhordland interkommunale innkj\u00f8psforum med kommunane B\u00f8mlo, Fitjar, Kvinnherad, Stord og Tysnes. Innkj\u00f8psforumet har etablert samarbeid om felles anbodskonkurransar om rammeavtalar og e-handel med Haugalandet, Hardanger, Voss kommune og Hordaland fylkeskommune. Kommunane er gjennom lov og forskrifter p\u00e5lagt \u00e5 gjennomf\u00f8re alle anskaffingar av varer, tenester, bygg og anlegg etter konkurranse. Innkj\u00f8psprosessane<\/p>\n","protected":false},"author":2,"featured_media":0,"parent":13,"menu_order":12,"comment_status":"closed","ping_status":"closed","template":"","meta":{"footnotes":""},"jetpack_sharing_enabled":true,"_links":{"self":[{"href":"https:\/\/sk-dokument.no\/arsmelding-2016\/index.php?rest_route=\/wp\/v2\/pages\/35"}],"collection":[{"href":"https:\/\/sk-dokument.no\/arsmelding-2016\/index.php?rest_route=\/wp\/v2\/pages"}],"about":[{"href":"https:\/\/sk-dokument.no\/arsmelding-2016\/index.php?rest_route=\/wp\/v2\/types\/page"}],"author":[{"embeddable":true,"href":"https:\/\/sk-dokument.no\/arsmelding-2016\/index.php?rest_route=\/wp\/v2\/users\/2"}],"replies":[{"embeddable":true,"href":"https:\/\/sk-dokument.no\/arsmelding-2016\/index.php?rest_route=%2Fwp%2Fv2%2Fcomments&post=35"}],"version-history":[{"count":4,"href":"https:\/\/sk-dokument.no\/arsmelding-2016\/index.php?rest_route=\/wp\/v2\/pages\/35\/revisions"}],"predecessor-version":[{"id":1139,"href":"https:\/\/sk-dokument.no\/arsmelding-2016\/index.php?rest_route=\/wp\/v2\/pages\/35\/revisions\/1139"}],"up":[{"embeddable":true,"href":"https:\/\/sk-dokument.no\/arsmelding-2016\/index.php?rest_route=\/wp\/v2\/pages\/13"}],"wp:attachment":[{"href":"https:\/\/sk-dokument.no\/arsmelding-2016\/index.php?rest_route=%2Fwp%2Fv2%2Fmedia&parent=35"}],"curies":[{"name":"wp","href":"https:\/\/api.w.org\/{rel}","templated":true}]}}