{"id":44,"date":"2016-04-18T12:08:52","date_gmt":"2016-04-18T10:08:52","guid":{"rendered":"http:\/\/lab.zpirit.no\/sk-arsmelding\/?page_id=44"},"modified":"2017-05-03T09:42:05","modified_gmt":"2017-05-03T07:42:05","slug":"naeringsarbeid","status":"publish","type":"page","link":"https:\/\/sk-dokument.no\/arsmelding-2016\/?page_id=44","title":{"rendered":"3.2 N\u00e6ringsarbeid"},"content":{"rendered":"<figure id=\"attachment_1297\" aria-describedby=\"caption-attachment-1297\" style=\"width: 1000px\" class=\"wp-caption alignnone\"><img loading=\"lazy\" decoding=\"async\" class=\"wp-image-1297 size-full\" src=\"http:\/\/sk-dokument.no\/arsmelding-2016\/wp-content\/uploads\/sites\/8\/2016\/04\/Stordfjellet-i-t\u00e5ke.jpg\" alt=\"\" width=\"1000\" height=\"543\" srcset=\"https:\/\/sk-dokument.no\/arsmelding-2016\/wp-content\/uploads\/sites\/8\/2016\/04\/Stordfjellet-i-t\u00e5ke.jpg 1000w, https:\/\/sk-dokument.no\/arsmelding-2016\/wp-content\/uploads\/sites\/8\/2016\/04\/Stordfjellet-i-t\u00e5ke-300x163.jpg 300w, https:\/\/sk-dokument.no\/arsmelding-2016\/wp-content\/uploads\/sites\/8\/2016\/04\/Stordfjellet-i-t\u00e5ke-700x380.jpg 700w\" sizes=\"(max-width: 1000px) 100vw, 1000px\" \/><figcaption id=\"caption-attachment-1297\" class=\"wp-caption-text\">Stordfjellet i t\u00e5ke. Foto: Silje Lauksund<\/figcaption><\/figure>\n<p>Stord kommune la p\u00e5 slutten av 2013 f\u00f8rstelinetenesta for n\u00e6ringsetablerarar ut p\u00e5 anbod. Det vart inng\u00e5tt avtale med Samarbeidsr\u00e5det for Sunnhordland og Atheno AS, men Samarbeidsr\u00e5det sa i mai 2016 fr\u00e5 seg sin avtale. Atheno AS ytte tenester til 84 etablerarar i 2016 (mot totalt 38 \u00e5ret f\u00f8r). Det vart til saman nytta 318\u00a0000 kroner p\u00e5 tenesta.<\/p>\n<p>Stord kommune deltek i det nasjonale inkubatorprogrammet gjennom Atheno AS. Inkubatorbedriftene f\u00e5r mellom anna tilgang til kontorfasilitetar til ein lav kostnad og vert del av Atheno sitt fagmilj\u00f8. Kommunen ytte 150\u00a0000 kroner til inkubatoren i 2016.<\/p>\n<p>2016 vart eit utfordrande \u00e5r for n\u00e6ringslivet i regionen. Atheno gjennomf\u00f8rte ulike prosjekt retta mot arbeidss\u00f8kjarar og i bedrifter som arbeidde med nedbemanning og omstilling. Det vart fr\u00e5 Hordaland Fylkeskommune gjeve tilskot p\u00e5 750\u00a0000 kroner til dette arbeidet.<\/p>\n<p>Komit\u00e9 for n\u00e6ring, milj\u00f8 og kultur gav i 2016 tilskot til mellom anna \u00abSunnhordlandsdiagonalen\u00bb (kr. 20\u00a0000) og ekstral\u00f8yving til \u00abTour des fjords\u00bb (kr 30\u00a0000).<\/p>\n<p>Stord kommune har hatt turistinformasjonsteneste i r\u00e5dhuset og i kulturhuset. Ein opplever at dette langt p\u00e5 veg dekker etterspurnaden etter slike tenester og legg opp til \u00e5 vidaref\u00f8ra ordninga. Marknadsf\u00f8ringa av Stord og Sunnhordland skjer i hovudsak gjennom <a href=\"http:\/\/www.visitsunnhordland.no\/\">www.visitsunnhordland.no<\/a>. Dette skjer i stor grad gjennom digitale medium som nettside, Facebook og Instagram. I tillegg vert det annonsert i relevante medium som Fjord Norge, og arrangert visningsturar for presse og gjennom trykte publikasjonar. Dei fleste reiselivsbedriftene i Stord har partnarskapsavtale med visitSunnhordland. Det er i 2016 arbeidd med ny merkevarestrategi for Sunnhordland. Stord kommune ytte 225\u00a0300 kroner til Samarbeidsr\u00e5det si reiselivssatsing i 2016.<\/p>\n<p>N\u00e6ringsutvikling er elles ei prioritert oppg\u00e5ve i Samarbeidsr\u00e5det for Sunnhordland, sj\u00e5 under. Gjennom partnarskapsavtale med Hordaland fylkeskommune har Samarbeidsr\u00e5det forplikta seg til \u00e5 arbeida for det regionale utviklingsarbeidet. Ein viktig del av arbeidet er \u00e5 stimulera til n\u00e6ringssutviklingsarbeid p\u00e5 tvers av kommunegrensenene for \u00e5 utnytta regionen sitt samla vekstpotensiale. Stord kommune er ogs\u00e5 medlem i Stord n\u00e6ringsr\u00e5d og Hordaland olje og gass.<\/p>\n","protected":false},"excerpt":{"rendered":"<p>Stord kommune la p\u00e5 slutten av 2013 f\u00f8rstelinetenesta for n\u00e6ringsetablerarar ut p\u00e5 anbod. Det vart inng\u00e5tt avtale med Samarbeidsr\u00e5det for Sunnhordland og Atheno AS, men Samarbeidsr\u00e5det sa i mai 2016 fr\u00e5 seg sin avtale. Atheno AS ytte tenester til 84 etablerarar i 2016 (mot totalt 38 \u00e5ret f\u00f8r). Det vart til saman nytta 318\u00a0000 kroner<\/p>\n","protected":false},"author":2,"featured_media":0,"parent":43,"menu_order":2,"comment_status":"closed","ping_status":"closed","template":"","meta":{"footnotes":""},"jetpack_sharing_enabled":true,"_links":{"self":[{"href":"https:\/\/sk-dokument.no\/arsmelding-2016\/index.php?rest_route=\/wp\/v2\/pages\/44"}],"collection":[{"href":"https:\/\/sk-dokument.no\/arsmelding-2016\/index.php?rest_route=\/wp\/v2\/pages"}],"about":[{"href":"https:\/\/sk-dokument.no\/arsmelding-2016\/index.php?rest_route=\/wp\/v2\/types\/page"}],"author":[{"embeddable":true,"href":"https:\/\/sk-dokument.no\/arsmelding-2016\/index.php?rest_route=\/wp\/v2\/users\/2"}],"replies":[{"embeddable":true,"href":"https:\/\/sk-dokument.no\/arsmelding-2016\/index.php?rest_route=%2Fwp%2Fv2%2Fcomments&post=44"}],"version-history":[{"count":4,"href":"https:\/\/sk-dokument.no\/arsmelding-2016\/index.php?rest_route=\/wp\/v2\/pages\/44\/revisions"}],"predecessor-version":[{"id":1298,"href":"https:\/\/sk-dokument.no\/arsmelding-2016\/index.php?rest_route=\/wp\/v2\/pages\/44\/revisions\/1298"}],"up":[{"embeddable":true,"href":"https:\/\/sk-dokument.no\/arsmelding-2016\/index.php?rest_route=\/wp\/v2\/pages\/43"}],"wp:attachment":[{"href":"https:\/\/sk-dokument.no\/arsmelding-2016\/index.php?rest_route=%2Fwp%2Fv2%2Fmedia&parent=44"}],"curies":[{"name":"wp","href":"https:\/\/api.w.org\/{rel}","templated":true}]}}