{"id":46,"date":"2016-04-18T12:08:52","date_gmt":"2016-04-18T10:08:52","guid":{"rendered":"http:\/\/lab.zpirit.no\/sk-arsmelding\/?page_id=46"},"modified":"2017-05-04T15:01:38","modified_gmt":"2017-05-04T13:01:38","slug":"landbruk-og-miljo","status":"publish","type":"page","link":"https:\/\/sk-dokument.no\/arsmelding-2016\/?page_id=46","title":{"rendered":"3.6 Landbruk og milj\u00f8"},"content":{"rendered":"<figure id=\"attachment_965\" aria-describedby=\"caption-attachment-965\" style=\"width: 1920px\" class=\"wp-caption alignnone\"><img loading=\"lazy\" decoding=\"async\" class=\"wp-image-965 size-full\" src=\"http:\/\/sk-dokument.no\/arsmelding-2016\/wp-content\/uploads\/sites\/8\/2016\/04\/Foto-Astrid-Larsen-EDIT.jpg\" alt=\"\" width=\"1920\" height=\"1280\" srcset=\"https:\/\/sk-dokument.no\/arsmelding-2016\/wp-content\/uploads\/sites\/8\/2016\/04\/Foto-Astrid-Larsen-EDIT.jpg 1920w, https:\/\/sk-dokument.no\/arsmelding-2016\/wp-content\/uploads\/sites\/8\/2016\/04\/Foto-Astrid-Larsen-EDIT-300x200.jpg 300w, https:\/\/sk-dokument.no\/arsmelding-2016\/wp-content\/uploads\/sites\/8\/2016\/04\/Foto-Astrid-Larsen-EDIT-1280x853.jpg 1280w, https:\/\/sk-dokument.no\/arsmelding-2016\/wp-content\/uploads\/sites\/8\/2016\/04\/Foto-Astrid-Larsen-EDIT-700x467.jpg 700w\" sizes=\"(max-width: 1920px) 100vw, 1920px\" \/><figcaption id=\"caption-attachment-965\" class=\"wp-caption-text\">Foto: Astrid Larsen<\/figcaption><\/figure>\n<p>Stord Fitjar landbruks- og milj\u00f8kontor utf\u00f8rer oppg\u00e5ver innanfor landbruk, natur-, milj\u00f8-, areal- og viltforvalting og havbruk.\u00a0 Kontoret har fem tilsette fordelt p\u00e5 4,2 \u00e5rsverk. Prosjektleiarfunksjonen for Vassomr\u00e5de Sunnhordland og andre prosjekt vert utf\u00f8rte innanfor denne ramma. Kontoret leverte ogs\u00e5 dette \u00e5ret skogkompetanse til Austevoll.\u00a0 Fr\u00e5 mai overtok ein sekretariatfunksjonen for viltforvaltinga, og fr\u00e5 oktober oppg\u00e5ver innan tradisjonell landbruksforvalting.\u00a0 Det er intensjonen \u00e5 inng\u00e5 ein meir formalisert avtale om samarbeid med Austevoll kommune.<\/p>\n<p>Arbeidet med revisjon av landbruksplanen for Stord og Fitjar kom i gang i meldings\u00e5ret. Det vert lagt opp til at planen vert vedteken i 2017.<\/p>\n<p>Det vart teke i bruk to nybygg for mj\u00f8lkeproduksjon p\u00e5 Huglo. Her er dei f\u00f8rste mj\u00f8lkerobotane i Stord komne i drift, og satsinga inneber ein auke i produksjonskapasiteten. Samla kvote i kommunen er no 1,1 millionar liter. Tal produsentar er stabilt i h\u00f8ve til \u00e5ret f\u00f8r.<\/p>\n<p>Sauehald og kj\u00f8tproduksjon av storfe held seg ogs\u00e5 godt oppe. Dette er viktig for \u00e5 utnytte beiteressursane og for \u00e5 halda kulturlandskapet i hevd.<\/p>\n<p>Utbetalte produksjonstilskot til jordbruk i 2016 var 7\u00a0586\u00a0064 kroner fordelt p\u00e5 67 s\u00f8knader (inkludert to samdrifter). I 2016 fekk Stord kommune l\u00f8yvd 160 000 kroner i S\u00e6rskilte Milj\u00f8tilskot i Landbruket fr\u00e5 Fylkesmannen i Hordaland. Det vart til saman l\u00f8yvd 114\u00a0250 kroner til fire f\u00f8retak. Det kom inn fem s\u00f8knader. Ei l\u00f8yving gjekk til fellestiltak, dei andre gjeld verneverdig bygg og kulturlandskap. Det vart utbetalt 134\u00a0116 kroner gjennom ordninga Regionalt Milj\u00f8program, fordelt p\u00e5 18 s\u00f8knader for 2016. I tillegg er 22\u00a0860 kroner utbetalt til Stord beitelag, til organisert beitebruk.<\/p>\n<p>Det er framleis stor aktivitet i skogen. Det vart avverka omlag 24 000 m<sup>3<\/sup> gran og furu. Grana som vart planta p\u00e5 50- og 60-talet byrjar \u00e5 verte hogstmogen, s\u00e5 me kan venta oss stor aktivitet i \u00e5ra framover. Opprusting av kommunale vegar og skogsvegar er eit viktig tiltak for \u00e5 kunna henta ut t\u00f8mmeret. SFLMK arrangerte tre kurs for vedlikehald og bruk av motorsag i 2016. Det har vore eit stort arbeid \u00e5 rydda opp etter stormen \u00abNina\u00bb .<\/p>\n<p>Det vart\u00a0felt 143 hjort p\u00e5 Stord i 2016,noko som gjev ein fellingsprosent p\u00e5 87. Stord kommune har god beredskap og rutinar for etters\u00f8k og avliving av skadd hjortevilt. I 2016 vart det registrert 20 p\u00e5k\u00f8yrsler av hjort p\u00e5 vegane i kommunen. 54 kandidatar avla jegerpr\u00f8ven i 2016, der SFLMK har ansvar for gjennomf\u00f8ring og kontroll av eksamen.<\/p>\n<p>SFLMK har hatt koordinatorrolla i Vassomr\u00e5de Sunnhordland i 25 % stilling i 2016. Arbeidet har best\u00e5tt i \u00e5 bidra til at ansvarleg sektormynde f\u00f8lgjer opp \u00abRegional plan for Vassregion Hordaland 2016-2021\u00bb og \u00abTiltaksprogram for Vassregion Hordaland 2016-2021\u00bb.<\/p>\n<p>Det har i 2016 vore arbeidd med \u00e5 f\u00e5 p\u00e5 plass nye skilt i naturreservatet Hystadmarkjo, og dette arbeidet vert vidaref\u00f8rt i 2017. Kontoret har utf\u00f8rt forvaltingsoppg\u00e5ver knytt til forskingsprosjekt i Brandvik landskapsvernomr\u00e5de.<\/p>\n<p>Det er i meldings\u00e5ret gjennomf\u00f8rt sertifisering av fire verksemder i kommunen som milj\u00f8fyrt\u00e5rn.<\/p>\n<p>Det vart sendt ut eitt informasjonsskriv fr\u00e5 landbruks- og milj\u00f8kontoret i 2016 i tillegg til informasjon via nettportal og e-post.<\/p>\n<p>Veterin\u00e6rvakttenesta i Stord vaktomr\u00e5de omfattar kommunane Stord, Fitjar, B\u00f8mlo og Austevoll. Kommunane har ogs\u00e5 i 2016 ytt tilskot for \u00e5 sikra ei forsvarleg veterin\u00e6rteneste og ei god vaktordning.<\/p>\n","protected":false},"excerpt":{"rendered":"<p>Stord Fitjar landbruks- og milj\u00f8kontor utf\u00f8rer oppg\u00e5ver innanfor landbruk, natur-, milj\u00f8-, areal- og viltforvalting og havbruk.\u00a0 Kontoret har fem tilsette fordelt p\u00e5 4,2 \u00e5rsverk. Prosjektleiarfunksjonen for Vassomr\u00e5de Sunnhordland og andre prosjekt vert utf\u00f8rte innanfor denne ramma. Kontoret leverte ogs\u00e5 dette \u00e5ret skogkompetanse til Austevoll.\u00a0 Fr\u00e5 mai overtok ein sekretariatfunksjonen for viltforvaltinga, og fr\u00e5 oktober oppg\u00e5ver<\/p>\n","protected":false},"author":2,"featured_media":0,"parent":43,"menu_order":6,"comment_status":"closed","ping_status":"closed","template":"","meta":{"footnotes":""},"jetpack_sharing_enabled":true,"_links":{"self":[{"href":"https:\/\/sk-dokument.no\/arsmelding-2016\/index.php?rest_route=\/wp\/v2\/pages\/46"}],"collection":[{"href":"https:\/\/sk-dokument.no\/arsmelding-2016\/index.php?rest_route=\/wp\/v2\/pages"}],"about":[{"href":"https:\/\/sk-dokument.no\/arsmelding-2016\/index.php?rest_route=\/wp\/v2\/types\/page"}],"author":[{"embeddable":true,"href":"https:\/\/sk-dokument.no\/arsmelding-2016\/index.php?rest_route=\/wp\/v2\/users\/2"}],"replies":[{"embeddable":true,"href":"https:\/\/sk-dokument.no\/arsmelding-2016\/index.php?rest_route=%2Fwp%2Fv2%2Fcomments&post=46"}],"version-history":[{"count":5,"href":"https:\/\/sk-dokument.no\/arsmelding-2016\/index.php?rest_route=\/wp\/v2\/pages\/46\/revisions"}],"predecessor-version":[{"id":1325,"href":"https:\/\/sk-dokument.no\/arsmelding-2016\/index.php?rest_route=\/wp\/v2\/pages\/46\/revisions\/1325"}],"up":[{"embeddable":true,"href":"https:\/\/sk-dokument.no\/arsmelding-2016\/index.php?rest_route=\/wp\/v2\/pages\/43"}],"wp:attachment":[{"href":"https:\/\/sk-dokument.no\/arsmelding-2016\/index.php?rest_route=%2Fwp%2Fv2%2Fmedia&parent=46"}],"curies":[{"name":"wp","href":"https:\/\/api.w.org\/{rel}","templated":true}]}}