{"id":59,"date":"2016-04-18T12:08:39","date_gmt":"2016-04-18T10:08:39","guid":{"rendered":"http:\/\/lab.zpirit.no\/sk-arsmelding\/?page_id=59"},"modified":"2017-04-30T16:55:36","modified_gmt":"2017-04-30T14:55:36","slug":"oppvekst-og-utdanning","status":"publish","type":"page","link":"https:\/\/sk-dokument.no\/arsmelding-2016\/?page_id=59","title":{"rendered":"5. OPPVEKST OG UTDANNING"},"content":{"rendered":"<p>Barn og ungdom sine oppvekstvilk\u00e5r er avhengig av langsiktige kommunale prioriteringar og god samordning av tenester og tilbod. Alle som har eit ansvar i forhold til oppvekstmilj\u00f8et til barn og unge, m\u00e5 jobba m\u00e5lretta og i fellesskap. Barnehagar og skular med h\u00f8g kvalitet og god kompetanse er viktig som helsef\u00f8rebyggjande tiltak.<\/p>\n<p>V\u00e5ren 2014 vart \u00abPlan for kvalitetsutvikling for oppvekst 2014-2017\u00bb vedteke i Komit\u00e9 for oppvekst og utdanning. F\u00f8rem\u00e5let med planen er \u00e5 sikra ein praksis i tenestene som er i samsvar med nasjonale f\u00f8ringar, samt sikra ein samordna innsats av tenestene knytt til barn, unge og deira familiar.<\/p>\n","protected":false},"excerpt":{"rendered":"<p>Barn og ungdom sine oppvekstvilk\u00e5r er avhengig av langsiktige kommunale prioriteringar og god samordning av tenester og tilbod. Alle som har eit ansvar i forhold til oppvekstmilj\u00f8et til barn og unge, m\u00e5 jobba m\u00e5lretta og i fellesskap. Barnehagar og skular med h\u00f8g kvalitet og god kompetanse er viktig som helsef\u00f8rebyggjande tiltak. V\u00e5ren 2014 vart \u00abPlan<\/p>\n","protected":false},"author":2,"featured_media":778,"parent":0,"menu_order":5,"comment_status":"closed","ping_status":"closed","template":"","meta":{"footnotes":""},"jetpack_sharing_enabled":true,"_links":{"self":[{"href":"https:\/\/sk-dokument.no\/arsmelding-2016\/index.php?rest_route=\/wp\/v2\/pages\/59"}],"collection":[{"href":"https:\/\/sk-dokument.no\/arsmelding-2016\/index.php?rest_route=\/wp\/v2\/pages"}],"about":[{"href":"https:\/\/sk-dokument.no\/arsmelding-2016\/index.php?rest_route=\/wp\/v2\/types\/page"}],"author":[{"embeddable":true,"href":"https:\/\/sk-dokument.no\/arsmelding-2016\/index.php?rest_route=\/wp\/v2\/users\/2"}],"replies":[{"embeddable":true,"href":"https:\/\/sk-dokument.no\/arsmelding-2016\/index.php?rest_route=%2Fwp%2Fv2%2Fcomments&post=59"}],"version-history":[{"count":6,"href":"https:\/\/sk-dokument.no\/arsmelding-2016\/index.php?rest_route=\/wp\/v2\/pages\/59\/revisions"}],"predecessor-version":[{"id":1234,"href":"https:\/\/sk-dokument.no\/arsmelding-2016\/index.php?rest_route=\/wp\/v2\/pages\/59\/revisions\/1234"}],"wp:featuredmedia":[{"embeddable":true,"href":"https:\/\/sk-dokument.no\/arsmelding-2016\/index.php?rest_route=\/wp\/v2\/media\/778"}],"wp:attachment":[{"href":"https:\/\/sk-dokument.no\/arsmelding-2016\/index.php?rest_route=%2Fwp%2Fv2%2Fmedia&parent=59"}],"curies":[{"name":"wp","href":"https:\/\/api.w.org\/{rel}","templated":true}]}}