{"id":786,"date":"2017-04-03T10:15:47","date_gmt":"2017-04-03T08:15:47","guid":{"rendered":"http:\/\/sk-dokument.no\/arsmelding-2016\/?page_id=786"},"modified":"2017-05-04T16:24:09","modified_gmt":"2017-05-04T14:24:09","slug":"stord-kommunalteknikk","status":"publish","type":"page","link":"https:\/\/sk-dokument.no\/arsmelding-2016\/?page_id=786","title":{"rendered":"3.3 Stord kommunalteknikk"},"content":{"rendered":"<p>Stord vatn og avlaup KF vart avvikla fr\u00e5 \u00e5rsskiftet 2015\/2016, og tenestene tilbakef\u00f8rt til basisorganisasjonen. Fr\u00e5 1.5.2016 vart Veg Trafikk og Parkering, VTP, sl\u00e5tt saman med med VAR-tenestene. Fr\u00e5 same dato vart totalansvaret for veg, vatn og avl\u00f8p i Stord kommune lagt til ei \u00abny\u00bb eining; Stord kommunalteknikk (SKT).<\/p>\n<p>Overordna godkjennings \u2013 og kontrollmynde for produksjon og levering av drikkevatn og reinsing av spillvatn stiller strenge krav til kvalitet og tryggleik i alle ledd. Stord kommune har i denne samanhengen store utfordringar i \u00e5ra som kjem. Utbygging av nye VA-anlegg, rehabilitering av eksisterande anlegg og kvalitetssikring av drifta set krav til kompetanse og kapasitet.<\/p>\n<p>Produksjonen av drikkevatn var i 2016 omkring den same som \u00e5ret f\u00f8r. Det blei totalt produsert 3,8 mill. m\u00b3 drikkevatn i 2016. Vasslekkasjar er ei stor utfordring. Lekkasjes\u00f8k og kontinuerleg betring av leidningsnettet er ei av dei viktigaste oppg\u00e5vene for eininga.<\/p>\n<p>Kommunedelplanane for vassforsyning og avl\u00f8p (vedteke februar 2015) legg f\u00f8ringar for framtidig utbygging av infrastrukturen i Stord kommune, og legg til rette for politisk styring og prioritering. Kommunedelplanen for avl\u00f8p vert lagt til grunn for Fylkesmannen i Hordaland sine utsleppsl\u00f8yve i Stord kommune. I 2016 har det vore stor aktivitet p\u00e5 prosjektsida. Samla investering innanfor vatn og avlaup var 103,5 mill. kr., medan investeringane p\u00e5 veg var 11,5 mill. kr.<\/p>\n<p>2016 har vore eit arbeidskrevjande, utfordrande og interessant \u00e5r for Stord kommunalteknikk. Dei tilsette har utf\u00f8rt eit m\u00e5lretta arbeid n\u00e5r det gjeld planlegging, utbygging, \u00a0drift og vedlikehald av veg, vatn og avlaupsanlegga i kommunen. Me h\u00e5par at \u00a0innbyggjarane i Stord kommune er n\u00f8gde med dei tenestene som eininga har utf\u00f8rt.<\/p>\n<p>Eininga er organisert i tre avdelingar; \u00abForvaltning og kontroll\u00bb, \u00abDrift og vedlikehald\u00bb, \u00abPlan og utbygging\u00bb, samt eigne stabsfunksjonar innan og IK\/HMT.<\/p>\n<p>&nbsp;<\/p>\n<figure id=\"attachment_1015\" aria-describedby=\"caption-attachment-1015\" style=\"width: 1118px\" class=\"wp-caption alignnone\"><img loading=\"lazy\" decoding=\"async\" class=\"wp-image-1015 size-full\" src=\"http:\/\/sk-dokument.no\/arsmelding-2016\/wp-content\/uploads\/sites\/8\/2017\/04\/Stord-kommunalteknikk-2017-04-19.png\" alt=\"\" width=\"1118\" height=\"625\" srcset=\"https:\/\/sk-dokument.no\/arsmelding-2016\/wp-content\/uploads\/sites\/8\/2017\/04\/Stord-kommunalteknikk-2017-04-19.png 1118w, https:\/\/sk-dokument.no\/arsmelding-2016\/wp-content\/uploads\/sites\/8\/2017\/04\/Stord-kommunalteknikk-2017-04-19-300x168.png 300w, https:\/\/sk-dokument.no\/arsmelding-2016\/wp-content\/uploads\/sites\/8\/2017\/04\/Stord-kommunalteknikk-2017-04-19-700x391.png 700w\" sizes=\"(max-width: 1118px) 100vw, 1118px\" \/><figcaption id=\"caption-attachment-1015\" class=\"wp-caption-text\">Organisasjonsplan 2017<\/figcaption><\/figure>\n<p>&nbsp;<\/p>\n<p><strong>VAR. Tenester innan sj\u00f8lvkostprinsippet<\/strong><\/p>\n<p>SKT har ansvaret for Stord kommune sin vassleveranse, leidningsnett og avl\u00f8psreinseanlegg. Eininga har ansvar for forvaltning, planlegging og utbygging, drift, vedlikehald og utvikling av offentlege veg-, vatn- og avl\u00f8psanlegg i Stord kommune. VAR-tenestene er fullt ut gebyrfinansierte.<\/p>\n<p>Drikkevatn som Stord kommune leverer, skal vere hygienisk trygt, klart og utan nemnande lukt, smak eller farge. Det skal ikkje innehalde fysiske, kjemiske eller biologiske komponentar som kan medf\u00f8re fare for helseskade i vanleg bruk.<\/p>\n<p>Som avl\u00f8psabonnent hos Stord kommune skal ein vere sikra at avl\u00f8psvatnet vert leia bort p\u00e5 ein hygienisk trygg m\u00e5te, og at kommunen driv avl\u00f8psanlegga i tr\u00e5d med gjeldande utsleppsl\u00f8yve.<\/p>\n<p>Den enkelte abonnent har ansvar for \u00e5 halda eigne stikkleidningar i orden, og skal ogs\u00e5 sj\u00e5 til at det ikkje kjem milj\u00f8farleg avfall eller anna stoff i leidningsnettet som kan hindra ei effektiv reinsing i samsvar med gjeldande milj\u00f8krav. Det er ikkje h\u00f8ve \u00e5 nytta kj\u00f8kkenkvern i Stord kommune.<\/p>\n<p>&nbsp;<\/p>\n<p><strong>Renovasjon og slam<\/strong><\/p>\n<p>Stord kommune er ansvarleg for renovasjon for hushald og slamt\u00f8ming i kommunen, men har gitt den utf\u00f8rande oppg\u00e5va vidare til Sunnhordland Interkommunale Milj\u00f8verk (SIM).<\/p>\n<p>&nbsp;<\/p>\n<p><strong>Drift VVA \u2013 Veg, Vatn og Avl\u00f8p<\/strong><\/p>\n<p>Driftsavdelinga har d\u00f8gnkontinuerleg vakt, og har drifts og vedlikehaldsansvaret for f\u00f8lgjande anlegg :<\/p>\n<p>&nbsp;<\/p>\n<table>\n<thead>\n<tr>\n<td><strong>Type anlegg<\/strong><\/td>\n<td><strong>Status pr. 31.12.16<\/strong><\/td>\n<\/tr>\n<\/thead>\n<tbody>\n<tr>\n<td>Kommunale veger<\/td>\n<td>150 km<\/td>\n<\/tr>\n<tr>\n<td>Kommunale bruer<\/td>\n<td>12<\/td>\n<\/tr>\n<tr>\n<td>Vassleidning<\/td>\n<td>252 km<\/td>\n<\/tr>\n<tr>\n<td>Avl\u00f8psleidning<\/td>\n<td>181 km<\/td>\n<\/tr>\n<tr>\n<td>Vasshandsamingsstasjon (Dynasand og UV)<\/td>\n<td>1<\/td>\n<\/tr>\n<tr>\n<td>Krisevasshandsamingsstasjon (Klor)<\/td>\n<td>1<\/td>\n<\/tr>\n<tr>\n<td>H\u00f8gdebasseng store<\/td>\n<td>2<\/td>\n<\/tr>\n<tr>\n<td>H\u00f8gdebasseng sm\u00e5<\/td>\n<td>2<\/td>\n<\/tr>\n<tr>\n<td>M\u00e5lekummar p\u00e5 vassleidning<\/td>\n<td>14<\/td>\n<\/tr>\n<tr>\n<td>Avl\u00f8pspumpestasjonar<\/td>\n<td>37<\/td>\n<\/tr>\n<tr>\n<td>Kommunale slamavskiljarar<\/td>\n<td>4<\/td>\n<\/tr>\n<tr>\n<td>Mekanisk reinseanlegg avl\u00f8p<\/td>\n<td>3<\/td>\n<\/tr>\n<\/tbody>\n<\/table>\n<p>&nbsp;<\/p>\n<p><strong>Prosjekt VVA \u2013 Veg, Vatn og Avl\u00f8p<\/strong><\/p>\n<p>Status for investeringar som er under f\u00f8rebuing, utbygging eller fullf\u00f8rt i 2016 :<\/p>\n<table>\n<thead>\n<tr>\n<th>Prosjekt<\/th>\n<th>Status pr. 31.12.16<\/th>\n<\/tr>\n<\/thead>\n<tbody>\n<tr>\n<td>Utskifting av tre kloakkpumpestasjonar p\u00e5 Banevegen i Sagv\u00e5g<\/td>\n<td>Garantifase &#8211; Avslutta i 2016<\/td>\n<\/tr>\n<tr>\n<td>Rehabilitering veg og VA \u2013 anlegg Buneset &#8211; Fitjarvegen<\/td>\n<td>Garantifase &#8211; Avslutta i 2016<\/td>\n<\/tr>\n<tr>\n<td>Kloakkreinseanlegg Skjersholmane<\/td>\n<td>Utbyggingsfase<\/td>\n<\/tr>\n<tr>\n<td>Kloakkreinseanlegg Grunnav\u00e5gen<\/td>\n<td>Planleggingsfase \/ Forprosjekt<\/td>\n<\/tr>\n<tr>\n<td>Rehabilitering veg og VA \u2013 anlegg Bjellandsvegen<\/td>\n<td>Utbyggingsfase<\/td>\n<\/tr>\n<tr>\n<td>Vabakkjen, rehabilitering i samband med bygging av nye Rema 1000<\/td>\n<td>Garantifase &#8211; Avslutta i 2016<\/td>\n<\/tr>\n<tr>\n<td>Vabakkjen VA-anlegg, rehabilitering i samband med ny P-plass.<\/td>\n<td>Utbyggingsfase<\/td>\n<\/tr>\n<tr>\n<td>Vabakkjen \u2013 nye G\/S vegar, rundk\u00f8yring og parkeringsplass.<\/td>\n<td>Utbyggingsfase<\/td>\n<\/tr>\n<tr>\n<td>T\u00f8mmestasjon mobile toalett og vassuttak Heiane<\/td>\n<td>Garantifase \u2013 Avslutta i 2016<\/td>\n<\/tr>\n<tr>\n<td>Vatn og avl\u00f8psanlegg Vikastemmo og Stord ungdomsskule<\/td>\n<td>Garantifase \u2013 Avslutta i 2016<\/td>\n<\/tr>\n<tr>\n<td>Hadlabrekko kloakkspumpestasjon, rehabilitering<\/td>\n<td>Garantifase \u2013 Avslutta i 2016<\/td>\n<\/tr>\n<tr>\n<td>Rehablitering VA \u2013 anlegg Ekro \/ Hystad<\/td>\n<td>Garantifase &#8211; Avslutta i 2016<\/td>\n<\/tr>\n<tr>\n<td>Omlegging VA-nett Skarvane \/ Huglo<\/td>\n<td>Garantifase &#8211; Avslutta i 2016<\/td>\n<\/tr>\n<tr>\n<td>Ny vassleidning til F\u00f8yno<\/td>\n<td>Garantifase &#8211; Avslutta i 2016<\/td>\n<\/tr>\n<tr>\n<td>Ny hovudvassleidning Grunnav\u00e5gen<\/td>\n<td>Garantifase &#8211; Avslutta i 2016<\/td>\n<\/tr>\n<tr>\n<td>Rehabilitering veg og VA \u2013 anlegg Rommetveitvegen<\/td>\n<td>Planleggingsfase \/ Detaljprosjekt<\/td>\n<\/tr>\n<tr>\n<td>Rehabilitering veg og VA \u2013 anlegg Sagv\u00e5g bru (samarbeid SVV)<\/td>\n<td>Garantifase &#8211; Avslutta i 2016<\/td>\n<\/tr>\n<tr>\n<td>Rehabilitering veg VA \u2013 anlegg Skrivargarden (samarbeid SVV)<\/td>\n<td>Planleggingsfase \/ Detaljprosjekt<\/td>\n<\/tr>\n<tr>\n<td>Rehabilitering veg og VA \u2013 anlegg Borggata nord og \u00c5s<\/td>\n<td>Planleggingsfase \/ Detaljprosjekt<\/td>\n<\/tr>\n<tr>\n<td>Vatn og kloakkleidning E39 Hatlandsdalen<\/td>\n<td>Garantifase &#8211; Avslutta i 2016<\/td>\n<\/tr>\n<tr>\n<td>Byrkjelandsl\u00f8kjen \u2013 Skjersholmane E39 &#8211; GS veg og nytt VA-nett<\/td>\n<td>Planleggingsfase \/ Detaljprosjekt<\/td>\n<\/tr>\n<tr>\n<td>Byrkjelandsl\u00f8kjen kloakkpumpestasjon og vassm\u00e5lestasjon<\/td>\n<td>Planleggingsfase \/ Detaljprosjekt<\/td>\n<\/tr>\n<tr>\n<td>Rehabilitering veg og VA \u2013 anlegg K\u00e5revikvegen \/ Ny pumpestasjon<\/td>\n<td>Utbyggingsfase<\/td>\n<\/tr>\n<tr>\n<td>Kloakkpumpestasjon K\u00e5revik (erstatter kloakkreinsanlegg)<\/td>\n<td>Utbyggingsfase<\/td>\n<\/tr>\n<tr>\n<td>Vatn og kloakkleidning i sj\u00f8 fr\u00e5 K\u00e5revik til Skjersholmane<\/td>\n<td>Utbyggingsfase<\/td>\n<\/tr>\n<tr>\n<td>Kloakkpumpestasjon Hamnegata p\u00e5 Leirvik<\/td>\n<td>Planleggingsfase \/ Forprosjekt<\/td>\n<\/tr>\n<tr>\n<td>Vassleidning \u00c5dlandsvatnet<\/td>\n<td>Utbyggingsfase<\/td>\n<\/tr>\n<tr>\n<td>Oppgradering \/ Ombygging Lundsseter vasshandsamingsstasjon<\/td>\n<td>Utbyggingsfase<\/td>\n<\/tr>\n<tr>\n<td>VA \u2013 anlegg Nord-Huglo<\/td>\n<td>Planleggingsfase \/ Detaljprosjekt<\/td>\n<\/tr>\n<tr>\n<td>Hovudvassleidning E39 &#8211; Vabakken til Kattatveit (ny)<\/td>\n<td>Planleggingsfase \/ Detaljprosjekt<\/td>\n<\/tr>\n<tr>\n<td>Hovudvassleidning &#8211; Valvatna til Stuva (ny)<\/td>\n<td>Planleggingsfase \/ Forprosjekt<\/td>\n<\/tr>\n<tr>\n<td>Reguleringsplan ny veg til Grunnav\u00e5gen<\/td>\n<td>Planleggingsfase \/ Forprosjekt<\/td>\n<\/tr>\n<tr>\n<td>Reguleringsplan Djupavikneset \u2013 Tomt til kloakkreinseanlegg<\/td>\n<td>Planleggingsfase \/ Forprosjekt<\/td>\n<\/tr>\n<\/tbody>\n<\/table>\n<p>&nbsp;<\/p>\n<figure id=\"attachment_866\" aria-describedby=\"caption-attachment-866\" style=\"width: 1598px\" class=\"wp-caption alignnone\"><img loading=\"lazy\" decoding=\"async\" class=\"wp-image-866 size-full\" src=\"http:\/\/sk-dokument.no\/arsmelding-2016\/wp-content\/uploads\/sites\/8\/2017\/04\/Slamavskiljarprosjekt-p\u00e5-Skjersholmane.jpg\" alt=\"\" width=\"1598\" height=\"1057\" srcset=\"https:\/\/sk-dokument.no\/arsmelding-2016\/wp-content\/uploads\/sites\/8\/2017\/04\/Slamavskiljarprosjekt-p\u00e5-Skjersholmane.jpg 1598w, https:\/\/sk-dokument.no\/arsmelding-2016\/wp-content\/uploads\/sites\/8\/2017\/04\/Slamavskiljarprosjekt-p\u00e5-Skjersholmane-300x198.jpg 300w, https:\/\/sk-dokument.no\/arsmelding-2016\/wp-content\/uploads\/sites\/8\/2017\/04\/Slamavskiljarprosjekt-p\u00e5-Skjersholmane-1280x847.jpg 1280w, https:\/\/sk-dokument.no\/arsmelding-2016\/wp-content\/uploads\/sites\/8\/2017\/04\/Slamavskiljarprosjekt-p\u00e5-Skjersholmane-700x463.jpg 700w\" sizes=\"(max-width: 1598px) 100vw, 1598px\" \/><figcaption id=\"caption-attachment-866\" class=\"wp-caption-text\">Slamavskiljarprosjekt p\u00e5 Skjersholmane. Foto: Knut Kattetvedt<\/figcaption><\/figure>\n<p>&nbsp;<\/p>\n<p><strong>HMT &#8211; Arbeidsmilj\u00f8<\/strong><\/p>\n<p><strong>Registrerte hendingar innan HMT<\/strong><\/p>\n<table>\n<thead>\n<tr>\n<th>\u00c5r<\/th>\n<th>2011<\/th>\n<th>2012<\/th>\n<th>2013<\/th>\n<th>2014<\/th>\n<th>2015<\/th>\n<th>2016<\/th>\n<\/tr>\n<\/thead>\n<tbody>\n<tr>\n<td>Skade med fr\u00e5v\u00e6r<\/td>\n<td>0<\/td>\n<td>0<\/td>\n<td>1<\/td>\n<td>1<\/td>\n<td>1<\/td>\n<td>0<\/td>\n<\/tr>\n<tr>\n<td>Skade utan fr\u00e5v\u00e6r<\/td>\n<td>1<\/td>\n<td>1<\/td>\n<td>1<\/td>\n<td>1<\/td>\n<td>1<\/td>\n<td>0<\/td>\n<\/tr>\n<tr>\n<td>U\u00f8nskt hending<\/td>\n<td>5<\/td>\n<td>4<\/td>\n<td>0<\/td>\n<td>0<\/td>\n<td>0<\/td>\n<td>0<\/td>\n<\/tr>\n<\/tbody>\n<\/table>\n<p>M\u00e5lsettinga er: 0 hendingar.<\/p>\n<p>&nbsp;<\/p>\n<p>&nbsp;<\/p>\n<p><strong>Kundar hos Stord kommunalteknikk<\/strong><\/p>\n<p>Stord vatn og avlaup leverer tenester til \/ administrerer f\u00f8lgjande kundegrupper :<\/p>\n<table>\n<thead>\n<tr>\n<td><\/td>\n<td>Kundar 2011<\/td>\n<td>Kundar 2012<\/td>\n<td>Kundar 2013<\/td>\n<td>Kundar 2014<\/td>\n<td>Kundar 2015<\/td>\n<td>Kundar 2016<\/td>\n<\/tr>\n<\/thead>\n<tbody>\n<tr>\n<td>Abonnentar vassforsyning<\/td>\n<td>7 338<\/td>\n<td>7 442<\/td>\n<td>7 555<\/td>\n<td>7 731<\/td>\n<td>7 825<\/td>\n<td>7 912<\/td>\n<\/tr>\n<tr>\n<td>Abonnentar avl\u00f8p<\/td>\n<td>6 593<\/td>\n<td>6 703<\/td>\n<td>6 798<\/td>\n<td>6 964<\/td>\n<td>7 062<\/td>\n<td>7 143<\/td>\n<\/tr>\n<tr>\n<td>Abonnentar avl\u00f8p \u2013 hytter \/ fritid<\/td>\n<td>52<\/td>\n<td>49<\/td>\n<td>50<\/td>\n<td>54<\/td>\n<td>54<\/td>\n<td>55<\/td>\n<\/tr>\n<tr>\n<td>Ab. slamavskiljarar &#8211; hushald<\/td>\n<td>508<\/td>\n<td>507<\/td>\n<td>514<\/td>\n<td>512<\/td>\n<td>511<\/td>\n<td>513<\/td>\n<\/tr>\n<tr>\n<td>Ab. slamavskiljarar &#8211; hytter\/fritid<\/td>\n<td>60<\/td>\n<td>62<\/td>\n<td>63<\/td>\n<td>70<\/td>\n<td>74<\/td>\n<td>78<\/td>\n<\/tr>\n<tr>\n<td>Ab. renovasjon &#8211; hushald<\/td>\n<td>7 434<\/td>\n<td>7 546<\/td>\n<td>7 664<\/td>\n<td>7 812<\/td>\n<td>7 930<\/td>\n<td>7 027<\/td>\n<\/tr>\n<tr>\n<td>Ab. renovasjon &#8211; hytte\/fritid<\/td>\n<td>321<\/td>\n<td>320<\/td>\n<td>320<\/td>\n<td>330<\/td>\n<td>333<\/td>\n<td>333<\/td>\n<\/tr>\n<\/tbody>\n<\/table>\n<p>&nbsp;<\/p>\n<p><strong>Utvikling eigedomsgebyr for perioden 2010 &#8211; 2016<\/strong><\/p>\n<div id=\"diagram_eigedomsgebyr\">\n<table>\n<thead>\n<tr>\n<td><strong>\u00c5r<\/strong><\/td>\n<td><strong>Vassavgift<\/strong><\/td>\n<td><strong>Avl\u00f8p<\/strong><\/td>\n<td><strong>Slamt\u00f8mming<\/strong><\/td>\n<td><strong>Renovasjon<\/strong><\/td>\n<\/tr>\n<\/thead>\n<tbody>\n<tr>\n<td>2010<\/td>\n<td>3013 kr<\/td>\n<td>3595 kr<\/td>\n<td>700 kr<\/td>\n<td>1740 kr<\/td>\n<\/tr>\n<tr>\n<td>2011<\/td>\n<td>3013 kr<\/td>\n<td>3739 kr<\/td>\n<td>740 kr<\/td>\n<td>1815 kr<\/td>\n<\/tr>\n<tr>\n<td>2012<\/td>\n<td>3188 kr<\/td>\n<td>3739 kr<\/td>\n<td>740 kr<\/td>\n<td>1902 kr<\/td>\n<\/tr>\n<tr>\n<td>2013<\/td>\n<td>3188 kr<\/td>\n<td>3739 kr<\/td>\n<td>740 kr<\/td>\n<td>1902 kr<\/td>\n<\/tr>\n<tr>\n<td>2014<\/td>\n<td>3188 kr<\/td>\n<td>3739 kr<\/td>\n<td>740 kr<\/td>\n<td>1902 kr<\/td>\n<\/tr>\n<tr>\n<td>2015<\/td>\n<td>3583 kr<\/td>\n<td>3739 kr<\/td>\n<td>740 kr<\/td>\n<td>1902 kr<\/td>\n<\/tr>\n<tr>\n<td>2016<\/td>\n<td>3583 kr<\/td>\n<td>3739 kr<\/td>\n<td>740 kr<\/td>\n<td>1902 kr<\/td>\n<\/tr>\n<\/tbody>\n<\/table>\n<\/div>\n<p><strong>\u00c5rsrekneskapen 2016<\/strong><\/p>\n<p><strong>Investeringar\/l\u00e5n<\/strong><\/p>\n<p>Stord kommunalteknikk har investert for 103,5 millionar kroner i 2016 innanfor vatn og avl\u00f8p og 11,5 millionar kroner i kommunale veganlegg.<\/p>\n<p>Stord kommune st\u00e5r med langsiktig l\u00e5negjeld per 31.12.16 med kr 628,5 millionar kroner knytt til vatn og avl\u00f8p. Det er betalt 20,2 millionar kroner i avdrag i 2016 (tilsvarande kalkulatorisk avskriving).<\/p>\n<table>\n<thead>\n<tr>\n<th>SKT<\/th>\n<th>31.12.13<\/th>\n<th>31.12.14<\/th>\n<th>31.12.2015<\/th>\n<th>31.12.2016<\/th>\n<th>Endring siste \u00e5r<\/th>\n<\/tr>\n<\/thead>\n<tbody>\n<tr>\n<td>Langsiktig gjeld i VA (mill. kr.)<\/td>\n<td>458,9<\/td>\n<td>500,7<\/td>\n<td>545,2<\/td>\n<td>628,5<\/td>\n<td>+ 83,3<\/td>\n<\/tr>\n<\/tbody>\n<\/table>\n<p>&nbsp;<\/p>\n<p><strong>Drift<\/strong><br \/>\nVeg Trafikk og Parkering &#8211; VTP<\/p>\n<table>\n<thead>\n<tr>\n<th><\/th>\n<th>Budsjett 2016<\/th>\n<th>Rekneskap 2016<\/th>\n<th>Avvik \/ resultat<\/th>\n<\/tr>\n<\/thead>\n<tbody>\n<tr class=\"total\">\n<td>Netto driftsresultat<\/td>\n<td>9 765 000<\/td>\n<td>8 904 000<\/td>\n<td>861 000 (overskot)<\/td>\n<\/tr>\n<\/tbody>\n<\/table>\n<p>Driftsresultatet for veg viser eit mindreforbruk \/ \u00aboverskot\u00bb samanlikna med budsjett p\u00e5 kr 861\u00a0000. VTP har soleis vore ein viktig bidragsytar for \u00e5 oppn\u00e5 eit samla positivt \u00f8konomisk resultat for\u00a0\u00a0\u00a0\u00a0\u00a0\u00a0\u00a0\u00a0\u00a0\u00a0\u00a0\u00a0\u00a0\u00a0\u00a0\u00a0\u00a0\u00a0\u00a0\u00a0\u00a0\u00a0\u00a0\u00a0 Stord kommune.<\/p>\n<p>&nbsp;<\/p>\n<table>\n<thead>\n<tr>\n<th><\/th>\n<th>Vatn<\/th>\n<th>Avlaup<\/th>\n<th>Renovasjon<\/th>\n<th>Slam<\/th>\n<th>Sum VAR<\/th>\n<\/tr>\n<\/thead>\n<tbody>\n<tr class=\"total\">\n<td>Netto driftsresultat<\/td>\n<td>&#8211; 2 101 737<\/td>\n<td>&#8211; 2 214 182<\/td>\n<td>59 259<\/td>\n<td>&#8211; 51 166<\/td>\n<td>&#8211; 4 307 826<\/td>\n<\/tr>\n<tr class=\"empty\">\n<td colspan=\"6\"><\/td>\n<\/tr>\n<tr>\n<td>Gebyrinntekter<\/td>\n<td>34 792 740<\/td>\n<td>31 637 075<\/td>\n<td>15 817 732<\/td>\n<td>394 923<\/td>\n<td>82 642 470<\/td>\n<\/tr>\n<tr>\n<td>Andre driftsinntekter<\/td>\n<td>618 723<\/td>\n<td>303 324<\/td>\n<td>9 280<\/td>\n<td>0<\/td>\n<td>931 327<\/td>\n<\/tr>\n<tr class=\"total\">\n<td>Driftsinntekter<\/td>\n<td>35 411 463<\/td>\n<td>31 940 399<\/td>\n<td>15 827 012<\/td>\n<td>394 923<\/td>\n<td>83 573 797<\/td>\n<\/tr>\n<tr>\n<td>Direkte driftsutgifter<\/td>\n<td>20 737 759<\/td>\n<td>19 190 841<\/td>\n<td>15 281 607<\/td>\n<td>415 901<\/td>\n<td>55 626 108<\/td>\n<\/tr>\n<tr>\n<td>Avskrivingskostnad<\/td>\n<td>10 758 356<\/td>\n<td>9 507 057<\/td>\n<td>0<\/td>\n<td>0<\/td>\n<td>20 265 413<\/td>\n<\/tr>\n<tr>\n<td>Kalkulatorisk rente (1,68 %)<\/td>\n<td>5 119 577<\/td>\n<td>4 584 261<\/td>\n<td>0<\/td>\n<td>0<\/td>\n<td>9 703 838<\/td>\n<\/tr>\n<tr>\n<td>Indirekte netto driftsutgifter<\/td>\n<td>858 303<\/td>\n<td>835 046<\/td>\n<td>453 674<\/td>\n<td>29 563<\/td>\n<td>2 176 586<\/td>\n<\/tr>\n<tr>\n<td>Indirekte avskrivingskostnad<\/td>\n<td>35 550<\/td>\n<td>33 871<\/td>\n<td>21 281<\/td>\n<td>574<\/td>\n<td>91 276<\/td>\n<\/tr>\n<tr>\n<td>Indirekte kalkulatorisk rente (1,68 %)<\/td>\n<td>3 653<\/td>\n<td>3 504<\/td>\n<td>1 912<\/td>\n<td>51<\/td>\n<td>9 120<\/td>\n<\/tr>\n<tr class=\"total\">\n<td>Driftskostnader<\/td>\n<td>37 513 199<\/td>\n<td>34 154 580<\/td>\n<td>15 758 473<\/td>\n<td>446 089<\/td>\n<td>87 872 341<\/td>\n<\/tr>\n<tr class=\"total\">\n<td>Resultat<\/td>\n<td>&#8211; 2 101 737<\/td>\n<td>&#8211; 2 214 182<\/td>\n<td>59 259<\/td>\n<td>&#8211; 51 166<\/td>\n<td>&#8211; 4 307 826<\/td>\n<\/tr>\n<tr>\n<td>Kostnadsdekning i %<\/td>\n<td>94,4 %<\/td>\n<td>93,5 %<\/td>\n<td>100,4 %<\/td>\n<td>88,5 %<\/td>\n<td>95,1 %<\/td>\n<\/tr>\n<tr class=\"total\">\n<td>Sj\u00f8lvkostfond 01.01.16<\/td>\n<td>1 612 656<\/td>\n<td>27 031 204<\/td>\n<td>1 993 131<\/td>\n<td>735 436<\/td>\n<td>31 372 427<\/td>\n<\/tr>\n<tr>\n<td>-\/+ bruk av\/avsetning til sj\u00f8lvkostfond<\/td>\n<td>&#8211; 2 101 737<\/td>\n<td>&#8211; 2 214 182<\/td>\n<td>59 259<\/td>\n<td>&#8211; 51 166<\/td>\n<td>&#8211; 4 307 826<\/td>\n<\/tr>\n<tr>\n<td>+\/- Kalkulert renteinntekt\/-kostnad sj\u00f8lvkostf. (1,68 %)<\/td>\n<td>9 461<\/td>\n<td>436 562<\/td>\n<td>34 063<\/td>\n<td>11 954<\/td>\n<td>492 040<\/td>\n<\/tr>\n<tr class=\"total\">\n<td><strong>Sj\u00f8lvkostfond 31.12.16<\/strong><\/td>\n<td><strong>&#8211; 479 620<\/strong><\/td>\n<td><strong>25 253 584<\/strong><\/td>\n<td><strong>2 086 453<\/strong><\/td>\n<td><strong>696 224<\/strong><\/td>\n<td><strong>27 556 641<\/strong><\/td>\n<\/tr>\n<\/tbody>\n<\/table>\n<p>&nbsp;<\/p>\n<p><strong>Resultat\/fond<\/strong><\/p>\n<p>&nbsp;<\/p>\n<p>Innanfor vatn og avl\u00f8psomr\u00e5det har den historisk l\u00e5ge kalkylerente medf\u00f8rt l\u00e5gare kapitalkostnader enn budsjettert dei siste \u00e5ra. Dette har f\u00f8rt til oppbygging av desse sj\u00f8lvkostfonda.<\/p>\n<p>Fonda har hatt f\u00f8lgjande utvikling dei siste seks \u00e5ra :<\/p>\n<table>\n<thead>\n<tr>\n<th>Fond pr.<\/th>\n<th>31.12.2011<\/th>\n<th>31.12.2012<\/th>\n<th>31.12.2013<\/th>\n<th>31.12.2014<\/th>\n<th>31.12.2015<\/th>\n<th>31.12.2016<\/th>\n<th>Endring<\/th>\n<\/tr>\n<\/thead>\n<tbody>\n<tr>\n<td>Vatn<\/td>\n<td>5 190 022<\/td>\n<td>6 279 903<\/td>\n<td>2 455 045<\/td>\n<td>229 175<\/td>\n<td>1 612 656<\/td>\n<td>&#8211; 479 620<\/td>\n<td>&#8211; 2 092 279<\/td>\n<\/tr>\n<tr>\n<td>Avl\u00f8p<\/td>\n<td>17 339 302<\/td>\n<td>21 993 811<\/td>\n<td>25 389 120<\/td>\n<td>25 972 697<\/td>\n<td>27 031 204<\/td>\n<td>25 253 584<\/td>\n<td>&#8211; 1 777 620<\/td>\n<\/tr>\n<tr>\n<td>Renovasjon<\/td>\n<td>623 913<\/td>\n<td>489 527<\/td>\n<td>744 416<\/td>\n<td>297 066<\/td>\n<td>1 993 131<\/td>\n<td>2 086 453<\/td>\n<td>93 322<\/td>\n<\/tr>\n<tr>\n<td>Slam<\/td>\n<td>564 534<\/td>\n<td>334 125<\/td>\n<td>641 195<\/td>\n<td>426 268<\/td>\n<td>735 436<\/td>\n<td>696 224<\/td>\n<td>&#8211; 39 212<\/td>\n<\/tr>\n<tr class=\"empty\">\n<td colspan=\"8\"><\/td>\n<\/tr>\n<tr class=\"total\">\n<td>Sum fond<\/td>\n<td>23 717 771<\/td>\n<td>29 097 366<\/td>\n<td>29 229 776<\/td>\n<td>26 925 206<\/td>\n<td>31 372 427<\/td>\n<td>27 556 641<\/td>\n<td>&#8211; 3 815 786<\/td>\n<\/tr>\n<\/tbody>\n<\/table>\n<p>Fondutviklinga viser at dei \u00f8konomiske konsekvensane av dei store investeringane som er gjort dei siste \u00e5ra no er betydelege. Fondet for vassforsyning er for f\u00f8rste gang negativt, nok som krev gebyrauke fr\u00e5 2018. For avl\u00f8p er framleis fondet av ein slik storleik at gebyra kan vere uendra dei neste \u00e5ra med mindre renteniv\u00e5et aukar fortare enn prognosane. Ein syner elles til \u00e5rsrekneskap med notar for utfyllande informasjon.<\/p>\n<p>&nbsp;<\/p>\n<p>&nbsp;<\/p>\n","protected":false},"excerpt":{"rendered":"<p>Stord vatn og avlaup KF vart avvikla fr\u00e5 \u00e5rsskiftet 2015\/2016, og tenestene tilbakef\u00f8rt til basisorganisasjonen. Fr\u00e5 1.5.2016 vart Veg Trafikk og Parkering, VTP, sl\u00e5tt saman med med VAR-tenestene. Fr\u00e5 same dato vart totalansvaret for veg, vatn og avl\u00f8p i Stord kommune lagt til ei \u00abny\u00bb eining; Stord kommunalteknikk (SKT). Overordna godkjennings \u2013 og kontrollmynde for<\/p>\n","protected":false},"author":17,"featured_media":0,"parent":43,"menu_order":3,"comment_status":"closed","ping_status":"closed","template":"","meta":{"footnotes":""},"jetpack_sharing_enabled":true,"_links":{"self":[{"href":"https:\/\/sk-dokument.no\/arsmelding-2016\/index.php?rest_route=\/wp\/v2\/pages\/786"}],"collection":[{"href":"https:\/\/sk-dokument.no\/arsmelding-2016\/index.php?rest_route=\/wp\/v2\/pages"}],"about":[{"href":"https:\/\/sk-dokument.no\/arsmelding-2016\/index.php?rest_route=\/wp\/v2\/types\/page"}],"author":[{"embeddable":true,"href":"https:\/\/sk-dokument.no\/arsmelding-2016\/index.php?rest_route=\/wp\/v2\/users\/17"}],"replies":[{"embeddable":true,"href":"https:\/\/sk-dokument.no\/arsmelding-2016\/index.php?rest_route=%2Fwp%2Fv2%2Fcomments&post=786"}],"version-history":[{"count":27,"href":"https:\/\/sk-dokument.no\/arsmelding-2016\/index.php?rest_route=\/wp\/v2\/pages\/786\/revisions"}],"predecessor-version":[{"id":1331,"href":"https:\/\/sk-dokument.no\/arsmelding-2016\/index.php?rest_route=\/wp\/v2\/pages\/786\/revisions\/1331"}],"up":[{"embeddable":true,"href":"https:\/\/sk-dokument.no\/arsmelding-2016\/index.php?rest_route=\/wp\/v2\/pages\/43"}],"wp:attachment":[{"href":"https:\/\/sk-dokument.no\/arsmelding-2016\/index.php?rest_route=%2Fwp%2Fv2%2Fmedia&parent=786"}],"curies":[{"name":"wp","href":"https:\/\/api.w.org\/{rel}","templated":true}]}}