{"id":817,"date":"2017-04-08T09:36:30","date_gmt":"2017-04-08T07:36:30","guid":{"rendered":"http:\/\/sk-dokument.no\/arsmelding-2016\/?page_id=817"},"modified":"2017-05-09T08:08:51","modified_gmt":"2017-05-09T06:08:51","slug":"stord-kommunale-eigedom","status":"publish","type":"page","link":"https:\/\/sk-dokument.no\/arsmelding-2016\/?page_id=817","title":{"rendered":"3.4 Stord kommunale eigedom"},"content":{"rendered":"<p>Stord kommunale eigedom (SKE) skal ivareta eigaransvaret for Stord kommune sine eigedomar og bygg, og sikra at verdiane vert ivaretekne. SKE har i 2016 brukt midlane p\u00e5 ein god og effektiv m\u00e5te. Det vart i 2016 utf\u00f8rt mykje bra vedlikehald med midlane ein fekk gjennom tiltakspakken. Heile 21 prosjekt vart gjennomf\u00f8rt for desse midlane, i tillegg planlagd vedlikehald.<\/p>\n<p>SKE gjekk i 2016 med kr. 1,617 mill. i overskot. Dette skuldast m.a. at det vart innf\u00f8rt ein\u00a0avgrensa innkj\u00f8ps- og tilsettingsstopp i oktober 2016 etter at r\u00e5dmannen fekk i oppdrag fr\u00e5 formannskapet \u00e5 vurdere tiltak som kunne betra resultata for 2016.<\/p>\n<p>SKE har fekk 38 nye medarbeidarar i 2016. Dette var reinhaldarar som vart tilbakef\u00f8rt fr\u00e5 ISS Facility services AS til kommunen 1. oktober. I tillegg kom tre tilsette fr\u00e5 Vikahaugane sportssenter d\u00e5 kommunen overtok drifta av Vikahaugane fr\u00e5 1. januar. I tillegg har SKE tilsett \u00e9in \u00a0driftsoperat\u00f8r til vedlikehaldsavdelinga.<\/p>\n<p>Det har slutta to tilsette i l\u00f8pet av 2016. Ein prosjektleiar og ein l\u00e6rling i t\u00f8mrarfaget. L\u00e6rlingen bestod fagpr\u00f8ven i desember 2016. SKE har ogs\u00e5 i 2016 hatt to driftsoperat\u00f8rar som har blitt selt inn til investeringsprosjekt.<\/p>\n<p>Stord kommunale eigedom har ansvar for vedlikehald av kommunale bygg og drift og vedlikehald av faste tekniske installasjonar som t.d. heis, varmeanlegg, sanit\u00e6ranlegg, ventilasjonsanlegg, elektriske installasjonar, brannalarmanlegg, sprinklaranlegg og symjebasseng. I tillegg til eigne kontrollar har vi og avtalar om service og vedlikehald med eksterne f\u00f8retak.<\/p>\n<p>Tre skular vart malte sommaren 2016, Tj\u00f8dnalio skule, eldste delen av Leirvik skule og Litlab\u00f8 skule. I tillegg har er det f\u00e5tt skifta vindauge og kledning p\u00e5 fleire bygg, tekniske installasjonar har f\u00e5tt oppgradering og fleire tak har f\u00e5tt ny papp.<\/p>\n<figure id=\"attachment_1306\" aria-describedby=\"caption-attachment-1306\" style=\"width: 300px\" class=\"wp-caption alignright\"><img loading=\"lazy\" decoding=\"async\" class=\"wp-image-1306 size-medium\" src=\"http:\/\/sk-dokument.no\/arsmelding-2016\/wp-content\/uploads\/sites\/8\/2017\/04\/Reinhaldar-aslaug-torget-300x309.jpg\" alt=\"\" width=\"300\" height=\"309\" srcset=\"https:\/\/sk-dokument.no\/arsmelding-2016\/wp-content\/uploads\/sites\/8\/2017\/04\/Reinhaldar-aslaug-torget-300x309.jpg 300w, https:\/\/sk-dokument.no\/arsmelding-2016\/wp-content\/uploads\/sites\/8\/2017\/04\/Reinhaldar-aslaug-torget.jpg 500w\" sizes=\"(max-width: 300px) 100vw, 300px\" \/><figcaption id=\"caption-attachment-1306\" class=\"wp-caption-text\">Reinhaldar Aslaug Torget. Foto: Emma \u00d6. Aadland<\/figcaption><\/figure>\n<p>SKE overtok i 2016 ogs\u00e5 driftsansvar for skeisebanen. Dette medf\u00f8rte store utfordringar d\u00e5 fleire pumper var utslitne og det var behov for betydeleg oppgradering. Dette har kosta tid og pengar, men sk\u00f8ytebanen vart til slutt opna, om noko forseinka. SKE hadde inne fleire sommarvikarar i 2016, som gjorde ein god jobb. Fleire kommunale bustadhus vart malt.<\/p>\n<p>Kommunestyret vedtok i 2016 at reinhaldet skulle tilbakef\u00f8rast til kommunen. Stord kommunale eigedom overtok ansvaret for reinhald av kommunale bygg fr\u00e5 1. oktober. SKE har tilsett ein avdelingsleiar som har ansvar for reinhaldsavdelinga. Overgangen fr\u00e5 ISS til SKE gjekk fint, med godt samarbeid og hjelp fr\u00e5 personalavdelinga. <a name=\"_Toc446067306\"><\/a><\/p>\n<p>Gr\u00f8nt-avdelinga har ansvar for alle kommunale gr\u00f8ntomr\u00e5de. Plenar, blomebed, tre og buskar vert stelt. I tillegg har avdelinga ansvar for rydding av sentrum. Om vinteren er avdelinga ein del av br\u00f8yte-beredskapen, og har ansvar for br\u00f8yting av gangvegar og fortau. Grasbanane p\u00e5 Vikahaugane og i Prestagardsskogen ligg ogs\u00e5 under gr\u00f8ntavdelinga, og krev til tider mykje arbeid og tilsyn. Gr\u00f8nt-avdelinga har i 2016 best\u00e5tt av tre tilsette. I tillegg har dei ein avdelingsleiar i 20% stilling.<\/p>\n<p><strong>\u00a0<\/strong><\/p>\n<p><strong>Stord ungdomsskule <\/strong><\/p>\n<p>Prosjekt \u00abKongen p\u00e5 haugane\u00bb har vore det store prosjektet i 2016. Oppstart med riving av gamleskulen vart i mai 2016. Byggeprosjektet held framdriftsplanen med ferdigstilling i desember 2017. I tillegg til bygging av den nye skulen, har ein etablert ein mellombels skule. Dette har fungert bra som ei mellombels l\u00f8ysing medan ny skule vert reist.<\/p>\n<p>&nbsp;<\/p>\n<p><strong>Vikahaugane <\/strong><\/p>\n<p>Kunstgrasbana p\u00e5 Vikahaugane vart skifta ut sommaren 2016. Det vart lagt nytt dekke, skifta flomlys og sett opp nytt ballfangarnett rundt banen. I tillegg fortsette rehabiliteringa av garderobar i hallane.<\/p>\n<p>&nbsp;<\/p>\n<p><strong>Knutsa\u00e5sen omsorgssenter<\/strong><\/p>\n<p>Stord kommunale eigedom starta opp med utvendig rehabilitering av Knutsa\u00e5sen i 2015. Dette arbeidet vart f\u00f8lgt opp og vidaref\u00f8rt med nye midlar i 2016. Det er skifta vindauge, kledning og nye d\u00f8rer. Maling av kledning er ogs\u00e5 utf\u00f8rt. Det st\u00e5r att om lag ein tredel\u00a0av rehabiliteringa no. Dette vil bli gjennomf\u00f8rt i\u00a02018.<\/p>\n<figure id=\"attachment_900\" aria-describedby=\"caption-attachment-900\" style=\"width: 1536px\" class=\"wp-caption alignnone\"><img loading=\"lazy\" decoding=\"async\" class=\"wp-image-900 size-full\" src=\"http:\/\/sk-dokument.no\/arsmelding-2016\/wp-content\/uploads\/sites\/8\/2017\/04\/SKE-Knutsa\u00e5sen-omsorgssenterer-foto-Haldis-Lauksund1.jpg\" alt=\"\" width=\"1536\" height=\"1024\" srcset=\"https:\/\/sk-dokument.no\/arsmelding-2016\/wp-content\/uploads\/sites\/8\/2017\/04\/SKE-Knutsa\u00e5sen-omsorgssenterer-foto-Haldis-Lauksund1.jpg 1536w, https:\/\/sk-dokument.no\/arsmelding-2016\/wp-content\/uploads\/sites\/8\/2017\/04\/SKE-Knutsa\u00e5sen-omsorgssenterer-foto-Haldis-Lauksund1-300x200.jpg 300w, https:\/\/sk-dokument.no\/arsmelding-2016\/wp-content\/uploads\/sites\/8\/2017\/04\/SKE-Knutsa\u00e5sen-omsorgssenterer-foto-Haldis-Lauksund1-1280x853.jpg 1280w, https:\/\/sk-dokument.no\/arsmelding-2016\/wp-content\/uploads\/sites\/8\/2017\/04\/SKE-Knutsa\u00e5sen-omsorgssenterer-foto-Haldis-Lauksund1-700x467.jpg 700w\" sizes=\"(max-width: 1536px) 100vw, 1536px\" \/><figcaption id=\"caption-attachment-900\" class=\"wp-caption-text\">Knutsa\u00e5sen omsorgssenter. Foto: Haldis Lauksund<\/figcaption><\/figure>\n<p>&nbsp;<\/p>\n<p><strong>Hystad skule\u00a0\u00a0\u00a0\u00a0\u00a0\u00a0\u00a0\u00a0\u00a0\u00a0\u00a0\u00a0\u00a0\u00a0\u00a0\u00a0\u00a0\u00a0\u00a0\u00a0 <\/strong><\/p>\n<p>Stord kommunale eigedom fekk i oppdrag \u00e5 bygge fire nye klasserom ved Hystad skule. Desse skulle erstatte den gamle paviljongen som var moden for riving. Prosjektet har ei kostnadsramme p\u00e5 kr. 14 mill. Fronta bygg as vant konkurransen og har bygd eit flott skulebygg som stod klart til skulestart hausten 2016.<\/p>\n<p>&nbsp;<\/p>\n<p><strong>Nys\u00e6ter gravplass<\/strong><\/p>\n<p>Stord kommunale eigedom fekk i budsjettet for 2015 i oppdrag \u00e5 utvida Nys\u00e6ter gravplass med nye 500 graver. Prosjektet har ei kostnadsramme p\u00e5 kr. 11,3 mill. fordelt p\u00e5 2015 og 2016. Gravplassen ved Nys\u00e6ter vil ha f\u00e5 eller ingen graver igjen til hausten 2016, og derfor var det viktig \u00e5 f\u00e5 starte opp prosjektet. Engelsen entrepren\u00f8r vann anbodskonkuransen og har gjort ein god jobb, der gravplassen er blitt eit fint uteomr\u00e5de. Framdrifta i prosjektet var god, og ferdigdatoen som skulle vera i september 2016 vart halden.<\/p>\n<p>&nbsp;<\/p>\n<figure id=\"attachment_1308\" aria-describedby=\"caption-attachment-1308\" style=\"width: 150px\" class=\"wp-caption alignright\"><img loading=\"lazy\" decoding=\"async\" class=\"wp-image-1308 size-thumbnail\" src=\"http:\/\/sk-dokument.no\/arsmelding-2016\/wp-content\/uploads\/sites\/8\/2017\/04\/Legevaktbygget--150x150.jpg\" alt=\"\" width=\"150\" height=\"150\" \/><figcaption id=\"caption-attachment-1308\" class=\"wp-caption-text\">Foto: Janett Svendsen<\/figcaption><\/figure>\n<p><strong>Nytt legevaktbygg<\/strong><\/p>\n<p>Stord kommunale eigedom fekk ogs\u00e5 i oppdrag \u00e5 vidaref\u00f8re forstudiet med \u00e5 bygge nytt interkommunalt legevaktbygg og KAD avdeling ved Stord sjukehus, som er teikna av Link arkitektkontor. Bygget skulle reisast inne p\u00e5 verna omr\u00e5de ved sjukehuset. Det har vore ein lang veg \u00e5 g\u00e5 i forprosjektet for \u00e5 f\u00e5 alle godkjenningar som skal til for \u00e5 starte byggearbeidet. Anleggsarbeidet starta i februar 2016. Engelsen bygg vann anbodskonkuransen og har gjort ein god jobb. Bygget skulle st\u00e5 klart til desember 2016 men vart noko forsinka. Opning av legevakta vart 01.02.2017.<\/p>\n<p>&nbsp;<\/p>\n<p><strong>Helse, milj\u00f8 og tryggleik<\/strong><\/p>\n<p>Stord kommunale eigedom har ingen aktivitet som forureinar ytre milj\u00f8. Det er etablert gode rutinar for avfallshandtering. Det er inng\u00e5tt drifts- og serviceavtalar for transport og deponering av avfall.<\/p>\n<p>Eininga jobbar aktivt med \u00e5 redusera sjukefr\u00e5v\u00e6ret. Dessverre har 2016 vore eit \u00e5r der sjukefr\u00e5v\u00e6ret har vore h\u00f8gt. Statistikken for SKE syner i 2016 eit samla sjukefr\u00e5v\u00e6r p\u00e5 9,7% mot 5,44 % i 2015.<\/p>\n","protected":false},"excerpt":{"rendered":"<p>Stord kommunale eigedom (SKE) skal ivareta eigaransvaret for Stord kommune sine eigedomar og bygg, og sikra at verdiane vert ivaretekne. SKE har i 2016 brukt midlane p\u00e5 ein god og effektiv m\u00e5te. Det vart i 2016 utf\u00f8rt mykje bra vedlikehald med midlane ein fekk gjennom tiltakspakken. Heile 21 prosjekt vart gjennomf\u00f8rt for desse midlane, i<\/p>\n","protected":false},"author":17,"featured_media":0,"parent":43,"menu_order":4,"comment_status":"closed","ping_status":"closed","template":"","meta":{"footnotes":""},"jetpack_sharing_enabled":true,"_links":{"self":[{"href":"https:\/\/sk-dokument.no\/arsmelding-2016\/index.php?rest_route=\/wp\/v2\/pages\/817"}],"collection":[{"href":"https:\/\/sk-dokument.no\/arsmelding-2016\/index.php?rest_route=\/wp\/v2\/pages"}],"about":[{"href":"https:\/\/sk-dokument.no\/arsmelding-2016\/index.php?rest_route=\/wp\/v2\/types\/page"}],"author":[{"embeddable":true,"href":"https:\/\/sk-dokument.no\/arsmelding-2016\/index.php?rest_route=\/wp\/v2\/users\/17"}],"replies":[{"embeddable":true,"href":"https:\/\/sk-dokument.no\/arsmelding-2016\/index.php?rest_route=%2Fwp%2Fv2%2Fcomments&post=817"}],"version-history":[{"count":13,"href":"https:\/\/sk-dokument.no\/arsmelding-2016\/index.php?rest_route=\/wp\/v2\/pages\/817\/revisions"}],"predecessor-version":[{"id":1349,"href":"https:\/\/sk-dokument.no\/arsmelding-2016\/index.php?rest_route=\/wp\/v2\/pages\/817\/revisions\/1349"}],"up":[{"embeddable":true,"href":"https:\/\/sk-dokument.no\/arsmelding-2016\/index.php?rest_route=\/wp\/v2\/pages\/43"}],"wp:attachment":[{"href":"https:\/\/sk-dokument.no\/arsmelding-2016\/index.php?rest_route=%2Fwp%2Fv2%2Fmedia&parent=817"}],"curies":[{"name":"wp","href":"https:\/\/api.w.org\/{rel}","templated":true}]}}