{"id":93,"date":"2016-04-18T12:08:51","date_gmt":"2016-04-18T10:08:51","guid":{"rendered":"http:\/\/lab.zpirit.no\/sk-arsmelding\/?page_id=93"},"modified":"2017-04-30T16:11:48","modified_gmt":"2017-04-30T14:11:48","slug":"kraftsalsfondet-plasseringar-og-avkastning-2015","status":"publish","type":"page","link":"https:\/\/sk-dokument.no\/arsmelding-2016\/?page_id=93","title":{"rendered":"7.7 Plassering og avkastning kraftsalsfondet og overskotslikviditet 2016"},"content":{"rendered":"<p><strong>Utviklinga i marknadsverdi for plassering og samansetning av aktiva klassane:<\/strong><\/p>\n<table>\n<thead>\n<tr>\n<th><\/th>\n<th colspan=\"4\">Tal i heile 1000<\/th>\n<th colspan=\"4\">Tal i prosent<\/th>\n<\/tr>\n<tr>\n<th>Aktivaklassar<\/th>\n<th>2013<\/th>\n<th>2014<\/th>\n<th>2015<\/th>\n<th>2016<\/th>\n<th>2013<\/th>\n<th>2014<\/th>\n<th>2015<\/th>\n<th>2016<\/th>\n<\/tr>\n<\/thead>\n<tbody>\n<tr>\n<td>Obligasjonar\/sertifikat<\/td>\n<td>85 552<\/td>\n<td>91 764<\/td>\n<td>71 267<\/td>\n<td>73 552<\/td>\n<td>68,0<\/td>\n<td>69,9<\/td>\n<td>64<\/td>\n<td>63<\/td>\n<\/tr>\n<tr>\n<td>Aksjefond internasjonale<\/td>\n<td>16 500<\/td>\n<td>19067<\/td>\n<td>23 332<\/td>\n<td>24 794<\/td>\n<td>13,1<\/td>\n<td>14,5<\/td>\n<td>21<\/td>\n<td>21<\/td>\n<\/tr>\n<tr>\n<td>Kursregulering (valutasikring)<\/td>\n<td>138<\/td>\n<td>-773<\/td>\n<td>-488<\/td>\n<td>-386<\/td>\n<td>0,1<\/td>\n<td>-1<\/td>\n<td><\/td>\n<td>0<\/td>\n<\/tr>\n<tr>\n<td>Bankinnskot<\/td>\n<td>3 473<\/td>\n<td>1 117<\/td>\n<td>1 641<\/td>\n<td>1 031<\/td>\n<td>2,8<\/td>\n<td>0,9<\/td>\n<td>1<\/td>\n<td>1<\/td>\n<\/tr>\n<tr>\n<td>Utl\u00e5n til lag og organisasjonar<\/td>\n<td>11 674<\/td>\n<td>12 606<\/td>\n<td>8 627<\/td>\n<td>11 053<\/td>\n<td>9,3<\/td>\n<td>9,6<\/td>\n<td>8<\/td>\n<td>10<\/td>\n<\/tr>\n<tr>\n<td>Utl\u00e5n til Stord lufthamn<\/td>\n<td>8 392<\/td>\n<td>7 532<\/td>\n<td>6 671<\/td>\n<td>5 811<\/td>\n<td>6,7<\/td>\n<td>5,7<\/td>\n<td>6<\/td>\n<td>5<\/td>\n<\/tr>\n<tr class=\"total\">\n<td>Sum marknadsverdi plasseringar<\/td>\n<td>125 729<\/td>\n<td>131 312<\/td>\n<td>111 050<\/td>\n<td>115 855<\/td>\n<td>100<\/td>\n<td>100<\/td>\n<td>100<\/td>\n<td>100<\/td>\n<\/tr>\n<tr>\n<td>Avkastning i kr<\/td>\n<td>7 056<\/td>\n<td>4 589<\/td>\n<td>1 751<\/td>\n<td>3 375<\/td>\n<td><\/td>\n<td><\/td>\n<td><\/td>\n<td><\/td>\n<\/tr>\n<tr>\n<td>Avkastning i prosent<\/td>\n<td>5,61<\/td>\n<td>3,49<\/td>\n<td>1,58<\/td>\n<td>2,91<\/td>\n<td><\/td>\n<td><\/td>\n<td><\/td>\n<td><\/td>\n<\/tr>\n<\/tbody>\n<\/table>\n<p>&nbsp;<\/p>\n<p>Plasseringane gav i 2016 ei avkastning p\u00e5 2,91 prosent eller 3,375 millionar kroner. Totalavkastninga p\u00e5 aksjar og obligasjonar (eks. utl\u00e5n) var p\u00e5 3,26 prosent, dette er 0,41 prosentpoeng betre enn ein \u00abnormalportef\u00f8ljen\u00bb sett til 30 prosent aksjar og 70 prosent obligasjonar. Aksjeportef\u00f8ljen har gitt 6,68 prosent i avkasting i 2016, dette er 1,81 prosent under gjennomsnitt avkastning av norske og globale aksjar. Obligasjonsportef\u00f8ljen har gitt 2,19 prosent avkastning i 2016, dette er 1,74 prosentpoeng over benchmark, som er norske statsobligasjonar med tre \u00e5rs durasjon<a href=\"https:\/\/sk-dokument.no\/arsmelding-2016\/#_ftn1\">[1]<\/a>. Det var budsjettert med kr 3\u00a0306 000 i avkastning p\u00e5 finansportef\u00f8ljen i 2016, inntektsf\u00f8rt avkasting vart 3\u00a0123 443. Ved utgongen av 2016 var midlane plassert i bankinnskot, renteb\u00e6rande verdipapir i norske bankar og sparebanker og aksjefonda Delphi verden og Storebrand global indeks. Kraftsalsfondet utgjer kr 58,6 millionar kr, resten er plassering av overskotslikviditet.<\/p>\n<p>&nbsp;<\/p>\n<p><a href=\"https:\/\/sk-dokument.no\/arsmelding-2016\/#_ftnref1\">[1]<\/a> Durasjon er den vekta gjennomsnittstida til forfall p\u00e5 ein obligasjon berekna ut fra n\u00e5verdien p\u00e5 framtidige kontantstr\u00f8ymar. Durasjon m\u00e5ler prissensitiviteten til ein obligasjon med omsyn p\u00e5 endringar i renta.<\/p>\n<p>&nbsp;<\/p>\n<p>&nbsp;<\/p>\n<p>&nbsp;<\/p>\n","protected":false},"excerpt":{"rendered":"<p>Utviklinga i marknadsverdi for plassering og samansetning av aktiva klassane: Tal i heile 1000 Tal i prosent Aktivaklassar 2013 2014 2015 2016 2013 2014 2015 2016 Obligasjonar\/sertifikat 85 552 91 764 71 267 73 552 68,0 69,9 64 63 Aksjefond internasjonale 16 500 19067 23 332 24 794 13,1 14,5 21 21 Kursregulering (valutasikring) 138<\/p>\n","protected":false},"author":2,"featured_media":0,"parent":86,"menu_order":7,"comment_status":"closed","ping_status":"closed","template":"","meta":{"footnotes":""},"jetpack_sharing_enabled":true,"_links":{"self":[{"href":"https:\/\/sk-dokument.no\/arsmelding-2016\/index.php?rest_route=\/wp\/v2\/pages\/93"}],"collection":[{"href":"https:\/\/sk-dokument.no\/arsmelding-2016\/index.php?rest_route=\/wp\/v2\/pages"}],"about":[{"href":"https:\/\/sk-dokument.no\/arsmelding-2016\/index.php?rest_route=\/wp\/v2\/types\/page"}],"author":[{"embeddable":true,"href":"https:\/\/sk-dokument.no\/arsmelding-2016\/index.php?rest_route=\/wp\/v2\/users\/2"}],"replies":[{"embeddable":true,"href":"https:\/\/sk-dokument.no\/arsmelding-2016\/index.php?rest_route=%2Fwp%2Fv2%2Fcomments&post=93"}],"version-history":[{"count":7,"href":"https:\/\/sk-dokument.no\/arsmelding-2016\/index.php?rest_route=\/wp\/v2\/pages\/93\/revisions"}],"predecessor-version":[{"id":1226,"href":"https:\/\/sk-dokument.no\/arsmelding-2016\/index.php?rest_route=\/wp\/v2\/pages\/93\/revisions\/1226"}],"up":[{"embeddable":true,"href":"https:\/\/sk-dokument.no\/arsmelding-2016\/index.php?rest_route=\/wp\/v2\/pages\/86"}],"wp:attachment":[{"href":"https:\/\/sk-dokument.no\/arsmelding-2016\/index.php?rest_route=%2Fwp%2Fv2%2Fmedia&parent=93"}],"curies":[{"name":"wp","href":"https:\/\/api.w.org\/{rel}","templated":true}]}}