{"id":105,"date":"2016-09-28T12:14:25","date_gmt":"2016-09-28T10:14:25","guid":{"rendered":"http:\/\/sk-dokument.no\/budsjett-og-okonomiplan-2018-2021\/?page_id=105"},"modified":"2017-10-24T13:49:37","modified_gmt":"2017-10-24T11:49:37","slug":"folkehelse","status":"publish","type":"page","link":"https:\/\/sk-dokument.no\/budsjett-og-okonomiplan-2018-2021\/?page_id=105","title":{"rendered":"Folkehelse"},"content":{"rendered":"<p>Folkehelselova set krav om systematisk folkehelsearbeid utifr\u00e5 lokale utfordringar. Arbeidet har tiltak i alle sektorar; m\u00e5l for dei ulike tenesteomr\u00e5da er ofte ogs\u00e5 folkehelsem\u00e5l. P\u00e5 bakgrunn av nasjonale\/regionale f\u00f8ringar og lokale kartleggingar er det utarbeida fem m\u00e5l for folkehelsearbeidet. M\u00e5la er knytt til helsefremjande tiltak meir enn sjukdomsf\u00f8rebygging, og samfunnsretta tiltak meir enn individuelle. Folkehelse handlar likevel mykje om korleis folk opplever kvardagen sin, noko som er vanskeleg \u00e5 m\u00e5la og m\u00e5lekartet har avgrensa verdi som styringsverkt\u00f8y<\/p>\n<table>\n<tbody>\n<tr>\n<td><strong>M\u00c5LEKART Folkehelse<\/strong><\/td>\n<td><strong>M\u00e5l 2018<\/strong><\/td>\n<td><strong>Stord 2016<\/strong><\/td>\n<td><strong>Stord 2015<\/strong><\/td>\n<td><strong>Norge 2016<\/strong><\/td>\n<\/tr>\n<tr>\n<td><strong>M\u00e5l 1 \u2013 Sterkare n\u00e6re sosiale nettverk<\/strong><\/td>\n<td><\/td>\n<td><\/td>\n<td><\/td>\n<td><\/td>\n<\/tr>\n<tr>\n<td>Trivst p\u00e5 skulen 10 klasse % (1)<\/td>\n<td>&gt;82<\/td>\n<td>81,8<\/td>\n<td>80,1<\/td>\n<td>86<\/td>\n<\/tr>\n<tr>\n<td>Plaga av einsemd vidareg\u00e5ande skule % (1)<\/td>\n<td>&lt; 22<\/td>\n<td>&#8211;<\/td>\n<td>23<\/td>\n<td>22<\/td>\n<\/tr>\n<tr>\n<td>Medlem i fritidsorganisasjon ungdomsskule % (1)<\/td>\n<td>&gt;72<\/td>\n<td>&#8211;<\/td>\n<td>71,8<\/td>\n<td>63<\/td>\n<\/tr>\n<tr>\n<td>Psykiske symptom\/liding 15-29 \u00e5r pr.1000 (1)<\/td>\n<td>&lt;150<\/td>\n<td>155<\/td>\n<td>158,3<\/td>\n<td>145,3<\/td>\n<\/tr>\n<tr>\n<td><strong>M\u00e5l 2 \u2013 Gode, inkluderande n\u00e6rmilj\u00f8<\/strong><\/td>\n<td><\/td>\n<td><\/td>\n<td><\/td>\n<td><\/td>\n<\/tr>\n<tr>\n<td>N\u00f8gd med lokalmilj\u00f8et vidareg\u00e5ande skule % (1)<\/td>\n<td>&gt; 72<\/td>\n<td>&#8211;<\/td>\n<td>71,6<\/td>\n<td>65<\/td>\n<\/tr>\n<tr>\n<td>Skadar behandla p\u00e5 sjukehus pr. 1000 (1)<\/td>\n<td>&lt; 13<\/td>\n<td>13,9<\/td>\n<td>13,9<\/td>\n<td>12,8<\/td>\n<\/tr>\n<tr>\n<td><strong>M\u00e5l 3 \u2013 Helsefremjande levevanar<\/strong><\/td>\n<td><\/td>\n<td><\/td>\n<td><\/td>\n<td><\/td>\n<\/tr>\n<tr>\n<td>Lite fysisk aktiv, ungdom % (1)<\/td>\n<td>&lt; 11<\/td>\n<td>&#8211;<\/td>\n<td>11,7<\/td>\n<td><\/td>\n<\/tr>\n<tr>\n<td>R\u00f8yking gravide % (1)<\/td>\n<td>&lt; 7<\/td>\n<td>7<\/td>\n<td>8<\/td>\n<td>10<\/td>\n<\/tr>\n<tr>\n<td>Overvekt og fedme ved sesjon % (1)<\/td>\n<td>&lt; 25<\/td>\n<td>25,4<\/td>\n<td>24,9<\/td>\n<td>22<\/td>\n<\/tr>\n<tr>\n<td>Hjarte og karsjukdom pr. 1000 (1)<\/td>\n<td>&lt; 121<\/td>\n<td>121,8<\/td>\n<td>121,7<\/td>\n<td>106,4<\/td>\n<\/tr>\n<tr>\n<td><strong>M\u00e5l 4 \u2013 Mindre sosiale skilnader i helse<\/strong><\/td>\n<td><\/td>\n<td><\/td>\n<td><\/td>\n<td><\/td>\n<\/tr>\n<tr>\n<td>Fr\u00e5fall vidareg\u00e5ande skule % (1)<\/td>\n<td>&lt; 22<\/td>\n<td>22<\/td>\n<td>23<\/td>\n<td>23<\/td>\n<\/tr>\n<tr>\n<td>Barn i l\u00e5ginntektsfamiliar % (1)<\/td>\n<td>&lt; 8<\/td>\n<td>8,4<\/td>\n<td>7,8<\/td>\n<td>11,5<\/td>\n<\/tr>\n<tr>\n<td>Brutto arbeidsl\u00f8yse 15-74 \u00e5r % november (2)<\/td>\n<td>&lt; 4<\/td>\n<td>4,4<\/td>\n<td>4,1<\/td>\n<td>2,8<\/td>\n<\/tr>\n<tr>\n<td>Uf\u00f8retrygda 18-44 \u00e5r % (1)<\/td>\n<td>&lt; 3<\/td>\n<td>3,1<\/td>\n<td>3<\/td>\n<td>2,6<\/td>\n<\/tr>\n<tr>\n<td>Mottakar av sosialst\u00f8nad 18-24 \u00e5r % (2)<\/td>\n<td>&lt; 8<\/td>\n<td>8,4<\/td>\n<td>6,7<\/td>\n<td>&#8211;<\/td>\n<\/tr>\n<tr>\n<td><strong>M\u00e5l 5 \u2013 Medverknad som grunnlag for utviklingsarbeid (lokale tal)<\/strong><\/td>\n<td><\/td>\n<td><\/td>\n<td><\/td>\n<td><\/td>\n<\/tr>\n<tr>\n<td>Gjennomf\u00f8rte folkehelseforum (tal forum)<\/td>\n<td>2<\/td>\n<td>2<\/td>\n<td>2<\/td>\n<td>&#8211;<\/td>\n<\/tr>\n<tr>\n<td>Brukarunders\u00f8king siste to \u00e5r (tal tenester)<\/td>\n<td>5<\/td>\n<td>4<\/td>\n<td>3<\/td>\n<td>&#8211;<\/td>\n<\/tr>\n<tr>\n<td>Medverknadstiltak (systemniv\u00e5) i skule\/barnehage<\/td>\n<td>4<\/td>\n<td>11<\/td>\n<td>&#8211;<\/td>\n<td>&#8211;<\/td>\n<\/tr>\n<\/tbody>\n<\/table>\n<p>(1) Tal fr\u00e5 Folkehelseinstituttet (2) Tal fr\u00e5 Statistisk sentralbyr\u00e5<\/p>\n<p>Helsa til folk i Stord er generelt god, men ogs\u00e5 i v\u00e5r kommune er det sosiale helseskilnader. I 2016 levde 382 barn i Stord i familiar med vedvarande l\u00e5g inntekt. Me har relativt mange unge uf\u00f8re, og talet p\u00e5 unge som f\u00e5r sosialst\u00f8nad aukar.<\/p>\n<p>Helse og trivsel heng saman med utdanning og inntekt. Tiltak for \u00e5 motverke fr\u00e5fall i skulen er viktig. Dette krev tverrfaglege tiln\u00e6rmingar heilt fr\u00e5 barnehagealder. Folkehelsearbeidet er her m.a. integrert i oppvekstsektoren sitt prosjekt Inkluderande barnehage og skule. Trivsel i skulen heng ogs\u00e5 saman med korleis ein har det i fritida. Gjennom samarbeid med ungdomsr\u00e5det, frivillige organisasjonar og ulike kommunale einingar blir det etablert nye sosiale m\u00f8teplassar for barn og unge.<\/p>\n<p>N\u00e6rmilj\u00f8et sine kvalitetar verkar og inn deltaking, inkludering og trivsel. Helsefremjande faktorar kan vera tryggleik, tilgang p\u00e5 sosiale m\u00f8teplassar, gode bu- og oppvekstomr\u00e5de og eit godt teneste- og servicetilbod. Omsyn til folkehelsa skal inng\u00e5 i plan- og utviklingsarbeid, og omtalast i saksutgreiingar. Oppdatert folkehelseoversikt er eit viktig grunnlag for planstrategi og kommunale planar.<\/p>\n<p>Psykiske vanskar og opplevd utanforskap er folkehelseutfordringar som treng meir merksemd. \u00c5 leggje til rette for deltaking for alle er sentralt i arbeidet mot sosiale helseskilnader. Folkehelsedagar er eit trivselfremjande arrangement som legg vekt p\u00e5 inkludering. Utstyrssentralen BUA gir fleire h\u00f8ve til \u00e5 delta i friluftsliv og fysisk aktivitet. Prosjektet Munn til munn skal redusere einsemd ved \u00e5 senke terskelen for \u00e5 delta i sosiale aktivitetar. <span>Kommunen samarbeider m.a. med Helse Fonna og Mental Helse om gjennomf\u00f8ring av opne temam\u00f8te om psykisk helse. <\/span><\/p>\n<p><span>Medverknad gir eit betre kunnskapsgrunnlag for gode avgjersler i tr\u00e5d med folk sine behov. Samtidig kan medverknad gi styrka sj\u00f8lvkjensle, identitet og tilh\u00f8yrsle. Det m\u00e5 utformast rutinar knytt til medverknad i systemarbeid. Folkehelseforum er m\u00f8teplass for dialog og utveksling av kunnskap innan tema folk er opptatt av. I prosjektet <i>N\u00e6rmilj\u00f8 og lokalsamfunn som fremjar folkehelse<\/i> er det gjennomf\u00f8rt ei stor kartlegging av kva som er viktig for trivselen til folk p\u00e5 Stord. Det er avgjerande at innspela fr\u00e5 folk blir f\u00f8lgt opp med tiltak<\/span><span>. <\/span><\/p>\n<p>Kommunen f\u00e5r \u00e5rlege tilskot fr\u00e5 fylkeskommunen til folkehelsearbeid. Tilskotet har gjort at tiltak som folkehelseforum, folkehelsedagar og temakveldar kan gjennomf\u00f8rast som l\u00e5gterskelarrangement. Sj\u00f8lv om summen er relativ liten (totalt kr 145\u3000000), har dette tilskotet vore avgjerande for at ogs\u00e5 andre akt\u00f8rar har bidratt. Som eit innsparingstiltak er det forslag om at tilskotet for 2018 skal nyttast til l\u00f8n (delfinansiering av 60% stilling som folkehelsekoordinator). Dette vil gje mindre ressursar til tiltak.<\/p>\n<p>&nbsp;<\/p>\n","protected":false},"excerpt":{"rendered":"<p>Folkehelselova set krav om systematisk folkehelsearbeid utifr\u00e5 lokale utfordringar. Arbeidet har tiltak i alle sektorar; m\u00e5l for dei ulike tenesteomr\u00e5da er ofte ogs\u00e5 folkehelsem\u00e5l. P\u00e5 bakgrunn av nasjonale\/regionale f\u00f8ringar og lokale kartleggingar er det utarbeida fem m\u00e5l for folkehelsearbeidet. M\u00e5la er knytt til helsefremjande tiltak meir enn sjukdomsf\u00f8rebygging, og samfunnsretta tiltak meir enn individuelle. Folkehelse<\/p>\n","protected":false},"author":4,"featured_media":0,"parent":91,"menu_order":4,"comment_status":"closed","ping_status":"closed","template":"","meta":{"footnotes":""},"jetpack_sharing_enabled":true,"_links":{"self":[{"href":"https:\/\/sk-dokument.no\/budsjett-og-okonomiplan-2018-2021\/index.php?rest_route=\/wp\/v2\/pages\/105"}],"collection":[{"href":"https:\/\/sk-dokument.no\/budsjett-og-okonomiplan-2018-2021\/index.php?rest_route=\/wp\/v2\/pages"}],"about":[{"href":"https:\/\/sk-dokument.no\/budsjett-og-okonomiplan-2018-2021\/index.php?rest_route=\/wp\/v2\/types\/page"}],"author":[{"embeddable":true,"href":"https:\/\/sk-dokument.no\/budsjett-og-okonomiplan-2018-2021\/index.php?rest_route=\/wp\/v2\/users\/4"}],"replies":[{"embeddable":true,"href":"https:\/\/sk-dokument.no\/budsjett-og-okonomiplan-2018-2021\/index.php?rest_route=%2Fwp%2Fv2%2Fcomments&post=105"}],"version-history":[{"count":12,"href":"https:\/\/sk-dokument.no\/budsjett-og-okonomiplan-2018-2021\/index.php?rest_route=\/wp\/v2\/pages\/105\/revisions"}],"predecessor-version":[{"id":1555,"href":"https:\/\/sk-dokument.no\/budsjett-og-okonomiplan-2018-2021\/index.php?rest_route=\/wp\/v2\/pages\/105\/revisions\/1555"}],"up":[{"embeddable":true,"href":"https:\/\/sk-dokument.no\/budsjett-og-okonomiplan-2018-2021\/index.php?rest_route=\/wp\/v2\/pages\/91"}],"wp:attachment":[{"href":"https:\/\/sk-dokument.no\/budsjett-og-okonomiplan-2018-2021\/index.php?rest_route=%2Fwp%2Fv2%2Fmedia&parent=105"}],"curies":[{"name":"wp","href":"https:\/\/api.w.org\/{rel}","templated":true}]}}