{"id":1070,"date":"2017-10-16T09:54:26","date_gmt":"2017-10-16T07:54:26","guid":{"rendered":"http:\/\/sk-dokument.no\/budsjett-og-okonomiplan-2018-2021\/?page_id=1070"},"modified":"2017-10-16T09:54:26","modified_gmt":"2017-10-16T07:54:26","slug":"andre-tenester","status":"publish","type":"page","link":"https:\/\/sk-dokument.no\/budsjett-og-okonomiplan-2018-2021\/?page_id=1070","title":{"rendered":"ANDRE TENESTER"},"content":{"rendered":"<p><strong>\u00a7 1 Teknisk grensep\u00e5vising<\/strong><\/p>\n<p>Ved teknisk grensep\u00e5vising vert eksisterande, koordinatfesta grenser merka i terrenget med spraymaling og p\u00e5vist for rekvirent. Grensene vert ikkje justert eller endra, og nabo vert ikkje innkalla.<\/p>\n<table width=\"599\">\n<tbody>\n<tr>\n<td width=\"520\"><strong>Teknisk grensep\u00e5vising<\/strong><\/td>\n<td width=\"79\"><strong>2018<\/strong><\/td>\n<\/tr>\n<tr>\n<td width=\"520\">Vert fakturert etter medg\u00e5tt tid, jf. pkt. 1.2.1 \u00a79<\/td>\n<td width=\"79\">*<\/td>\n<\/tr>\n<tr>\n<td width=\"520\">Minstegebyr: \u00a0 1 t kontorarbeid + 1 time markarbeid<\/td>\n<td width=\"79\">*<\/td>\n<\/tr>\n<\/tbody>\n<\/table>\n<p><strong>\u00a7 2 <\/strong><strong>Betalingsreglar<\/strong><\/p>\n<p>Det vert rekna meirverdiavgift av alle gebyr under punkt 1.2.7<\/p>\n","protected":false},"excerpt":{"rendered":"<p>\u00a7 1 Teknisk grensep\u00e5vising Ved teknisk grensep\u00e5vising vert eksisterande, koordinatfesta grenser merka i terrenget med spraymaling og p\u00e5vist for rekvirent. Grensene vert ikkje justert eller endra, og nabo vert ikkje innkalla. Teknisk grensep\u00e5vising 2018 Vert fakturert etter medg\u00e5tt tid, jf. pkt. 1.2.1 \u00a79 * Minstegebyr: \u00a0 1 t kontorarbeid + 1 time markarbeid * \u00a7<\/p>\n","protected":false},"author":13,"featured_media":0,"parent":287,"menu_order":7,"comment_status":"closed","ping_status":"closed","template":"","meta":{"footnotes":""},"jetpack_sharing_enabled":true,"_links":{"self":[{"href":"https:\/\/sk-dokument.no\/budsjett-og-okonomiplan-2018-2021\/index.php?rest_route=\/wp\/v2\/pages\/1070"}],"collection":[{"href":"https:\/\/sk-dokument.no\/budsjett-og-okonomiplan-2018-2021\/index.php?rest_route=\/wp\/v2\/pages"}],"about":[{"href":"https:\/\/sk-dokument.no\/budsjett-og-okonomiplan-2018-2021\/index.php?rest_route=\/wp\/v2\/types\/page"}],"author":[{"embeddable":true,"href":"https:\/\/sk-dokument.no\/budsjett-og-okonomiplan-2018-2021\/index.php?rest_route=\/wp\/v2\/users\/13"}],"replies":[{"embeddable":true,"href":"https:\/\/sk-dokument.no\/budsjett-og-okonomiplan-2018-2021\/index.php?rest_route=%2Fwp%2Fv2%2Fcomments&post=1070"}],"version-history":[{"count":1,"href":"https:\/\/sk-dokument.no\/budsjett-og-okonomiplan-2018-2021\/index.php?rest_route=\/wp\/v2\/pages\/1070\/revisions"}],"predecessor-version":[{"id":1071,"href":"https:\/\/sk-dokument.no\/budsjett-og-okonomiplan-2018-2021\/index.php?rest_route=\/wp\/v2\/pages\/1070\/revisions\/1071"}],"up":[{"embeddable":true,"href":"https:\/\/sk-dokument.no\/budsjett-og-okonomiplan-2018-2021\/index.php?rest_route=\/wp\/v2\/pages\/287"}],"wp:attachment":[{"href":"https:\/\/sk-dokument.no\/budsjett-og-okonomiplan-2018-2021\/index.php?rest_route=%2Fwp%2Fv2%2Fmedia&parent=1070"}],"curies":[{"name":"wp","href":"https:\/\/api.w.org\/{rel}","templated":true}]}}