{"id":285,"date":"2016-10-06T10:06:19","date_gmt":"2016-10-06T08:06:19","guid":{"rendered":"http:\/\/sk-dokument.no\/budsjett-og-okonomiplan-2018-2021\/?page_id=285"},"modified":"2017-10-13T12:50:48","modified_gmt":"2017-10-13T10:50:48","slug":"toming-slamavskiljar","status":"publish","type":"page","link":"https:\/\/sk-dokument.no\/budsjett-og-okonomiplan-2018-2021\/?page_id=285","title":{"rendered":"T\u00d8MING SLAMAVSKILJAR"},"content":{"rendered":"<p>&nbsp;<\/p>\n<table style=\"height: 553px;\" width=\"775\">\n<tbody>\n<tr>\n<td style=\"width: 561.88px;\" colspan=\"2\"><strong>\u00c5rsavgift<\/strong><\/td>\n<td style=\"width: 53.31px; text-align: right;\"><strong>2017<\/strong><\/td>\n<td style=\"width: 54.51px; text-align: right;\"><strong>2018<\/strong><\/td>\n<td style=\"width: 77.3px; text-align: right;\"><strong>Red. kr<\/strong><\/td>\n<\/tr>\n<tr>\n<td style=\"width: 561.88px;\" colspan=\"2\"><strong>Heil\u00e5rsbustad (t\u00f8ming annakvart \u00e5r)\u00a0<\/strong><\/td>\n<td style=\"width: 53.31px; text-align: right;\">576<\/td>\n<td style=\"width: 54.51px; text-align: right;\">576<\/td>\n<td style=\"width: 77.3px; text-align: right;\"><strong>0<\/strong><\/td>\n<\/tr>\n<tr>\n<td style=\"width: 561.88px;\" colspan=\"2\"><strong>Hytte\/fritidshus (t\u00f8ming kvart 4. \u00e5r)<\/strong><\/td>\n<td style=\"width: 53.31px; text-align: right;\">296<\/td>\n<td style=\"width: 54.51px; text-align: right;\">300<\/td>\n<td style=\"width: 77.3px; text-align: right;\"><strong>4<\/strong><\/td>\n<\/tr>\n<tr>\n<td style=\"width: 561.88px;\" colspan=\"2\"><strong>Minireinseanlegg skal ha t\u00f8ming kvart \u00e5r<\/strong><\/td>\n<td style=\"width: 53.31px; text-align: right;\"><\/td>\n<td style=\"width: 54.51px; text-align: right;\"><\/td>\n<td style=\"width: 77.3px; text-align: right;\"><\/td>\n<\/tr>\n<tr>\n<td style=\"width: 200.34px;\"><strong>\u00a0<\/strong><\/td>\n<td style=\"width: 355.54px; text-align: left;\"><strong>Tankstorleik<\/strong><\/td>\n<td style=\"width: 53.31px; text-align: right;\"><\/td>\n<td style=\"width: 54.51px; text-align: right;\"><\/td>\n<td style=\"width: 77.3px; text-align: right;\"><\/td>\n<\/tr>\n<tr>\n<td style=\"width: 200.34px;\"><strong>Heil\u00e5rsbustad<\/strong><\/td>\n<td style=\"width: 355.54px; text-align: left;\">0 &#8211; 4,0 m3 (ein husstand)<\/td>\n<td style=\"width: 53.31px; text-align: right;\">576<\/td>\n<td style=\"width: 54.51px; text-align: right;\">576<\/td>\n<td style=\"width: 77.3px; text-align: right;\"><strong>0<\/strong><\/td>\n<\/tr>\n<tr>\n<td style=\"width: 200.34px;\"><\/td>\n<td style=\"width: 355.54px; text-align: left;\">4,1 \u2013 9,5 m3 (ein husstand)<\/td>\n<td style=\"width: 53.31px; text-align: right;\">708<\/td>\n<td style=\"width: 54.51px; text-align: right;\">708<\/td>\n<td style=\"width: 77.3px; text-align: right;\"><strong>0<\/strong><\/td>\n<\/tr>\n<tr>\n<td style=\"width: 200.34px;\"><\/td>\n<td style=\"width: 355.54px; text-align: left;\">9,6 \u2013 16,5 m3\u00a0\u00a0 (ein husstand)<\/td>\n<td style=\"width: 53.31px; text-align: right;\">1545<\/td>\n<td style=\"width: 54.51px; text-align: right;\">1545<\/td>\n<td style=\"width: 77.3px; text-align: right;\"><strong>0<\/strong><\/td>\n<\/tr>\n<tr>\n<td style=\"width: 561.88px;\" colspan=\"2\"><strong>Felles tank uavhengig av volum, avgift per husstand<\/strong><\/td>\n<td style=\"width: 53.31px; text-align: right;\">459<\/td>\n<td style=\"width: 54.51px; text-align: right;\">459<\/td>\n<td style=\"width: 77.3px; text-align: right;\"><strong>0<\/strong><\/td>\n<\/tr>\n<tr>\n<td style=\"width: 200.34px;\"><strong>Fritidshus<\/strong><\/td>\n<td style=\"width: 355.54px;\">0 &#8211; 4,0 m3<\/td>\n<td style=\"width: 53.31px; text-align: right;\">296<\/td>\n<td style=\"width: 54.51px; text-align: right;\">300<\/td>\n<td style=\"width: 77.3px; text-align: right;\"><strong>4<\/strong><\/td>\n<\/tr>\n<tr>\n<td style=\"width: 561.88px;\" colspan=\"2\"><strong>Felles tank uavhengig av volum, avgift per husstand<\/strong><\/td>\n<td style=\"width: 53.31px; text-align: right;\">226<\/td>\n<td style=\"width: 54.51px; text-align: right;\">230<\/td>\n<td style=\"width: 77.3px; text-align: right;\"><strong>4<\/strong><\/td>\n<\/tr>\n<\/tbody>\n<\/table>\n<p dir=\"LTR\" align=\"LEFT\">Ekstra t\u00f8ming\/tilleggsarbeid vert fakturert direkte fr\u00e5 SIM. MVA kjem i tillegg.<\/p>\n<p>Det er ikkje utarbeidd s\u00e6rskilt avgiftsgrunnlag for avfallsavgift og slamt\u00f8ming, d\u00e5 dette vert utf\u00f8rt som leigd teneste av Sunnhordland Interkommunale Milj\u00f8verk (SIM).<\/p>\n<p>Kommunal kostnad g\u00e5r fram av driftsbudsjettet.<\/p>\n<p>&nbsp;<\/p>\n","protected":false},"excerpt":{"rendered":"<p>&nbsp; \u00c5rsavgift 2017 2018 Red. kr Heil\u00e5rsbustad (t\u00f8ming annakvart \u00e5r)\u00a0 576 576 0 Hytte\/fritidshus (t\u00f8ming kvart 4. \u00e5r) 296 300 4 Minireinseanlegg skal ha t\u00f8ming kvart \u00e5r \u00a0 Tankstorleik Heil\u00e5rsbustad 0 &#8211; 4,0 m3 (ein husstand) 576 576 0 4,1 \u2013 9,5 m3 (ein husstand) 708 708 0 9,6 \u2013 16,5 m3\u00a0\u00a0 (ein husstand) 1545<\/p>\n","protected":false},"author":13,"featured_media":0,"parent":277,"menu_order":4,"comment_status":"closed","ping_status":"closed","template":"","meta":{"footnotes":""},"jetpack_sharing_enabled":true,"_links":{"self":[{"href":"https:\/\/sk-dokument.no\/budsjett-og-okonomiplan-2018-2021\/index.php?rest_route=\/wp\/v2\/pages\/285"}],"collection":[{"href":"https:\/\/sk-dokument.no\/budsjett-og-okonomiplan-2018-2021\/index.php?rest_route=\/wp\/v2\/pages"}],"about":[{"href":"https:\/\/sk-dokument.no\/budsjett-og-okonomiplan-2018-2021\/index.php?rest_route=\/wp\/v2\/types\/page"}],"author":[{"embeddable":true,"href":"https:\/\/sk-dokument.no\/budsjett-og-okonomiplan-2018-2021\/index.php?rest_route=\/wp\/v2\/users\/13"}],"replies":[{"embeddable":true,"href":"https:\/\/sk-dokument.no\/budsjett-og-okonomiplan-2018-2021\/index.php?rest_route=%2Fwp%2Fv2%2Fcomments&post=285"}],"version-history":[{"count":12,"href":"https:\/\/sk-dokument.no\/budsjett-og-okonomiplan-2018-2021\/index.php?rest_route=\/wp\/v2\/pages\/285\/revisions"}],"predecessor-version":[{"id":1026,"href":"https:\/\/sk-dokument.no\/budsjett-og-okonomiplan-2018-2021\/index.php?rest_route=\/wp\/v2\/pages\/285\/revisions\/1026"}],"up":[{"embeddable":true,"href":"https:\/\/sk-dokument.no\/budsjett-og-okonomiplan-2018-2021\/index.php?rest_route=\/wp\/v2\/pages\/277"}],"wp:attachment":[{"href":"https:\/\/sk-dokument.no\/budsjett-og-okonomiplan-2018-2021\/index.php?rest_route=%2Fwp%2Fv2%2Fmedia&parent=285"}],"curies":[{"name":"wp","href":"https:\/\/api.w.org\/{rel}","templated":true}]}}