{"id":59,"date":"2016-10-05T08:40:03","date_gmt":"2016-10-05T06:40:03","guid":{"rendered":"http:\/\/sk-dokument.no\/hamn-budsjettogokonomiplan-2017-2020\/?page_id=59"},"modified":"2016-10-18T11:42:00","modified_gmt":"2016-10-18T09:42:00","slug":"parkering","status":"publish","type":"page","link":"https:\/\/sk-dokument.no\/hamn-budsjettogokonomiplan-2017-2020\/?page_id=59","title":{"rendered":"Parkering"},"content":{"rendered":"<table>\n<tbody>\n<tr>\n<td colspan=\"2\">Satsar<\/td>\n<\/tr>\n<tr>\n<td width=\"261\">Parkeringsleige for ikkje-leigetakarar i Stord hamnestell sine bygg:<\/td>\n<td width=\"261\">kr 815 pr. mnd.<\/td>\n<\/tr>\n<tr>\n<td width=\"261\">Parkeringsleige for leigetakarar i Stord hamnestell sine bygg:<\/td>\n<td width=\"261\">kr 700 pr. mnd.<\/td>\n<\/tr>\n<tr>\n<td width=\"261\">Parkering av k\u00f8yret\u00f8y utan avtale med hamnestellet vert fakturert med<\/td>\n<td width=\"261\">kr 150 pr. d\u00f8gn<\/td>\n<\/tr>\n<\/tbody>\n<\/table>\n","protected":false},"excerpt":{"rendered":"<p>Satsar Parkeringsleige for ikkje-leigetakarar i Stord hamnestell sine bygg: kr 815 pr. mnd. Parkeringsleige for leigetakarar i Stord hamnestell sine bygg: kr 700 pr. mnd. Parkering av k\u00f8yret\u00f8y utan avtale med hamnestellet vert fakturert med kr 150 pr. d\u00f8gn<\/p>\n","protected":false},"author":13,"featured_media":0,"parent":26,"menu_order":15,"comment_status":"closed","ping_status":"closed","template":"","meta":{"footnotes":""},"jetpack_sharing_enabled":true,"_links":{"self":[{"href":"https:\/\/sk-dokument.no\/hamn-budsjettogokonomiplan-2017-2020\/index.php?rest_route=\/wp\/v2\/pages\/59"}],"collection":[{"href":"https:\/\/sk-dokument.no\/hamn-budsjettogokonomiplan-2017-2020\/index.php?rest_route=\/wp\/v2\/pages"}],"about":[{"href":"https:\/\/sk-dokument.no\/hamn-budsjettogokonomiplan-2017-2020\/index.php?rest_route=\/wp\/v2\/types\/page"}],"author":[{"embeddable":true,"href":"https:\/\/sk-dokument.no\/hamn-budsjettogokonomiplan-2017-2020\/index.php?rest_route=\/wp\/v2\/users\/13"}],"replies":[{"embeddable":true,"href":"https:\/\/sk-dokument.no\/hamn-budsjettogokonomiplan-2017-2020\/index.php?rest_route=%2Fwp%2Fv2%2Fcomments&post=59"}],"version-history":[{"count":9,"href":"https:\/\/sk-dokument.no\/hamn-budsjettogokonomiplan-2017-2020\/index.php?rest_route=\/wp\/v2\/pages\/59\/revisions"}],"predecessor-version":[{"id":312,"href":"https:\/\/sk-dokument.no\/hamn-budsjettogokonomiplan-2017-2020\/index.php?rest_route=\/wp\/v2\/pages\/59\/revisions\/312"}],"up":[{"embeddable":true,"href":"https:\/\/sk-dokument.no\/hamn-budsjettogokonomiplan-2017-2020\/index.php?rest_route=\/wp\/v2\/pages\/26"}],"wp:attachment":[{"href":"https:\/\/sk-dokument.no\/hamn-budsjettogokonomiplan-2017-2020\/index.php?rest_route=%2Fwp%2Fv2%2Fmedia&parent=59"}],"curies":[{"name":"wp","href":"https:\/\/api.w.org\/{rel}","templated":true}]}}