{"id":6,"date":"2016-10-04T12:58:10","date_gmt":"2016-10-04T10:58:10","guid":{"rendered":"http:\/\/sk-dokument.no\/hamn-budsjettogokonomiplan-2017-2020\/?page_id=6"},"modified":"2016-10-18T11:46:54","modified_gmt":"2016-10-18T09:46:54","slug":"smabathamna-i-leirvik-batplassprisar","status":"publish","type":"page","link":"https:\/\/sk-dokument.no\/hamn-budsjettogokonomiplan-2017-2020\/?page_id=6","title":{"rendered":"Sm\u00e5b\u00e5thamna i Leirvik &#8211; b\u00e5tplassprisar"},"content":{"rendered":"<p><strong>Gjeldande fr\u00e5 1.1.2017 til 31.12.2017\u00a0 <\/strong><\/p>\n<table>\n<tbody>\n<tr>\n<td><strong>\u00a0<\/strong><\/td>\n<td style=\"text-align: left;\"><strong>Storleik p\u00e5 b\u00e5ten<\/strong><\/td>\n<td><strong>Kvartal<\/strong><\/td>\n<td><strong>Halv\u00e5r<\/strong><\/td>\n<td><strong>\u00c5r<\/strong><\/td>\n<\/tr>\n<tr>\n<td><strong>Leirvik sm\u00e5b\u00e5thamn<\/strong><\/td>\n<td style=\"text-align: left;\">Under 20 fot<\/td>\n<td>1 173<\/td>\n<td>2 345<\/td>\n<td>4 690<\/td>\n<\/tr>\n<tr>\n<td><strong>\u00a0<\/strong><\/td>\n<td style=\"text-align: left;\">F.o.m. 21 til 25 fot<\/td>\n<td>1 580<\/td>\n<td>3 161<\/td>\n<td>6 322<\/td>\n<\/tr>\n<tr>\n<td><strong>\u00a0<\/strong><\/td>\n<td style=\"text-align: left;\">F.o.m. 26 til 30 fot<\/td>\n<td>2 047<\/td>\n<td>4 092<\/td>\n<td>8 185<\/td>\n<\/tr>\n<tr>\n<td><strong>\u00a0<\/strong><\/td>\n<td style=\"text-align: left;\">Over 30 fot (pr. fot)<\/td>\n<td>102<\/td>\n<td>204<\/td>\n<td>407<\/td>\n<\/tr>\n<\/tbody>\n<\/table>\n<p>&nbsp;<\/p>\n","protected":false},"excerpt":{"rendered":"<p>Gjeldande fr\u00e5 1.1.2017 til 31.12.2017\u00a0 \u00a0 Storleik p\u00e5 b\u00e5ten Kvartal Halv\u00e5r \u00c5r Leirvik sm\u00e5b\u00e5thamn Under 20 fot 1 173 2 345 4 690 \u00a0 F.o.m. 21 til 25 fot 1 580 3 161 6 322 \u00a0 F.o.m. 26 til 30 fot 2 047 4 092 8 185 \u00a0 Over 30 fot (pr. fot) 102 204<\/p>\n","protected":false},"author":13,"featured_media":0,"parent":0,"menu_order":5,"comment_status":"closed","ping_status":"closed","template":"","meta":{"footnotes":""},"jetpack_sharing_enabled":true,"_links":{"self":[{"href":"https:\/\/sk-dokument.no\/hamn-budsjettogokonomiplan-2017-2020\/index.php?rest_route=\/wp\/v2\/pages\/6"}],"collection":[{"href":"https:\/\/sk-dokument.no\/hamn-budsjettogokonomiplan-2017-2020\/index.php?rest_route=\/wp\/v2\/pages"}],"about":[{"href":"https:\/\/sk-dokument.no\/hamn-budsjettogokonomiplan-2017-2020\/index.php?rest_route=\/wp\/v2\/types\/page"}],"author":[{"embeddable":true,"href":"https:\/\/sk-dokument.no\/hamn-budsjettogokonomiplan-2017-2020\/index.php?rest_route=\/wp\/v2\/users\/13"}],"replies":[{"embeddable":true,"href":"https:\/\/sk-dokument.no\/hamn-budsjettogokonomiplan-2017-2020\/index.php?rest_route=%2Fwp%2Fv2%2Fcomments&post=6"}],"version-history":[{"count":7,"href":"https:\/\/sk-dokument.no\/hamn-budsjettogokonomiplan-2017-2020\/index.php?rest_route=\/wp\/v2\/pages\/6\/revisions"}],"predecessor-version":[{"id":317,"href":"https:\/\/sk-dokument.no\/hamn-budsjettogokonomiplan-2017-2020\/index.php?rest_route=\/wp\/v2\/pages\/6\/revisions\/317"}],"wp:attachment":[{"href":"https:\/\/sk-dokument.no\/hamn-budsjettogokonomiplan-2017-2020\/index.php?rest_route=%2Fwp%2Fv2%2Fmedia&parent=6"}],"curies":[{"name":"wp","href":"https:\/\/api.w.org\/{rel}","templated":true}]}}