{"id":102,"date":"2017-06-30T09:38:44","date_gmt":"2017-06-30T07:38:44","guid":{"rendered":"http:\/\/sk-dokument.no\/hmt-system-rev-11-19\/?page_id=102"},"modified":"2017-07-04T11:52:20","modified_gmt":"2017-07-04T09:52:20","slug":"5-2-arbeidsgjevar","status":"publish","type":"page","link":"https:\/\/sk-dokument.no\/hmt-system\/hmt-organisering-i-stord-kommune\/5-2-arbeidsgjevar\/","title":{"rendered":"5.2 Arbeidsgjevar"},"content":{"rendered":"<p>Som arbeidsgjevar meinast tilsette i Stord kommune som har eit, etter delagasjonsreglementet, personalansvar for andre tilsette. Arbeidsgjevar er ansvarleg for at Arbeidsmilj\u00f8lova med tilh\u00f8yrande forskrifter til ei kvar tid vert fulgt innafor eige ansvarsomr\u00e5de.<\/p>\n<p>R\u00e5dmannen er HMT-ansvarleg, og delegerer til einingsleiarane som skal syta for:<\/p>\n<ul>\n<li>at arbeid blir planlagt og utf\u00f8rt i samsvar med eininga sine interne instruksar, prosedyrar, lover og f\u00f8resegner<\/li>\n<li>at arbeidsmilj\u00f8et blir underlagt l\u00f8ypande kartlegging og vurdering<\/li>\n<li>at tilh\u00f8ve som er i strid med instruksar og reglar vert registrert som avvik og handsama etter gjeldande rutinar<\/li>\n<li>at alvorlege ulukker snarast blir meld til strategisk leiing, HMT-leiar og HVO. Desse har ansvar for melding til Arbeidstilsynet og eventuelt politiet<\/li>\n<li>at det ved skader eller ulukker vert skrive skademelding til NAV og til kommunen sitt forsikringsselskap, jamf\u00f8r \u00a711 i Hovudtariffavtalen.<\/li>\n<\/ul>\n","protected":false},"excerpt":{"rendered":"<p>Som arbeidsgjevar meinast tilsette i Stord kommune som har eit, etter delagasjonsreglementet, personalansvar for andre tilsette. Arbeidsgjevar er ansvarleg for at Arbeidsmilj\u00f8lova med tilh\u00f8yrande forskrifter til ei kvar tid vert fulgt innafor eige ansvarsomr\u00e5de. R\u00e5dmannen er HMT-ansvarleg, og delegerer til einingsleiarane som skal syta for: at arbeid blir planlagt og utf\u00f8rt i samsvar med eininga<\/p>\n","protected":false},"author":5,"featured_media":0,"parent":29,"menu_order":2,"comment_status":"closed","ping_status":"closed","template":"","meta":{"footnotes":""},"jetpack_sharing_enabled":true,"_links":{"self":[{"href":"https:\/\/sk-dokument.no\/hmt-system\/wp-json\/wp\/v2\/pages\/102"}],"collection":[{"href":"https:\/\/sk-dokument.no\/hmt-system\/wp-json\/wp\/v2\/pages"}],"about":[{"href":"https:\/\/sk-dokument.no\/hmt-system\/wp-json\/wp\/v2\/types\/page"}],"author":[{"embeddable":true,"href":"https:\/\/sk-dokument.no\/hmt-system\/wp-json\/wp\/v2\/users\/5"}],"replies":[{"embeddable":true,"href":"https:\/\/sk-dokument.no\/hmt-system\/wp-json\/wp\/v2\/comments?post=102"}],"version-history":[{"count":10,"href":"https:\/\/sk-dokument.no\/hmt-system\/wp-json\/wp\/v2\/pages\/102\/revisions"}],"predecessor-version":[{"id":358,"href":"https:\/\/sk-dokument.no\/hmt-system\/wp-json\/wp\/v2\/pages\/102\/revisions\/358"}],"up":[{"embeddable":true,"href":"https:\/\/sk-dokument.no\/hmt-system\/wp-json\/wp\/v2\/pages\/29"}],"wp:attachment":[{"href":"https:\/\/sk-dokument.no\/hmt-system\/wp-json\/wp\/v2\/media?parent=102"}],"curies":[{"name":"wp","href":"https:\/\/api.w.org\/{rel}","templated":true}]}}