{"id":423,"date":"2017-07-13T13:15:59","date_gmt":"2017-07-13T11:15:59","guid":{"rendered":"http:\/\/sk-dokument.no\/hmt-system-rev-11-19\/?page_id=423"},"modified":"2019-11-12T11:25:42","modified_gmt":"2019-11-12T10:25:42","slug":"hmt-organisering-i-eininga","status":"publish","type":"page","link":"https:\/\/sk-dokument.no\/hmt-system\/9-hmt-pa-einingsniva\/hmt-organisering-i-eininga\/","title":{"rendered":"10.5 HMT-organisering i eininga"},"content":{"rendered":"<p>I kvar eining skal det koma fram korleis eininga er organisert med tanke p\u00e5 fordeling av ansvar, oppg\u00e5ver og mynde som gjeld HMT.<br \/>\nEiningsleiaren gjev melding til HVO og HMT-leiar ved val av nytt verneombod.<\/p>\n<p>Samarbeid med bedriftshelsetenesta vert koordinert av HMT leiar, og aktivitet vert gjennomg\u00e5tt kvartalsvis i overordna samarbeidsm\u00f8te. Einingane kan p\u00e5 eige initiativ ta kontakt med MEDCO bht for tinging av tenester.<br \/>\nAvtalen v\u00e5r med MEDCO bht er ein rammeavtale, der lovp\u00e5lagte helsekontrollar er inkludert. Det vil seia at tenester utanom dette blir fakturert etter eige prisliste. Tenester i denne kategorien vert som hovudregel fakturert direkte til einingane.<\/p>\n","protected":false},"excerpt":{"rendered":"<p>I kvar eining skal det koma fram korleis eininga er organisert med tanke p\u00e5 fordeling av ansvar, oppg\u00e5ver og mynde som gjeld HMT. Einingsleiaren gjev melding til HVO og HMT-leiar ved val av nytt verneombod. Samarbeid med bedriftshelsetenesta vert koordinert av HMT leiar, og aktivitet vert gjennomg\u00e5tt kvartalsvis i overordna samarbeidsm\u00f8te. Einingane kan p\u00e5 eige<\/p>\n","protected":false},"author":5,"featured_media":0,"parent":87,"menu_order":5,"comment_status":"closed","ping_status":"closed","template":"","meta":{"footnotes":""},"jetpack_sharing_enabled":true,"_links":{"self":[{"href":"https:\/\/sk-dokument.no\/hmt-system\/wp-json\/wp\/v2\/pages\/423"}],"collection":[{"href":"https:\/\/sk-dokument.no\/hmt-system\/wp-json\/wp\/v2\/pages"}],"about":[{"href":"https:\/\/sk-dokument.no\/hmt-system\/wp-json\/wp\/v2\/types\/page"}],"author":[{"embeddable":true,"href":"https:\/\/sk-dokument.no\/hmt-system\/wp-json\/wp\/v2\/users\/5"}],"replies":[{"embeddable":true,"href":"https:\/\/sk-dokument.no\/hmt-system\/wp-json\/wp\/v2\/comments?post=423"}],"version-history":[{"count":3,"href":"https:\/\/sk-dokument.no\/hmt-system\/wp-json\/wp\/v2\/pages\/423\/revisions"}],"predecessor-version":[{"id":475,"href":"https:\/\/sk-dokument.no\/hmt-system\/wp-json\/wp\/v2\/pages\/423\/revisions\/475"}],"up":[{"embeddable":true,"href":"https:\/\/sk-dokument.no\/hmt-system\/wp-json\/wp\/v2\/pages\/87"}],"wp:attachment":[{"href":"https:\/\/sk-dokument.no\/hmt-system\/wp-json\/wp\/v2\/media?parent=423"}],"curies":[{"name":"wp","href":"https:\/\/api.w.org\/{rel}","templated":true}]}}