{"id":429,"date":"2017-07-13T13:17:12","date_gmt":"2017-07-13T11:17:12","guid":{"rendered":"http:\/\/sk-dokument.no\/hmt-system-rev-11-19\/?page_id=429"},"modified":"2017-07-13T14:16:01","modified_gmt":"2017-07-13T12:16:01","slug":"miljofyrtarn","status":"publish","type":"page","link":"https:\/\/sk-dokument.no\/hmt-system\/9-hmt-pa-einingsniva\/miljofyrtarn\/","title":{"rendered":"10.8 Milj\u00f8fyrt\u00e5rn"},"content":{"rendered":"<p>Alle einingar skal registrerast i Milj\u00f8fyrt\u00e5rnportalen, og skal sertifiserast i tr\u00e5d med rulleringsplan i kommunen.<\/p>\n<p>Einingar som er planlagt, eller er sertifisert, skal f\u00f8lgja aktivitetar i HMT\/Milj\u00f8fyrt\u00e5rn-\u00e5rshjul i Compilo. Dette regulerer blant anna \u00e5rleg klima- og milj\u00f8rapport for eininga. Denne skal leverast i portalen, av milj\u00f8fyrt\u00e5rnansvarleg i eininga.<\/p>\n","protected":false},"excerpt":{"rendered":"<p>Alle einingar skal registrerast i Milj\u00f8fyrt\u00e5rnportalen, og skal sertifiserast i tr\u00e5d med rulleringsplan i kommunen. Einingar som er planlagt, eller er sertifisert, skal f\u00f8lgja aktivitetar i HMT\/Milj\u00f8fyrt\u00e5rn-\u00e5rshjul i Compilo. Dette regulerer blant anna \u00e5rleg klima- og milj\u00f8rapport for eininga. Denne skal leverast i portalen, av milj\u00f8fyrt\u00e5rnansvarleg i eininga.<\/p>\n","protected":false},"author":5,"featured_media":0,"parent":87,"menu_order":8,"comment_status":"closed","ping_status":"closed","template":"","meta":{"footnotes":""},"jetpack_sharing_enabled":true,"_links":{"self":[{"href":"https:\/\/sk-dokument.no\/hmt-system\/wp-json\/wp\/v2\/pages\/429"}],"collection":[{"href":"https:\/\/sk-dokument.no\/hmt-system\/wp-json\/wp\/v2\/pages"}],"about":[{"href":"https:\/\/sk-dokument.no\/hmt-system\/wp-json\/wp\/v2\/types\/page"}],"author":[{"embeddable":true,"href":"https:\/\/sk-dokument.no\/hmt-system\/wp-json\/wp\/v2\/users\/5"}],"replies":[{"embeddable":true,"href":"https:\/\/sk-dokument.no\/hmt-system\/wp-json\/wp\/v2\/comments?post=429"}],"version-history":[{"count":3,"href":"https:\/\/sk-dokument.no\/hmt-system\/wp-json\/wp\/v2\/pages\/429\/revisions"}],"predecessor-version":[{"id":445,"href":"https:\/\/sk-dokument.no\/hmt-system\/wp-json\/wp\/v2\/pages\/429\/revisions\/445"}],"up":[{"embeddable":true,"href":"https:\/\/sk-dokument.no\/hmt-system\/wp-json\/wp\/v2\/pages\/87"}],"wp:attachment":[{"href":"https:\/\/sk-dokument.no\/hmt-system\/wp-json\/wp\/v2\/media?parent=429"}],"curies":[{"name":"wp","href":"https:\/\/api.w.org\/{rel}","templated":true}]}}