{"id":24,"date":"2017-10-13T10:05:45","date_gmt":"2017-10-13T08:05:45","guid":{"rendered":"http:\/\/sk-dokument.no\/innspelsrapport\/?page_id=24"},"modified":"2017-11-07T09:08:47","modified_gmt":"2017-11-07T08:08:47","slug":"innspel-fra-grupper","status":"publish","type":"page","link":"https:\/\/sk-dokument.no\/innspelsrapport\/?page_id=24","title":{"rendered":"5.2 Innspel fr\u00e5 grupper"},"content":{"rendered":"<p dir=\"LTR\" align=\"LEFT\">F\u00f8lgjande grupper har gitt felles innspel:<\/p>\n<ul>\n<li>Ungdomsgruppe ved Utekontakten<\/li>\n<li>Brukarar\/tilsette ved Podlen verkstad (verna verksemd)<\/li>\n<li>Foreldreutval for barnehagar<\/li>\n<li>Deltakarar ved Springbrettet (NAV-tiltak for unge med sosialst\u00f8nad)<\/li>\n<li>Brukarar og tilsette ved Hamna kontaktsenter (kommunalt tilbod for personar med psykiske vanskar)<\/li>\n<li>IL Trott v\/styret<\/li>\n<li>Deltakarar p\u00e5 Mogelegheitskaf\u00e9en \u2013 m\u00f8teplass for arbeidss\u00f8kjande<\/li>\n<\/ul>\n<p dir=\"LTR\" align=\"LEFT\">I avsnitta <i>M\u00f8teplassar i bruk<\/i> og <i>Barrierar for deltaking<\/i> er ein del av innspela fr\u00e5 gruppene over presentert for seg. Utanom dette er alle innspel fr\u00e5 grupper inkludert i presentasjonen av innspel generelt.<\/p>\n<p>&nbsp;<\/p>\n","protected":false},"excerpt":{"rendered":"<p>F\u00f8lgjande grupper har gitt felles innspel: Ungdomsgruppe ved Utekontakten Brukarar\/tilsette ved Podlen verkstad (verna verksemd) Foreldreutval for barnehagar Deltakarar ved Springbrettet (NAV-tiltak for unge med sosialst\u00f8nad) Brukarar og tilsette ved Hamna kontaktsenter (kommunalt tilbod for personar med psykiske vanskar) IL Trott v\/styret Deltakarar p\u00e5 Mogelegheitskaf\u00e9en \u2013 m\u00f8teplass for arbeidss\u00f8kjande I avsnitta M\u00f8teplassar i bruk og<\/p>\n","protected":false},"author":20,"featured_media":0,"parent":18,"menu_order":2,"comment_status":"closed","ping_status":"closed","template":"","meta":{"footnotes":""},"jetpack_sharing_enabled":true,"_links":{"self":[{"href":"https:\/\/sk-dokument.no\/innspelsrapport\/index.php?rest_route=\/wp\/v2\/pages\/24"}],"collection":[{"href":"https:\/\/sk-dokument.no\/innspelsrapport\/index.php?rest_route=\/wp\/v2\/pages"}],"about":[{"href":"https:\/\/sk-dokument.no\/innspelsrapport\/index.php?rest_route=\/wp\/v2\/types\/page"}],"author":[{"embeddable":true,"href":"https:\/\/sk-dokument.no\/innspelsrapport\/index.php?rest_route=\/wp\/v2\/users\/20"}],"replies":[{"embeddable":true,"href":"https:\/\/sk-dokument.no\/innspelsrapport\/index.php?rest_route=%2Fwp%2Fv2%2Fcomments&post=24"}],"version-history":[{"count":5,"href":"https:\/\/sk-dokument.no\/innspelsrapport\/index.php?rest_route=\/wp\/v2\/pages\/24\/revisions"}],"predecessor-version":[{"id":390,"href":"https:\/\/sk-dokument.no\/innspelsrapport\/index.php?rest_route=\/wp\/v2\/pages\/24\/revisions\/390"}],"up":[{"embeddable":true,"href":"https:\/\/sk-dokument.no\/innspelsrapport\/index.php?rest_route=\/wp\/v2\/pages\/18"}],"wp:attachment":[{"href":"https:\/\/sk-dokument.no\/innspelsrapport\/index.php?rest_route=%2Fwp%2Fv2%2Fmedia&parent=24"}],"curies":[{"name":"wp","href":"https:\/\/api.w.org\/{rel}","templated":true}]}}