{"id":279,"date":"2017-11-01T11:38:46","date_gmt":"2017-11-01T10:38:46","guid":{"rendered":"http:\/\/sk-dokument.no\/innspelsrapport\/?page_id=279"},"modified":"2017-11-08T11:06:50","modified_gmt":"2017-11-08T10:06:50","slug":"organisering-og-nasjonale-mal","status":"publish","type":"page","link":"https:\/\/sk-dokument.no\/innspelsrapport\/?page_id=279","title":{"rendered":"2.1 Organisering og nasjonale m\u00e5l"},"content":{"rendered":"<p>Bakgrunnen for dette arbeidet er det nasjonale prosjektet <i>N\u00e6rmilj\u00f8 og lokalsamfunn som fremjar folkehelse<\/i>. Stord er ein av 42 kommunar som deltek, saman med 8 fylkeskommunar og fleire h\u00f8gskular. Helsedirektoratet st\u00e5r bak prosjektet, som har som m\u00e5l \u00e5 utvikle betre metodar for \u00e5 f\u00e5 fram kunnskap om kva som bidrar til livskvalitet og trivsel, og om korleis folk har det i lokalsamfunna. Prosjektperioden er 3 \u00e5r (2016-2018).<\/p>\n<p>I Hordaland deltek kommunane Ask\u00f8y, Fjell, B\u00f8mlo og Stord saman med Hordaland fylkeskommune og H\u00f8gskulen p\u00e5 Vestlandet. Kvar av kommunane har sitt eige lokale prosjekt. I Stord er prosjektet forankra i folkehelser\u00e5det, og ordf\u00f8raren har signert avtalen med fylkeskommunen. R\u00e5dmannen er prosjektansvarleg og folkehelsekoordinator er prosjektleiar. Det er\u00a0oppretta fleire prosjektgrupper\/arbeidsgrupper som har hatt ansvar for utvikling og gjennomf\u00f8ring av prosjektet. Gruppene har hatt representantar fr\u00e5 ulike innbyggjargrupper og ulike fagmilj\u00f8. Den lokale kunnskapen til innbyggjarrepresentantane har vore s\u00e6rskilt viktig for arbeidet.<\/p>\n<p>Prosjektarbeidet\u00a0er hovudsakleg finansiert av statlege tilskotsmidlar, i tillegg til frivillig arbeid fr\u00e5 organisasjonar og innbyggjarar.<\/p>\n","protected":false},"excerpt":{"rendered":"<p>Bakgrunnen for dette arbeidet er det nasjonale prosjektet N\u00e6rmilj\u00f8 og lokalsamfunn som fremjar folkehelse. Stord er ein av 42 kommunar som deltek, saman med 8 fylkeskommunar og fleire h\u00f8gskular. Helsedirektoratet st\u00e5r bak prosjektet, som har som m\u00e5l \u00e5 utvikle betre metodar for \u00e5 f\u00e5 fram kunnskap om kva som bidrar til livskvalitet og trivsel, og<\/p>\n","protected":false},"author":20,"featured_media":0,"parent":13,"menu_order":1,"comment_status":"closed","ping_status":"closed","template":"","meta":{"footnotes":""},"jetpack_sharing_enabled":true,"_links":{"self":[{"href":"https:\/\/sk-dokument.no\/innspelsrapport\/index.php?rest_route=\/wp\/v2\/pages\/279"}],"collection":[{"href":"https:\/\/sk-dokument.no\/innspelsrapport\/index.php?rest_route=\/wp\/v2\/pages"}],"about":[{"href":"https:\/\/sk-dokument.no\/innspelsrapport\/index.php?rest_route=\/wp\/v2\/types\/page"}],"author":[{"embeddable":true,"href":"https:\/\/sk-dokument.no\/innspelsrapport\/index.php?rest_route=\/wp\/v2\/users\/20"}],"replies":[{"embeddable":true,"href":"https:\/\/sk-dokument.no\/innspelsrapport\/index.php?rest_route=%2Fwp%2Fv2%2Fcomments&post=279"}],"version-history":[{"count":6,"href":"https:\/\/sk-dokument.no\/innspelsrapport\/index.php?rest_route=\/wp\/v2\/pages\/279\/revisions"}],"predecessor-version":[{"id":395,"href":"https:\/\/sk-dokument.no\/innspelsrapport\/index.php?rest_route=\/wp\/v2\/pages\/279\/revisions\/395"}],"up":[{"embeddable":true,"href":"https:\/\/sk-dokument.no\/innspelsrapport\/index.php?rest_route=\/wp\/v2\/pages\/13"}],"wp:attachment":[{"href":"https:\/\/sk-dokument.no\/innspelsrapport\/index.php?rest_route=%2Fwp%2Fv2%2Fmedia&parent=279"}],"curies":[{"name":"wp","href":"https:\/\/api.w.org\/{rel}","templated":true}]}}