{"id":34,"date":"2017-10-13T10:08:23","date_gmt":"2017-10-13T08:08:23","guid":{"rendered":"http:\/\/sk-dokument.no\/innspelsrapport\/?page_id=34"},"modified":"2017-11-02T13:58:52","modified_gmt":"2017-11-02T12:58:52","slug":"kva-for-omrade-er-viktige-turmal-og-leikestadar-for-barn-i-barnehage","status":"publish","type":"page","link":"https:\/\/sk-dokument.no\/innspelsrapport\/?page_id=34","title":{"rendered":"7.3 Kva for omr\u00e5de er viktige turm\u00e5l og leikestadar for barn i barnehage?"},"content":{"rendered":"<p dir=\"LTR\" align=\"LEFT\">I f\u00f8lgje innspela fr\u00e5 barnehagane, er det\u00a0 naturleikeplassar og naturomr\u00e5de i n\u00e6rmilj\u00f8a barna helst vil opps\u00f8kja og leika p\u00e5. B\u00e5de sm\u00e5 skogsomr\u00e5de (&laquo;hundremeterskogen&raquo;) og strandomr\u00e5de er popul\u00e6re. Utbygging og fortetting gjer at det minkar p\u00e5 slike omr\u00e5de innanfor barna sin r\u00f8rsleradius.<\/p>\n<p dir=\"LTR\" align=\"LEFT\"><span style=\"text-decoration: underline;\">Nordbygdo<\/span><\/p>\n<ul style=\"list-style-type: square;\">\n<li>Skulehagen ved HVL, friomr\u00e5de langs sj\u00f8en<\/li>\n<li>Skogen ovanfor S\u00e6varhagen b\u00e5thamn<\/li>\n<li>Hystadmarkjo, Apalvikjo, Breivikjo<\/li>\n<li>Hovaneset<\/li>\n<li>Agdesteinstranda<\/li>\n<li>Gerdastien, \u00d8vre \u00d8kland<\/li>\n<li>Grovaelva<\/li>\n<li>Prestagardskogen<\/li>\n<li>Massabakkane<\/li>\n<li>\u00c5dlandsskogen<\/li>\n<\/ul>\n<p dir=\"LTR\" align=\"LEFT\"><span style=\"text-decoration: underline;\">Sentrum<\/span><\/p>\n<ul style=\"list-style-type: square;\">\n<li>Vikastemmo (Andadammen)<\/li>\n<li>Vidsteenparken<\/li>\n<li>\u00abLavvoplassen i Knutsa\u00e5sen\u00bb.<\/li>\n<li>Fyr\u00f8yo<\/li>\n<li>Eventyrskogen<\/li>\n<li>Gullberg<\/li>\n<li>\u00c5dlandsvatnet<\/li>\n<\/ul>\n<p dir=\"LTR\" align=\"LEFT\"><span style=\"text-decoration: underline;\">Heiane\/K\u00e5revik<\/span><\/p>\n<ul style=\"list-style-type: square;\">\n<li>Skogen mellom Langelandsbanen og Skjephaugen<\/li>\n<li>Skjephaugen<\/li>\n<li>Leikeplassen i Trodlahaugen<\/li>\n<li>Friluftsomr\u00e5de ved S\u00e6b\u00f8 gard<\/li>\n<li>Dagfinnsvikjo<\/li>\n<li>Hybelneset<\/li>\n<li>Eld\u00f8yo<\/li>\n<li>Heiane leikeplass\/Meatj\u00f8dno<\/li>\n<li>\u00abLavvo-skogen\u00bb &#8211; privat utmark ved Olderdalen barnehage<\/li>\n<\/ul>\n<div id='gallery-1' class='gallery galleryid-34 gallery-columns-4 gallery-size-medium'><figure class='gallery-item'>\n\t\t\t<div class='gallery-icon landscape'>\n\t\t\t\t<a href='https:\/\/sk-dokument.no\/innspelsrapport\/?attachment_id=219'><img loading=\"lazy\" decoding=\"async\" width=\"300\" height=\"225\" src=\"https:\/\/sk-dokument.no\/innspelsrapport\/wp-content\/uploads\/sites\/16\/2017\/10\/lavo-300x225.jpg\" class=\"attachment-medium size-medium\" alt=\"\" aria-describedby=\"gallery-1-219\" srcset=\"https:\/\/sk-dokument.no\/innspelsrapport\/wp-content\/uploads\/sites\/16\/2017\/10\/lavo-300x225.jpg 300w, https:\/\/sk-dokument.no\/innspelsrapport\/wp-content\/uploads\/sites\/16\/2017\/10\/lavo-700x525.jpg 700w, https:\/\/sk-dokument.no\/innspelsrapport\/wp-content\/uploads\/sites\/16\/2017\/10\/lavo.jpg 720w\" sizes=\"(max-width: 300px) 100vw, 300px\" \/><\/a>\n\t\t\t<\/div>\n\t\t\t\t<figcaption class='wp-caption-text gallery-caption' id='gallery-1-219'>\n\t\t\t\tLavvoplassen i Knutsa\u00e5sen\n\t\t\t\t<\/figcaption><\/figure><figure class='gallery-item'>\n\t\t\t<div class='gallery-icon landscape'>\n\t\t\t\t<a href='https:\/\/sk-dokument.no\/innspelsrapport\/?attachment_id=329'><img loading=\"lazy\" decoding=\"async\" width=\"300\" height=\"211\" src=\"https:\/\/sk-dokument.no\/innspelsrapport\/wp-content\/uploads\/sites\/16\/2017\/10\/Leikeplass-300x211.jpg\" class=\"attachment-medium size-medium\" alt=\"\" aria-describedby=\"gallery-1-329\" srcset=\"https:\/\/sk-dokument.no\/innspelsrapport\/wp-content\/uploads\/sites\/16\/2017\/10\/Leikeplass-300x211.jpg 300w, https:\/\/sk-dokument.no\/innspelsrapport\/wp-content\/uploads\/sites\/16\/2017\/10\/Leikeplass.jpg 661w\" sizes=\"(max-width: 300px) 100vw, 300px\" \/><\/a>\n\t\t\t<\/div>\n\t\t\t\t<figcaption class='wp-caption-text gallery-caption' id='gallery-1-329'>\n\t\t\t\tLeikeplassen i Trodlahaugen\n\t\t\t\t<\/figcaption><\/figure><figure class='gallery-item'>\n\t\t\t<div class='gallery-icon landscape'>\n\t\t\t\t<a href='https:\/\/sk-dokument.no\/innspelsrapport\/?attachment_id=330'><img loading=\"lazy\" decoding=\"async\" width=\"300\" height=\"205\" src=\"https:\/\/sk-dokument.no\/innspelsrapport\/wp-content\/uploads\/sites\/16\/2017\/10\/Trodlahaugen-300x205.jpg\" class=\"attachment-medium size-medium\" alt=\"\" aria-describedby=\"gallery-1-330\" srcset=\"https:\/\/sk-dokument.no\/innspelsrapport\/wp-content\/uploads\/sites\/16\/2017\/10\/Trodlahaugen-300x205.jpg 300w, https:\/\/sk-dokument.no\/innspelsrapport\/wp-content\/uploads\/sites\/16\/2017\/10\/Trodlahaugen-768x524.jpg 768w, https:\/\/sk-dokument.no\/innspelsrapport\/wp-content\/uploads\/sites\/16\/2017\/10\/Trodlahaugen-1024x699.jpg 1024w, https:\/\/sk-dokument.no\/innspelsrapport\/wp-content\/uploads\/sites\/16\/2017\/10\/Trodlahaugen-700x478.jpg 700w, https:\/\/sk-dokument.no\/innspelsrapport\/wp-content\/uploads\/sites\/16\/2017\/10\/Trodlahaugen.jpg 1154w\" sizes=\"(max-width: 300px) 100vw, 300px\" \/><\/a>\n\t\t\t<\/div>\n\t\t\t\t<figcaption class='wp-caption-text gallery-caption' id='gallery-1-330'>\n\t\t\t\tStranda i Eld\u00f8y\n\t\t\t\t<\/figcaption><\/figure><figure class='gallery-item'>\n\t\t\t<div class='gallery-icon portrait'>\n\t\t\t\t<a href='https:\/\/sk-dokument.no\/innspelsrapport\/?attachment_id=332'><img loading=\"lazy\" decoding=\"async\" width=\"225\" height=\"300\" src=\"https:\/\/sk-dokument.no\/innspelsrapport\/wp-content\/uploads\/sites\/16\/2017\/10\/0a422eef-1fc0-4d9f-bccf-c4d5850c1e6c-225x300.jpg\" class=\"attachment-medium size-medium\" alt=\"\" aria-describedby=\"gallery-1-332\" srcset=\"https:\/\/sk-dokument.no\/innspelsrapport\/wp-content\/uploads\/sites\/16\/2017\/10\/0a422eef-1fc0-4d9f-bccf-c4d5850c1e6c-225x300.jpg 225w, https:\/\/sk-dokument.no\/innspelsrapport\/wp-content\/uploads\/sites\/16\/2017\/10\/0a422eef-1fc0-4d9f-bccf-c4d5850c1e6c-768x1024.jpg 768w, https:\/\/sk-dokument.no\/innspelsrapport\/wp-content\/uploads\/sites\/16\/2017\/10\/0a422eef-1fc0-4d9f-bccf-c4d5850c1e6c-700x933.jpg 700w, https:\/\/sk-dokument.no\/innspelsrapport\/wp-content\/uploads\/sites\/16\/2017\/10\/0a422eef-1fc0-4d9f-bccf-c4d5850c1e6c.jpg 1080w\" sizes=\"(max-width: 225px) 100vw, 225px\" \/><\/a>\n\t\t\t<\/div>\n\t\t\t\t<figcaption class='wp-caption-text gallery-caption' id='gallery-1-332'>\n\t\t\t\tParken\n\t\t\t\t<\/figcaption><\/figure>\n\t\t<\/div>\n\n","protected":false},"excerpt":{"rendered":"<p>I f\u00f8lgje innspela fr\u00e5 barnehagane, er det\u00a0 naturleikeplassar og naturomr\u00e5de i n\u00e6rmilj\u00f8a barna helst vil opps\u00f8kja og leika p\u00e5. B\u00e5de sm\u00e5 skogsomr\u00e5de (&laquo;hundremeterskogen&raquo;) og strandomr\u00e5de er popul\u00e6re. Utbygging og fortetting gjer at det minkar p\u00e5 slike omr\u00e5de innanfor barna sin r\u00f8rsleradius. Nordbygdo Skulehagen ved HVL, friomr\u00e5de langs sj\u00f8en Skogen ovanfor S\u00e6varhagen b\u00e5thamn Hystadmarkjo, Apalvikjo, Breivikjo<\/p>\n","protected":false},"author":20,"featured_media":0,"parent":30,"menu_order":3,"comment_status":"closed","ping_status":"closed","template":"","meta":{"footnotes":""},"jetpack_sharing_enabled":true,"_links":{"self":[{"href":"https:\/\/sk-dokument.no\/innspelsrapport\/index.php?rest_route=\/wp\/v2\/pages\/34"}],"collection":[{"href":"https:\/\/sk-dokument.no\/innspelsrapport\/index.php?rest_route=\/wp\/v2\/pages"}],"about":[{"href":"https:\/\/sk-dokument.no\/innspelsrapport\/index.php?rest_route=\/wp\/v2\/types\/page"}],"author":[{"embeddable":true,"href":"https:\/\/sk-dokument.no\/innspelsrapport\/index.php?rest_route=\/wp\/v2\/users\/20"}],"replies":[{"embeddable":true,"href":"https:\/\/sk-dokument.no\/innspelsrapport\/index.php?rest_route=%2Fwp%2Fv2%2Fcomments&post=34"}],"version-history":[{"count":15,"href":"https:\/\/sk-dokument.no\/innspelsrapport\/index.php?rest_route=\/wp\/v2\/pages\/34\/revisions"}],"predecessor-version":[{"id":334,"href":"https:\/\/sk-dokument.no\/innspelsrapport\/index.php?rest_route=\/wp\/v2\/pages\/34\/revisions\/334"}],"up":[{"embeddable":true,"href":"https:\/\/sk-dokument.no\/innspelsrapport\/index.php?rest_route=\/wp\/v2\/pages\/30"}],"wp:attachment":[{"href":"https:\/\/sk-dokument.no\/innspelsrapport\/index.php?rest_route=%2Fwp%2Fv2%2Fmedia&parent=34"}],"curies":[{"name":"wp","href":"https:\/\/api.w.org\/{rel}","templated":true}]}}