{"id":44,"date":"2017-10-13T10:13:02","date_gmt":"2017-10-13T08:13:02","guid":{"rendered":"http:\/\/sk-dokument.no\/innspelsrapport\/?page_id=44"},"modified":"2017-11-03T12:27:13","modified_gmt":"2017-11-03T11:27:13","slug":"korleis-fremje-trivsel-og-sosialt-fellesskap-i-naermiljo-og-lokalsamfunn","status":"publish","type":"page","link":"https:\/\/sk-dokument.no\/innspelsrapport\/?page_id=44","title":{"rendered":"7.8 Korleis fremje trivsel og sosialt fellesskap i n\u00e6rmilj\u00f8 og lokalsamfunn?"},"content":{"rendered":"<p>Skal n\u00e6rmilj\u00f8a bli enda betre, er det hovudsakleg tre ting folk meinar skal til:<\/p>\n<ol>\n<li>Utbygging\u00a0og\u00a0utforming av areal som legg til rette for gode opplevingar, aktivitetar og tenester<\/li>\n<li>Organisering av aktivitetar\u00a0, tilbod og tenester\u00a0slik at alle\u00a0f\u00e5r tilgang til det\u00a0dei treng<\/li>\n<li>Verdiar og haldningar som fremjar fellesskap, medverknad\u00a0og integrering<\/li>\n<\/ol>\n<p>Friluftsliv og fysisk aktivitet g\u00e5r igjen i forslaga,\u00a0 saman med dei opne, sosiale m\u00f8teplassane. B\u00e5de m\u00f8teplassar i nabolaga og tilbodet i sentrum er viktig. Gode offentlege transporttilbod er n\u00f8dvendig. Og folk m\u00e5 ha vilje til \u00e5\u00a0bruke dei lokale tilboda.<\/p>\n<p>Nokre innspel handlar om tilbod som allereie er etablert. Her kan betre informasjon og tilrettelegging av det som finns vere relevante tiltak.<\/p>\n<p>Innspela til endringar og nye tiltak er ikkje berre retta mot kommunen og dei offentlege tenestene. B\u00e5de n\u00e6ringslivet, frivillige organisasjonar og innbyggjarane sj\u00f8lv m\u00e5 p\u00e5 banen i arbeidet med \u00e5 utvikle n\u00e6rmilj\u00f8a og lokalsamfunnet.<\/p>\n","protected":false},"excerpt":{"rendered":"<p>Skal n\u00e6rmilj\u00f8a bli enda betre, er det hovudsakleg tre ting folk meinar skal til: Utbygging\u00a0og\u00a0utforming av areal som legg til rette for gode opplevingar, aktivitetar og tenester Organisering av aktivitetar\u00a0, tilbod og tenester\u00a0slik at alle\u00a0f\u00e5r tilgang til det\u00a0dei treng Verdiar og haldningar som fremjar fellesskap, medverknad\u00a0og integrering Friluftsliv og fysisk aktivitet g\u00e5r igjen i forslaga,\u00a0<\/p>\n","protected":false},"author":20,"featured_media":0,"parent":30,"menu_order":8,"comment_status":"closed","ping_status":"closed","template":"","meta":{"footnotes":""},"jetpack_sharing_enabled":true,"_links":{"self":[{"href":"https:\/\/sk-dokument.no\/innspelsrapport\/index.php?rest_route=\/wp\/v2\/pages\/44"}],"collection":[{"href":"https:\/\/sk-dokument.no\/innspelsrapport\/index.php?rest_route=\/wp\/v2\/pages"}],"about":[{"href":"https:\/\/sk-dokument.no\/innspelsrapport\/index.php?rest_route=\/wp\/v2\/types\/page"}],"author":[{"embeddable":true,"href":"https:\/\/sk-dokument.no\/innspelsrapport\/index.php?rest_route=\/wp\/v2\/users\/20"}],"replies":[{"embeddable":true,"href":"https:\/\/sk-dokument.no\/innspelsrapport\/index.php?rest_route=%2Fwp%2Fv2%2Fcomments&post=44"}],"version-history":[{"count":4,"href":"https:\/\/sk-dokument.no\/innspelsrapport\/index.php?rest_route=\/wp\/v2\/pages\/44\/revisions"}],"predecessor-version":[{"id":384,"href":"https:\/\/sk-dokument.no\/innspelsrapport\/index.php?rest_route=\/wp\/v2\/pages\/44\/revisions\/384"}],"up":[{"embeddable":true,"href":"https:\/\/sk-dokument.no\/innspelsrapport\/index.php?rest_route=\/wp\/v2\/pages\/30"}],"wp:attachment":[{"href":"https:\/\/sk-dokument.no\/innspelsrapport\/index.php?rest_route=%2Fwp%2Fv2%2Fmedia&parent=44"}],"curies":[{"name":"wp","href":"https:\/\/api.w.org\/{rel}","templated":true}]}}