{"id":48,"date":"2017-10-13T10:15:06","date_gmt":"2017-10-13T08:15:06","guid":{"rendered":"http:\/\/sk-dokument.no\/innspelsrapport\/?page_id=48"},"modified":"2017-11-02T14:21:39","modified_gmt":"2017-11-02T13:21:39","slug":"tilrettelegging-for-sosiale-moteplassar-og-framlegg-til-nye-aktivitetar","status":"publish","type":"page","link":"https:\/\/sk-dokument.no\/innspelsrapport\/?page_id=48","title":{"rendered":"7.8.2 Sosiale m\u00f8teplassar og nye aktivitetar"},"content":{"rendered":"<p dir=\"LTR\" align=\"LEFT\"><span style=\"font-size: 14pt;\">GENERELLE TILTAK RETTA MOT HEILE KOMMUNEN<\/span><\/p>\n<ul style=\"list-style-type: square;\">\n<li><span style=\"font-size: 12pt;\">Etablere enkel ordning for \u00e5 s\u00f8ke st\u00f8nad til n\u00e6rmilj\u00f8anlegg (leikeplass)<\/span><\/li>\n<li><span style=\"font-size: 12pt;\">Etablere tilskotsordning for vellaga<\/span><\/li>\n<li><span style=\"font-size: 12pt;\">Etablere system for enkel deling av informasjon om aktivitetar\/tilbod<\/span><\/li>\n<li><span style=\"font-size: 12pt;\">Etablere st\u00f8rre aktivitetspark\/aktivitetsomr\u00e5de med gapahuk\/grillhytte<\/span><\/li>\n<li><span style=\"font-size: 12pt;\">Barnehage og skule i n\u00e6rmilj\u00f8et<\/span><\/li>\n<li><span style=\"font-size: 12pt;\">Ungdomshus\/M\u00f8teplass for unge vaksne (18-30) med aktivitetar. Alkoholfritt.<\/span><\/li>\n<li><span style=\"font-size: 12pt;\">Fleire aktivitetar for ungdom\/vaksne som ikkje driv idrett.<\/span><\/li>\n<li><span style=\"font-size: 12pt;\">Open kiosk\/kafe med sitjeplassar ved utand\u00f8rs idrettsanlegg<\/span><\/li>\n<li><span style=\"font-size: 12pt;\">Arrangement med matservering og leikar\/aktivitetar for barnefamiliar\/storfamilien<\/span><\/li>\n<li><span style=\"font-size: 12pt;\">Inngjerda hundepark<\/span><\/li>\n<li><span style=\"font-size: 12pt;\">M\u00f8teplass for bilinteresserte ungdomar<\/span><\/li>\n<li><span style=\"font-size: 12pt;\">M\u00f8teplass for dataspeling<\/span><\/li>\n<li><span style=\"font-size: 12pt;\">Konkrete forslag til aktivitetar: Strikkekaf\u00e9, bilbingo, presisjonspark med ball, vannkrig, biljard, bordtennis, sjakk, RC (radiostyring), kampsport<\/span><\/li>\n<li><span style=\"font-size: 12pt;\">Eldretreff<\/span><\/li>\n<li><span style=\"font-size: 12pt;\">Fleire moderne m\u00f8teplassar som Jazzklubb, Quiz<\/span><\/li>\n<li><span style=\"font-size: 12pt;\">Opne tilbod innan song og dans<\/span><\/li>\n<li><span style=\"font-size: 12pt;\">Fleire livssynsn\u00f8ytrale m\u00f8teplassar for sm\u00e5barnsfamiliar<\/span><\/li>\n<li><span style=\"font-size: 12pt;\">L\u00e5gterskeltilbod \/ opne tilbod for barn\/unge og familiar. T.d. Open hall.<\/span><\/li>\n<li><span style=\"font-size: 12pt;\">Fleire turtilbod for familiar. Fellesturar. Faste turdagar. Aktivitetsdagar. Mosjonsarrangement for heile familien<\/span><\/li>\n<li><span style=\"font-size: 12pt;\">\u00c5rskort for deltaking i aktivitetar<\/span><\/li>\n<li><span style=\"font-size: 12pt;\">Fleire festivalar og andre store arrangement<\/span><\/li>\n<li><span style=\"font-size: 12pt;\">System for informasjon til foreldre om frivillig arbeid\/ dugnad<\/span><\/li>\n<li><span style=\"font-size: 12pt;\">Allidrettsskule<\/span><\/li>\n<li><span style=\"font-size: 12pt;\">Enkel tilgang til sj\u00f8 og strandomr\u00e5de<\/span><\/li>\n<li><span style=\"font-size: 12pt;\">B\u00e5tturar\/fisketurar for dei som ikkje har b\u00e5t<\/span><\/li>\n<li><span style=\"font-size: 12pt;\">M\u00f8teplass for einslege \u2013 speed-dating<\/span><\/li>\n<li><span style=\"font-size: 12pt;\">M\u00f8teplass for arbeidss\u00f8kjande<\/span><\/li>\n<li><span style=\"font-size: 12pt;\">Temakveldar retta mot foreldre\/barnefamiliar<\/span><\/li>\n<li><span style=\"font-size: 12pt;\">Leggje til rette for frivillig arbeid p\u00e5 dagtid i kvar bydel<\/span><\/li>\n<li><span style=\"font-size: 12pt;\">Aktivitetskoordinator som organiserer temasamlinger, klubbkveldar<\/span><\/li>\n<\/ul>\n<p dir=\"LTR\" align=\"LEFT\"><span style=\"font-size: 14pt;\">LOKALE TILTAK I BYDELANE<\/span><\/p>\n<ul>\n<li>Etablere fellesrom i vellag\/ burettslag<\/li>\n<li>Informasjon p\u00e5 nettside om tilbod for arbeidss\u00f8kjande (m\u00f8teplassar, kurs osv.)<\/li>\n<li>Aktive og livskraftige grendahus i kvar bydel<\/li>\n<li>Etablere\/oppgradere n\u00e6rmilj\u00f8anlegg (leikeplassar) i alle bustadomr\u00e5de. Tilrettelagt med aktivitetar og sosial m\u00f8teplass for alle. Gapahuk\/grillhytte.<\/li>\n<li>Arrangement for barn og vaksne i bydelane. Fellesaktivitetar i burettslag. Felles nytt\u00e5rsmarkering i n\u00e6rmilj\u00f8a<\/li>\n<li>Dugnadar, ryddeaksjonar. Felles bossryddedag kvar m\u00e5nad. Samarbeid med skulane<\/li>\n<li>Ungdomsklubb\/fritidsklubb i alle bydelar<\/li>\n<li>Lokale opne m\u00f8teplassar for ungdom, ev. p\u00e5 skulen.<\/li>\n<li>Fleire kaf\u00e9ar\/kaffibarar i n\u00e6romr\u00e5da \u2013 gjerne i n\u00e6rbutikken<\/li>\n<li>Lokal kafe\/m\u00f8teplass for pensjonistar og p\u00e5 tvers av generasjonar \u2013 samarbeide med skulen<\/li>\n<li>Kantine p\u00e5 skulane<\/li>\n<li>Oppretthalde etablerte tilbod utanfor sentrum<\/li>\n<\/ul>\n<p dir=\"LTR\" align=\"LEFT\"><span style=\"font-size: 14pt;\">SPESIFIKKE TILTAK I KVAR BYDEL<\/span><\/p>\n<p dir=\"LTR\" align=\"LEFT\"><span style=\"text-decoration: underline;\">Nordbygdo<\/span><\/p>\n<ul style=\"list-style-type: square;\">\n<li>Etablere kaf\u00e9-tilbod i Samhald eller Trott-huset<\/li>\n<li>Rusfrie ungdomsarrangement i Trott-huset \/Nordbygdo-hallen<\/li>\n<li>Eldretreff p\u00e5 dagtid i Trotthuset\/Nordbygdohallen<\/li>\n<li>Etablere seniorgruppe i Trott<\/li>\n<li>Fellesarrangement mellom Trott, pistolklubben og skigruppa i Prestegardskogen<\/li>\n<\/ul>\n<p dir=\"LTR\" align=\"LEFT\"><span style=\"text-decoration: underline;\">Sentrum<\/span><\/p>\n<ul style=\"list-style-type: square;\">\n<li>M\u00f8teplass for sm\u00e5barnsfamiliar<\/li>\n<li>Etablere ope ungdomshus i sentrum<\/li>\n<li>Opne dagar p\u00e5 brann \u2013 og politistasjon<\/li>\n<li>Kanoar i \u00c5dlandsvatnet<\/li>\n<li>Allsong i Parken<\/li>\n<\/ul>\n<p dir=\"LTR\" align=\"LEFT\"><span style=\"text-decoration: underline;\">Heiane\/K\u00e5revik<\/span><\/p>\n<ul style=\"list-style-type: square;\">\n<li>M\u00f8teplass for sm\u00e5barnsfamiliar<\/li>\n<li>Utvikle Seglforeninga sine lokale til open m\u00f8teplass med kiosk<\/li>\n<li>Aktivitetspark p\u00e5 Heiane. Forslag om f\u00f8lgjande aktivitetar: klatrepark, skatepark, leikeplass, trampoline, kiosk, tre-hytte, fontene, benker, fotballbane, bekk med bru. Toalett og bosspann.<\/li>\n<li>Etablere pub p\u00e5 Heiane<\/li>\n<\/ul>\n<p dir=\"LTR\" align=\"LEFT\"><span style=\"text-decoration: underline;\">Sagv\u00e5g\/Litlab\u00f8<\/span><\/p>\n<ul style=\"list-style-type: square;\">\n<li>Kaf\u00e9-tilbod i sentrum. Ved Kiwi eller i Losje-huset<\/li>\n<li>Drive-in kino ved Rimi-bygget<\/li>\n<li>Torg med overbygde sitjeplassar i sentrum<\/li>\n<li>Leikeplass i sentrum<\/li>\n<li>Tilrettelagt omr\u00e5de ved sj\u00f8en i sentrum for grilling, bading, m.m.<\/li>\n<li>Oppdatert informasjonstavle i sentrum om aktivitetar\/tilbod<\/li>\n<\/ul>\n<div id='gallery-1' class='gallery galleryid-48 gallery-columns-2 gallery-size-full'><figure class='gallery-item'>\n\t\t\t<div class='gallery-icon landscape'>\n\t\t\t\t<a href='https:\/\/sk-dokument.no\/innspelsrapport\/?attachment_id=311'><img loading=\"lazy\" decoding=\"async\" width=\"960\" height=\"720\" src=\"https:\/\/sk-dokument.no\/innspelsrapport\/wp-content\/uploads\/sites\/16\/2017\/10\/cafemodell-sagvag.jpg\" class=\"attachment-full size-full\" alt=\"\" aria-describedby=\"gallery-1-311\" srcset=\"https:\/\/sk-dokument.no\/innspelsrapport\/wp-content\/uploads\/sites\/16\/2017\/10\/cafemodell-sagvag.jpg 960w, https:\/\/sk-dokument.no\/innspelsrapport\/wp-content\/uploads\/sites\/16\/2017\/10\/cafemodell-sagvag-300x225.jpg 300w, https:\/\/sk-dokument.no\/innspelsrapport\/wp-content\/uploads\/sites\/16\/2017\/10\/cafemodell-sagvag-768x576.jpg 768w, https:\/\/sk-dokument.no\/innspelsrapport\/wp-content\/uploads\/sites\/16\/2017\/10\/cafemodell-sagvag-700x525.jpg 700w\" sizes=\"(max-width: 960px) 100vw, 960px\" \/><\/a>\n\t\t\t<\/div>\n\t\t\t\t<figcaption class='wp-caption-text gallery-caption' id='gallery-1-311'>\n\t\t\t\tKaf\u00e9 i Sagv\u00e5g laga av elevar ved Nys\u00e6ter ungdomsskule\n\t\t\t\t<\/figcaption><\/figure><figure class='gallery-item'>\n\t\t\t<div class='gallery-icon landscape'>\n\t\t\t\t<a href='https:\/\/sk-dokument.no\/innspelsrapport\/?attachment_id=337'><img loading=\"lazy\" decoding=\"async\" width=\"1024\" height=\"768\" src=\"https:\/\/sk-dokument.no\/innspelsrapport\/wp-content\/uploads\/sites\/16\/2017\/10\/Aktivitetspark-Heiane.jpg\" class=\"attachment-full size-full\" alt=\"\" aria-describedby=\"gallery-1-337\" srcset=\"https:\/\/sk-dokument.no\/innspelsrapport\/wp-content\/uploads\/sites\/16\/2017\/10\/Aktivitetspark-Heiane.jpg 1024w, https:\/\/sk-dokument.no\/innspelsrapport\/wp-content\/uploads\/sites\/16\/2017\/10\/Aktivitetspark-Heiane-300x225.jpg 300w, https:\/\/sk-dokument.no\/innspelsrapport\/wp-content\/uploads\/sites\/16\/2017\/10\/Aktivitetspark-Heiane-768x576.jpg 768w, https:\/\/sk-dokument.no\/innspelsrapport\/wp-content\/uploads\/sites\/16\/2017\/10\/Aktivitetspark-Heiane-700x525.jpg 700w\" sizes=\"(max-width: 1024px) 100vw, 1024px\" \/><\/a>\n\t\t\t<\/div>\n\t\t\t\t<figcaption class='wp-caption-text gallery-caption' id='gallery-1-337'>\n\t\t\t\tAktivitetspark p\u00e5 Heiane laga av elevar ved Langeland skule\n\t\t\t\t<\/figcaption><\/figure>\n\t\t<\/div>\n\n","protected":false},"excerpt":{"rendered":"<p>GENERELLE TILTAK RETTA MOT HEILE KOMMUNEN Etablere enkel ordning for \u00e5 s\u00f8ke st\u00f8nad til n\u00e6rmilj\u00f8anlegg (leikeplass) Etablere tilskotsordning for vellaga Etablere system for enkel deling av informasjon om aktivitetar\/tilbod Etablere st\u00f8rre aktivitetspark\/aktivitetsomr\u00e5de med gapahuk\/grillhytte Barnehage og skule i n\u00e6rmilj\u00f8et Ungdomshus\/M\u00f8teplass for unge vaksne (18-30) med aktivitetar. Alkoholfritt. Fleire aktivitetar for ungdom\/vaksne som ikkje driv idrett.<\/p>\n","protected":false},"author":20,"featured_media":0,"parent":44,"menu_order":2,"comment_status":"closed","ping_status":"closed","template":"","meta":{"footnotes":""},"jetpack_sharing_enabled":true,"_links":{"self":[{"href":"https:\/\/sk-dokument.no\/innspelsrapport\/index.php?rest_route=\/wp\/v2\/pages\/48"}],"collection":[{"href":"https:\/\/sk-dokument.no\/innspelsrapport\/index.php?rest_route=\/wp\/v2\/pages"}],"about":[{"href":"https:\/\/sk-dokument.no\/innspelsrapport\/index.php?rest_route=\/wp\/v2\/types\/page"}],"author":[{"embeddable":true,"href":"https:\/\/sk-dokument.no\/innspelsrapport\/index.php?rest_route=\/wp\/v2\/users\/20"}],"replies":[{"embeddable":true,"href":"https:\/\/sk-dokument.no\/innspelsrapport\/index.php?rest_route=%2Fwp%2Fv2%2Fcomments&post=48"}],"version-history":[{"count":11,"href":"https:\/\/sk-dokument.no\/innspelsrapport\/index.php?rest_route=\/wp\/v2\/pages\/48\/revisions"}],"predecessor-version":[{"id":338,"href":"https:\/\/sk-dokument.no\/innspelsrapport\/index.php?rest_route=\/wp\/v2\/pages\/48\/revisions\/338"}],"up":[{"embeddable":true,"href":"https:\/\/sk-dokument.no\/innspelsrapport\/index.php?rest_route=\/wp\/v2\/pages\/44"}],"wp:attachment":[{"href":"https:\/\/sk-dokument.no\/innspelsrapport\/index.php?rest_route=%2Fwp%2Fv2%2Fmedia&parent=48"}],"curies":[{"name":"wp","href":"https:\/\/api.w.org\/{rel}","templated":true}]}}