{"id":54,"date":"2017-10-13T10:21:45","date_gmt":"2017-10-13T08:21:45","guid":{"rendered":"http:\/\/sk-dokument.no\/innspelsrapport\/?page_id=54"},"modified":"2017-10-13T14:59:44","modified_gmt":"2017-10-13T12:59:44","slug":"offentlege-tenester-og-sorvistilbod","status":"publish","type":"page","link":"https:\/\/sk-dokument.no\/innspelsrapport\/?page_id=54","title":{"rendered":"7.8.5 Offentlege tenester og s\u00f8rvistilbod"},"content":{"rendered":"<p dir=\"LTR\" align=\"LEFT\"><span style=\"font-size: 14pt;\">GENERELLE TILTAK<\/span><\/p>\n<ul style=\"list-style-type: square;\">\n<li>Jamleg vedlikehald av skular, offentlege bygg og uteomr\u00e5de<\/li>\n<li>God skj\u00f8tsel av kulturminna<\/li>\n<li>Prioritere trygge skulevegar<\/li>\n<li>Oftare kosting av gang-sykkelvegar<\/li>\n<li>Jamleg t\u00f8ming av bosspann<\/li>\n<li>Forby\/redusere b\u00e5lbrenning i tettbygd str\u00f8k<\/li>\n<li>Kafe og butikk i n\u00e6rmilj\u00f8et<\/li>\n<li>Betre system for vedlikehald av veglys<\/li>\n<li>Desentralisere ein del av R\u00e5dhusfunksjonane; Kundetorg, Bibliotek<\/li>\n<li>Desentraliserte kulturskuletilbod<\/li>\n<li>Etablere eit ungdomshus der tenester for ungdom, t.d. helsestasjon, kan plasserast<\/li>\n<li>Styrka eldreomsorg, fleire sjukeheimsplassar<\/li>\n<li>Oppretthalde frisklivssentralen<\/li>\n<li>Utstyrssentral for utl\u00e5n av aktivitet- og friluftslivsutstyr<\/li>\n<li>Styrke f\u00f8rebyggjande arbeid rus-psykisk helse<\/li>\n<li>Utvida tilbod i bassenga. S\u00f8ndagsope<\/li>\n<li>Etablere bubilparkering i sentrum eller p\u00e5 Heiane<\/li>\n<\/ul>\n<p dir=\"LTR\" align=\"LEFT\"><span style=\"font-size: 14pt;\">SPESIFIKKE TILTAK\u00a0I KVAR BYDEL<\/span><\/p>\n<p dir=\"LTR\" align=\"LEFT\"><span style=\"text-decoration: underline;\">Nordbygdo<\/span><\/p>\n<ul style=\"list-style-type: square;\">\n<li>Etablere offentlege kontor og s\u00f8rvistilbod i\/ved Nordbygdo ungdomsskule<\/li>\n<\/ul>\n<p dir=\"LTR\" align=\"LEFT\"><span style=\"text-decoration: underline;\">Sentrum<\/span><\/p>\n<ul style=\"list-style-type: square;\">\n<li>Fast kinotilbod laurdag kveld<\/li>\n<li>Sj\u00e5 eige avsnitt om utvikling av sentrum<\/li>\n<\/ul>\n<p dir=\"LTR\" align=\"LEFT\"><span style=\"text-decoration: underline;\">K\u00e5revik\/Heiane<\/span><\/p>\n<ul style=\"list-style-type: square;\">\n<li>Ingen innspel<\/li>\n<\/ul>\n<p dir=\"LTR\" align=\"LEFT\"><span style=\"text-decoration: underline;\">Sagv\u00e5g\/Litlab\u00f8<\/span><\/p>\n<ul style=\"list-style-type: square;\">\n<li>Legesenter i Sagv\u00e5g<\/li>\n<li>Utekontakt og helsestasjon for ungdom i Sagv\u00e5g<\/li>\n<li>Utvida opningstid i fritidsklubben<\/li>\n<li>Lokal m\u00f8teplass for eldre<\/li>\n<li>Marina\/gjestehamn med bunkring for fritidsb\u00e5tar og s\u00f8rvistilbod for b\u00e5tturistar<\/li>\n<li>Betre internett-tilbod. Fibernett.<\/li>\n<li>Offentleg toalett i Sagv\u00e5g sentrum<\/li>\n<li>Sjukeheim og fleire omsorgsbustadar<\/li>\n<li>Fleire bustadar n\u00e6r sentrum<\/li>\n<\/ul>\n<p>&nbsp;<\/p>\n","protected":false},"excerpt":{"rendered":"<p>GENERELLE TILTAK Jamleg vedlikehald av skular, offentlege bygg og uteomr\u00e5de God skj\u00f8tsel av kulturminna Prioritere trygge skulevegar Oftare kosting av gang-sykkelvegar Jamleg t\u00f8ming av bosspann Forby\/redusere b\u00e5lbrenning i tettbygd str\u00f8k Kafe og butikk i n\u00e6rmilj\u00f8et Betre system for vedlikehald av veglys Desentralisere ein del av R\u00e5dhusfunksjonane; Kundetorg, Bibliotek Desentraliserte kulturskuletilbod Etablere eit ungdomshus der tenester<\/p>\n","protected":false},"author":20,"featured_media":0,"parent":44,"menu_order":5,"comment_status":"closed","ping_status":"closed","template":"","meta":{"footnotes":""},"jetpack_sharing_enabled":true,"_links":{"self":[{"href":"https:\/\/sk-dokument.no\/innspelsrapport\/index.php?rest_route=\/wp\/v2\/pages\/54"}],"collection":[{"href":"https:\/\/sk-dokument.no\/innspelsrapport\/index.php?rest_route=\/wp\/v2\/pages"}],"about":[{"href":"https:\/\/sk-dokument.no\/innspelsrapport\/index.php?rest_route=\/wp\/v2\/types\/page"}],"author":[{"embeddable":true,"href":"https:\/\/sk-dokument.no\/innspelsrapport\/index.php?rest_route=\/wp\/v2\/users\/20"}],"replies":[{"embeddable":true,"href":"https:\/\/sk-dokument.no\/innspelsrapport\/index.php?rest_route=%2Fwp%2Fv2%2Fcomments&post=54"}],"version-history":[{"count":5,"href":"https:\/\/sk-dokument.no\/innspelsrapport\/index.php?rest_route=\/wp\/v2\/pages\/54\/revisions"}],"predecessor-version":[{"id":145,"href":"https:\/\/sk-dokument.no\/innspelsrapport\/index.php?rest_route=\/wp\/v2\/pages\/54\/revisions\/145"}],"up":[{"embeddable":true,"href":"https:\/\/sk-dokument.no\/innspelsrapport\/index.php?rest_route=\/wp\/v2\/pages\/44"}],"wp:attachment":[{"href":"https:\/\/sk-dokument.no\/innspelsrapport\/index.php?rest_route=%2Fwp%2Fv2%2Fmedia&parent=54"}],"curies":[{"name":"wp","href":"https:\/\/api.w.org\/{rel}","templated":true}]}}