{"id":56,"date":"2017-10-13T10:23:04","date_gmt":"2017-10-13T08:23:04","guid":{"rendered":"http:\/\/sk-dokument.no\/innspelsrapport\/?page_id=56"},"modified":"2017-10-13T14:23:10","modified_gmt":"2017-10-13T12:23:10","slug":"buss-ferje-og-bat","status":"publish","type":"page","link":"https:\/\/sk-dokument.no\/innspelsrapport\/?page_id=56","title":{"rendered":"7.8.6 Buss, ferje og b\u00e5t"},"content":{"rendered":"<p dir=\"LTR\" align=\"LEFT\">Busstilbodet er s\u00e6rskilt viktig for barn\/unge, eldre, personar med redusert funksjonsevne og andre utan privat bil.<\/p>\n<ul style=\"list-style-type: square;\">\n<li>Betre busstilbod, tilpassa folk sine behov.<\/li>\n<li>Betre busstilbod p\u00e5 Bjelland, til Sagv\u00e5g, til og fr\u00e5 sentrum. Pendelbuss Skj\u00e6rsholmane- Heiane-sentrum.<\/li>\n<li>Tilf\u00f8rslebussar fr\u00e5 bustadomr\u00e5de som korresponderer med t.d. kystbussen<\/li>\n<li>Betre busstilbod inn mot sentrum kveld og helg<\/li>\n<li>Gode kollektive transporttilbod til omr\u00e5de med kommunale bustadar og andre tilrettelagte butilbod<\/li>\n<li>Oppdatere lokalisering av busstoppa, t.d. ny busstopp ved Hystadbakkjen<\/li>\n<li>Fleire avgangar med hurtigb\u00e5t mellom Stord og Austevoll<\/li>\n<li>Betre busstilbod til\/fr\u00e5 Fitjar<\/li>\n<\/ul>\n<p>&nbsp;<\/p>\n","protected":false},"excerpt":{"rendered":"<p>Busstilbodet er s\u00e6rskilt viktig for barn\/unge, eldre, personar med redusert funksjonsevne og andre utan privat bil. Betre busstilbod, tilpassa folk sine behov. Betre busstilbod p\u00e5 Bjelland, til Sagv\u00e5g, til og fr\u00e5 sentrum. Pendelbuss Skj\u00e6rsholmane- Heiane-sentrum. Tilf\u00f8rslebussar fr\u00e5 bustadomr\u00e5de som korresponderer med t.d. kystbussen Betre busstilbod inn mot sentrum kveld og helg Gode kollektive transporttilbod til<\/p>\n","protected":false},"author":20,"featured_media":0,"parent":44,"menu_order":6,"comment_status":"closed","ping_status":"closed","template":"","meta":{"footnotes":""},"jetpack_sharing_enabled":true,"_links":{"self":[{"href":"https:\/\/sk-dokument.no\/innspelsrapport\/index.php?rest_route=\/wp\/v2\/pages\/56"}],"collection":[{"href":"https:\/\/sk-dokument.no\/innspelsrapport\/index.php?rest_route=\/wp\/v2\/pages"}],"about":[{"href":"https:\/\/sk-dokument.no\/innspelsrapport\/index.php?rest_route=\/wp\/v2\/types\/page"}],"author":[{"embeddable":true,"href":"https:\/\/sk-dokument.no\/innspelsrapport\/index.php?rest_route=\/wp\/v2\/users\/20"}],"replies":[{"embeddable":true,"href":"https:\/\/sk-dokument.no\/innspelsrapport\/index.php?rest_route=%2Fwp%2Fv2%2Fcomments&post=56"}],"version-history":[{"count":3,"href":"https:\/\/sk-dokument.no\/innspelsrapport\/index.php?rest_route=\/wp\/v2\/pages\/56\/revisions"}],"predecessor-version":[{"id":124,"href":"https:\/\/sk-dokument.no\/innspelsrapport\/index.php?rest_route=\/wp\/v2\/pages\/56\/revisions\/124"}],"up":[{"embeddable":true,"href":"https:\/\/sk-dokument.no\/innspelsrapport\/index.php?rest_route=\/wp\/v2\/pages\/44"}],"wp:attachment":[{"href":"https:\/\/sk-dokument.no\/innspelsrapport\/index.php?rest_route=%2Fwp%2Fv2%2Fmedia&parent=56"}],"curies":[{"name":"wp","href":"https:\/\/api.w.org\/{rel}","templated":true}]}}