{"id":58,"date":"2017-05-11T13:23:12","date_gmt":"2017-05-11T11:23:12","guid":{"rendered":"http:\/\/sk-dokument.no\/lonsutviklingsplan\/?page_id=58"},"modified":"2017-05-11T13:25:57","modified_gmt":"2017-05-11T11:25:57","slug":"3-7evaluering-av-lokale-forhandlingar-og-sluttmote","status":"publish","type":"page","link":"https:\/\/sk-dokument.no\/lonsutviklingsplan\/lokale-lonsforhandlingar\/3-7evaluering-av-lokale-forhandlingar-og-sluttmote\/","title":{"rendered":"3.7\tEvaluering av lokale forhandlingar og sluttm\u00f8te"},"content":{"rendered":"<p>Arbeidsgjevar skal kvart \u00e5r i etterkant av dei lokale l\u00f8nsforhandlingane kalla organisasjonane inn til eitt felles m\u00f8te med signering av avtalar og evaluering av forhandlingsprosessen.<\/p>\n","protected":false},"excerpt":{"rendered":"<p>Arbeidsgjevar skal kvart \u00e5r i etterkant av dei lokale l\u00f8nsforhandlingane kalla organisasjonane inn til eitt felles m\u00f8te med signering av avtalar og evaluering av forhandlingsprosessen.<\/p>\n","protected":false},"author":17,"featured_media":0,"parent":39,"menu_order":7,"comment_status":"closed","ping_status":"closed","template":"","meta":{"footnotes":""},"jetpack_sharing_enabled":true,"_links":{"self":[{"href":"https:\/\/sk-dokument.no\/lonsutviklingsplan\/wp-json\/wp\/v2\/pages\/58"}],"collection":[{"href":"https:\/\/sk-dokument.no\/lonsutviklingsplan\/wp-json\/wp\/v2\/pages"}],"about":[{"href":"https:\/\/sk-dokument.no\/lonsutviklingsplan\/wp-json\/wp\/v2\/types\/page"}],"author":[{"embeddable":true,"href":"https:\/\/sk-dokument.no\/lonsutviklingsplan\/wp-json\/wp\/v2\/users\/17"}],"replies":[{"embeddable":true,"href":"https:\/\/sk-dokument.no\/lonsutviklingsplan\/wp-json\/wp\/v2\/comments?post=58"}],"version-history":[{"count":1,"href":"https:\/\/sk-dokument.no\/lonsutviklingsplan\/wp-json\/wp\/v2\/pages\/58\/revisions"}],"predecessor-version":[{"id":59,"href":"https:\/\/sk-dokument.no\/lonsutviklingsplan\/wp-json\/wp\/v2\/pages\/58\/revisions\/59"}],"up":[{"embeddable":true,"href":"https:\/\/sk-dokument.no\/lonsutviklingsplan\/wp-json\/wp\/v2\/pages\/39"}],"wp:attachment":[{"href":"https:\/\/sk-dokument.no\/lonsutviklingsplan\/wp-json\/wp\/v2\/media?parent=58"}],"curies":[{"name":"wp","href":"https:\/\/api.w.org\/{rel}","templated":true}]}}