{"id":25,"date":"2017-03-17T12:52:56","date_gmt":"2017-03-17T11:52:56","guid":{"rendered":"http:\/\/sk-dokument.no\/velferdsteknologi\/?page_id=25"},"modified":"2017-04-03T09:52:22","modified_gmt":"2017-04-03T07:52:22","slug":"andre-aktivitetar-i-prosjektperioden","status":"publish","type":"page","link":"https:\/\/sk-dokument.no\/velferdsteknologi\/?page_id=25","title":{"rendered":"8. Andre aktivitetar i prosjektperioden"},"content":{"rendered":"<p>Prosjektleiar og prosjektmedarbeidar har delteke og gitt informasjon om prosjektet; kva velferdsteknologi er og korleis ulike teknologiar kan nyttast, p\u00e5 det faste avdelingsleiarm\u00f8tet avdelingsleiarane i pleie- og omsorgssektoren har, p\u00e5 einingsm\u00f8ter i heimebaserte tenester samt m\u00f8ter p\u00e5 tingarkontoret. I starten av prosjektperioden vart det informert om velferdsteknologi i Rehabilitering-, Helse- og Omsorgskomiteen (RHO) og Eldrer\u00e5det.<\/p>\n<p>Demensforeininga og R\u00e5det for funksjonshemma har v\u00e6rt kalla inn og delteke p\u00e5 nokre av statusm\u00f8ta, og har vore nytta som referansegrupper. Begge organisasjonane hadde representantar med p\u00e5 workshop i gevinstrealisering.<\/p>\n<p>Velferdsteknologiprogrammet har stilt krav til at erfaringar fr\u00e5 prosjektperioden skal delast med andre kommunar som ikkje er med i det nasjonale programmet. Prosjektleiar og prosjektmedarbeidar har difor delteke p\u00e5 USHT (Utviklingssenter for sykehjem og hjemmetenester) Hordaland, Rogaland og Sogn og Fjordane sine nettverkssamlingar der me har halde innlegg om v\u00e5rt prosjekt og erfaringar me har gjort oss.<\/p>\n","protected":false},"excerpt":{"rendered":"<p>Prosjektleiar og prosjektmedarbeidar har delteke og gitt informasjon om prosjektet; kva velferdsteknologi er og korleis ulike teknologiar kan nyttast, p\u00e5 det faste avdelingsleiarm\u00f8tet avdelingsleiarane i pleie- og omsorgssektoren har, p\u00e5 einingsm\u00f8ter i heimebaserte tenester samt m\u00f8ter p\u00e5 tingarkontoret. I starten av prosjektperioden vart det informert om velferdsteknologi i Rehabilitering-, Helse- og Omsorgskomiteen (RHO) og Eldrer\u00e5det.<\/p>\n","protected":false},"author":18,"featured_media":0,"parent":0,"menu_order":8,"comment_status":"closed","ping_status":"closed","template":"","meta":{"footnotes":""},"jetpack_sharing_enabled":true,"_links":{"self":[{"href":"https:\/\/sk-dokument.no\/velferdsteknologi\/index.php?rest_route=\/wp\/v2\/pages\/25"}],"collection":[{"href":"https:\/\/sk-dokument.no\/velferdsteknologi\/index.php?rest_route=\/wp\/v2\/pages"}],"about":[{"href":"https:\/\/sk-dokument.no\/velferdsteknologi\/index.php?rest_route=\/wp\/v2\/types\/page"}],"author":[{"embeddable":true,"href":"https:\/\/sk-dokument.no\/velferdsteknologi\/index.php?rest_route=\/wp\/v2\/users\/18"}],"replies":[{"embeddable":true,"href":"https:\/\/sk-dokument.no\/velferdsteknologi\/index.php?rest_route=%2Fwp%2Fv2%2Fcomments&post=25"}],"version-history":[{"count":2,"href":"https:\/\/sk-dokument.no\/velferdsteknologi\/index.php?rest_route=\/wp\/v2\/pages\/25\/revisions"}],"predecessor-version":[{"id":201,"href":"https:\/\/sk-dokument.no\/velferdsteknologi\/index.php?rest_route=\/wp\/v2\/pages\/25\/revisions\/201"}],"wp:attachment":[{"href":"https:\/\/sk-dokument.no\/velferdsteknologi\/index.php?rest_route=%2Fwp%2Fv2%2Fmedia&parent=25"}],"curies":[{"name":"wp","href":"https:\/\/api.w.org\/{rel}","templated":true}]}}