{"id":27,"date":"2017-03-17T12:54:15","date_gmt":"2017-03-17T11:54:15","guid":{"rendered":"http:\/\/sk-dokument.no\/velferdsteknologi\/?page_id=27"},"modified":"2017-04-03T09:52:52","modified_gmt":"2017-04-03T07:52:52","slug":"kva-er-kommunale-tenester-kva-er-tenester-etter-helselovgivinga","status":"publish","type":"page","link":"https:\/\/sk-dokument.no\/velferdsteknologi\/?page_id=27","title":{"rendered":"9. Kva er kommunale tenester &#8211; kva er tenester etter helselovgivinga?"},"content":{"rendered":"<p>Det nasjonale velferdsteknologiprogrammet har ikkje konkludert med noko form for felles retningslinjer for kva type velferdsteknologi som er helsetenester. Det ligg heller ikkje f\u00f8ringar opp mot kva som vert dekka gjennom hjelpemiddelsentralen. Det er ei stadig utvikling mot at det som kan kj\u00f8past i vanlege butikkar til ein grei kostnad, fell ut av hjelpemiddelsentralen sine st\u00f8tteordningar, og brukar m\u00e5 kj\u00f8pe dette sj\u00f8lv.<\/p>\n<p>Stord kommune ynskjer framleis \u00e5 tilby tryggleiksalarm utan st\u00f8rre behovsvurdering. Dei som s\u00f8kjer f\u00f8rste gang skal likevel f\u00e5 eit heimebes\u00f8k forut for tildeling. Dette gjer me og for \u00e5 komme i dialog om bustaden har eller kan f\u00e5 minimum livsl\u00f8psstandard. Med basis i dette, synest det \u00e5 vere fornuftig \u00e5 halde fram med at det \u00e5 ha tryggleiksalarm i seg sj\u00f8lv er ei kommunal teneste, og eigenbetaling fr\u00e5 brukar dekker sj\u00f8lvkost b\u00e5de i h\u00f8ve drift og utstyr..<\/p>\n<p>I utpr\u00f8vingsperioden har me sett p\u00e5 det utstyret som var tilgjengeleg, og deretter rekruttert brukarar med \u00abrett behov\u00bb for \u00e5 kunne teste utstyret. N\u00e5r me no er g\u00e5tt over i vanleg drift, handlar det om \u00e5 finne utstyr som kan dekke dei individuelle behova brukaren har.<\/p>\n","protected":false},"excerpt":{"rendered":"<p>Det nasjonale velferdsteknologiprogrammet har ikkje konkludert med noko form for felles retningslinjer for kva type velferdsteknologi som er helsetenester. Det ligg heller ikkje f\u00f8ringar opp mot kva som vert dekka gjennom hjelpemiddelsentralen. Det er ei stadig utvikling mot at det som kan kj\u00f8past i vanlege butikkar til ein grei kostnad, fell ut av hjelpemiddelsentralen sine<\/p>\n","protected":false},"author":18,"featured_media":0,"parent":0,"menu_order":9,"comment_status":"closed","ping_status":"closed","template":"","meta":{"footnotes":""},"jetpack_sharing_enabled":true,"_links":{"self":[{"href":"https:\/\/sk-dokument.no\/velferdsteknologi\/index.php?rest_route=\/wp\/v2\/pages\/27"}],"collection":[{"href":"https:\/\/sk-dokument.no\/velferdsteknologi\/index.php?rest_route=\/wp\/v2\/pages"}],"about":[{"href":"https:\/\/sk-dokument.no\/velferdsteknologi\/index.php?rest_route=\/wp\/v2\/types\/page"}],"author":[{"embeddable":true,"href":"https:\/\/sk-dokument.no\/velferdsteknologi\/index.php?rest_route=\/wp\/v2\/users\/18"}],"replies":[{"embeddable":true,"href":"https:\/\/sk-dokument.no\/velferdsteknologi\/index.php?rest_route=%2Fwp%2Fv2%2Fcomments&post=27"}],"version-history":[{"count":2,"href":"https:\/\/sk-dokument.no\/velferdsteknologi\/index.php?rest_route=\/wp\/v2\/pages\/27\/revisions"}],"predecessor-version":[{"id":202,"href":"https:\/\/sk-dokument.no\/velferdsteknologi\/index.php?rest_route=\/wp\/v2\/pages\/27\/revisions\/202"}],"wp:attachment":[{"href":"https:\/\/sk-dokument.no\/velferdsteknologi\/index.php?rest_route=%2Fwp%2Fv2%2Fmedia&parent=27"}],"curies":[{"name":"wp","href":"https:\/\/api.w.org\/{rel}","templated":true}]}}