{"id":76,"date":"2017-03-28T13:08:08","date_gmt":"2017-03-28T11:08:08","guid":{"rendered":"http:\/\/sk-dokument.no\/velferdsteknologi\/?page_id=76"},"modified":"2017-04-03T09:42:24","modified_gmt":"2017-04-03T07:42:24","slug":"tryggleiksklokker","status":"publish","type":"page","link":"https:\/\/sk-dokument.no\/velferdsteknologi\/?page_id=76","title":{"rendered":"6.7 Tryggleiksklokker"},"content":{"rendered":"<p><img loading=\"lazy\" decoding=\"async\" width=\"191\" height=\"300\" class=\"alignright size-medium wp-image-91\" src=\"http:\/\/sk-dokument.no\/velferdsteknologi\/wp-content\/uploads\/sites\/11\/2017\/03\/klokke-191x300.jpg\" alt=\"\" srcset=\"https:\/\/sk-dokument.no\/velferdsteknologi\/wp-content\/uploads\/sites\/11\/2017\/03\/klokke-191x300.jpg 191w, https:\/\/sk-dokument.no\/velferdsteknologi\/wp-content\/uploads\/sites\/11\/2017\/03\/klokke.jpg 254w\" sizes=\"(max-width: 191px) 100vw, 191px\" \/><\/p>\n<p>Tryggleiksklokkene har vore nytta hovudsakleg i tenestene. Tryggleiksklokka ser ut som eit vanleg armbandsur, men har SIM-kort og kan nyttast til oppkalling av f\u00f8rehands definerte telefonnummer. Me kan legge inn ti nummer som klokka ringer til i prioritert rekkef\u00f8lge. N\u00e5r brukaren trykker p\u00e5 knappen vert det oppn\u00e5dd automatisk tovegskommunikasjon med mottakar av samtalen.<\/p>\n<p>Tryggleiksklokka har vore nytta der ein ser at CareAssist ikkje strekk til med rekkevidde, samt der ein ikkje vil b\u00e6re ein \u00absynleg\u00bb alarm.<\/p>\n<p>Tryggleiksklokka har vore pr\u00f8vd ut hos to brukarar der klokka er kopla opp mot p\u00e5r\u00f8rande. Den eine klokka virka ikkje optimalt og vart avslutta etter kort tid. Den andre klokka har vore pr\u00f8vd ut av ein yngre brukar som ser seg n\u00f8gd med tilbodet der klokka har virka som tiltenkt, og brukaren synes det er godt \u00e5 ha ein alarmfunksjon som ikkje ser ut som ein \u00abstandard\u00bb tryggleiksalarm.<\/p>\n<p>Totalt har ein pr\u00f8vd ut 8 alarmklokker derav 6 stykk i tenestene. Enkeltpersonar kan og s\u00f8ke p\u00e5 tryggleiksklokke via Nav-hjelpemiddelsentral om dei fyller vilk\u00e5ra for hjelpemiddelbehovet.<\/p>\n","protected":false},"excerpt":{"rendered":"<p>Tryggleiksklokkene har vore nytta hovudsakleg i tenestene. Tryggleiksklokka ser ut som eit vanleg armbandsur, men har SIM-kort og kan nyttast til oppkalling av f\u00f8rehands definerte telefonnummer. Me kan legge inn ti nummer som klokka ringer til i prioritert rekkef\u00f8lge. N\u00e5r brukaren trykker p\u00e5 knappen vert det oppn\u00e5dd automatisk tovegskommunikasjon med mottakar av samtalen. Tryggleiksklokka har<\/p>\n","protected":false},"author":18,"featured_media":0,"parent":21,"menu_order":7,"comment_status":"closed","ping_status":"closed","template":"","meta":{"footnotes":""},"jetpack_sharing_enabled":true,"_links":{"self":[{"href":"https:\/\/sk-dokument.no\/velferdsteknologi\/index.php?rest_route=\/wp\/v2\/pages\/76"}],"collection":[{"href":"https:\/\/sk-dokument.no\/velferdsteknologi\/index.php?rest_route=\/wp\/v2\/pages"}],"about":[{"href":"https:\/\/sk-dokument.no\/velferdsteknologi\/index.php?rest_route=\/wp\/v2\/types\/page"}],"author":[{"embeddable":true,"href":"https:\/\/sk-dokument.no\/velferdsteknologi\/index.php?rest_route=\/wp\/v2\/users\/18"}],"replies":[{"embeddable":true,"href":"https:\/\/sk-dokument.no\/velferdsteknologi\/index.php?rest_route=%2Fwp%2Fv2%2Fcomments&post=76"}],"version-history":[{"count":3,"href":"https:\/\/sk-dokument.no\/velferdsteknologi\/index.php?rest_route=\/wp\/v2\/pages\/76\/revisions"}],"predecessor-version":[{"id":194,"href":"https:\/\/sk-dokument.no\/velferdsteknologi\/index.php?rest_route=\/wp\/v2\/pages\/76\/revisions\/194"}],"up":[{"embeddable":true,"href":"https:\/\/sk-dokument.no\/velferdsteknologi\/index.php?rest_route=\/wp\/v2\/pages\/21"}],"wp:attachment":[{"href":"https:\/\/sk-dokument.no\/velferdsteknologi\/index.php?rest_route=%2Fwp%2Fv2%2Fmedia&parent=76"}],"curies":[{"name":"wp","href":"https:\/\/api.w.org\/{rel}","templated":true}]}}